{"id":2186,"date":"2023-06-14T20:59:12","date_gmt":"2023-06-14T18:59:12","guid":{"rendered":"https:\/\/agora.xtec.cat\/iabarcelona\/?page_id=2186"},"modified":"2025-10-31T13:55:39","modified_gmt":"2025-10-31T12:55:39","slug":"beques-ka122-2023-epa-i-fpc","status":"publish","type":"page","link":"https:\/\/agora.xtec.cat\/iabarcelona\/beques-ka122-2023-epa-i-fpc\/","title":{"rendered":"Beques KA122 EPA i FPC"},"content":{"rendered":"<h3><span style=\"font-family: arial, sans-serif;\">Beques Erasmus+ KA122 &#8211; Projecte Li\u00f3, dirigides a:<\/span><\/h3>\n<h4>\u2013\u00a0 2n CFGM Elaboraci\u00f3 de Productes Alimentaris<\/h4>\n<div>\n<h4><span style=\"font-family: arial, sans-serif;\">\u2013\u00a0 2n CFGM Forneria, Pastisseria i Confiteria<\/span><\/h4>\n<\/div>\n<p>&nbsp;<\/p>\n<p><strong>Informaci\u00f3:<\/strong><\/p>\n<p>En els seg\u00fcents documents trobareu informaci\u00f3 sobre l&#8217;estada i les condicions de participaci\u00f3.<\/p>\n<ul>\n<li>Presentaci\u00f3<\/li>\n<li><a href=\"https:\/\/drive.google.com\/file\/d\/1586bYT0jniYRaRvVkBHm31p2tPFYsIOV\/view?usp=drive_link\">Informaci\u00f3 de la beca<\/a><\/li>\n<\/ul>\n<p><strong>Instruccions de participaci\u00f3:<\/strong><\/p>\n<p dir=\"ltr\">Enviar la sol\u00b7licitud al e-mail internacional@<wbr \/>institutaliments.barcelona en el periode indicat a l&#8217;adjunt Informaci\u00f3 de la beca.<\/p>\n<p dir=\"ltr\">En aquest correu heu d&#8217;adjuntar el <a href=\"https:\/\/docs.google.com\/document\/d\/1_AsW25nKwH3UUuO28n_YzII0wFd78t9f\/edit?usp=sharing&amp;ouid=100719140653232527669&amp;rtpof=true&amp;sd=true\"><span style=\"text-decoration: underline;\"><strong>formulari de sol.licitud<\/strong><\/span><\/a> i el vostre document identificatiu tal com indica a la presentaci\u00f3.<\/p>\n<p dir=\"ltr\"><strong>Resoluci\u00f3 de la beca:<\/strong><\/p>\n<ul>\n<li dir=\"ltr\"><a href=\"https:\/\/docs.google.com\/document\/d\/12CpTzREQMjVwqzTQnMKrMIaICQvKXnug\/edit?usp=sharing&amp;ouid=100719140653232527669&amp;rtpof=true&amp;sd=true\">Resoluci\u00f3 beques Erasmus 2526<\/a><\/li>\n<\/ul>\n","protected":false},"excerpt":{"rendered":"<p>Beques Erasmus+ KA122 &#8211; Projecte Li\u00f3, dirigides a:<br \/>\n\u2013\u00a0 2n CFGM Elaboraci\u00f3 de Productes Alimentaris<\/p>\n<p>\u2013\u00a0 2n CFGM Forneria, Pastisseria i Confiteria<\/p>\n<p>&nbsp;<br \/>\nInformaci\u00f3:<br \/>\nEn els seg\u00fcents documents trobareu informaci\u00f3 sobre l&#8217;estada i les condicions de participaci\u00f3.<\/p>\n<ul>\n<li>Presentaci\u00f3<\/li>\n<li><a href=\"https:\/\/drive.google.com\/file\/d\/1586bYT0jniYRaRvVkBHm31p2tPFYsIOV\/view?usp=drive_link\">Informaci\u00f3 de la beca<\/a><\/li>\n<\/ul>\n<p>Instruccions de participaci\u00f3:<br \/>\nEnviar la sol\u00b7licitud al e-mail internacional@institutaliments.barcelona en el&hellip;  <a href=\"https:\/\/agora.xtec.cat\/iabarcelona\/beques-ka122-2023-epa-i-fpc\/\" title=\"Read Beques KA122 EPA i FPC\">Llegeix m\u00e9s\u00bb<\/a><\/p>\n","protected":false},"author":1,"featured_media":0,"parent":0,"menu_order":0,"comment_status":"closed","ping_status":"closed","template":"","meta":{"_bbp_topic_count":0,"_bbp_reply_count":0,"_bbp_total_topic_count":0,"_bbp_total_reply_count":0,"_bbp_voice_count":0,"_bbp_anonymous_reply_count":0,"_bbp_topic_count_hidden":0,"_bbp_reply_count_hidden":0,"_bbp_forum_subforum_count":0,"footnotes":""},"class_list":["post-2186","page","type-page","status-publish","hentry"],"post_mailing_queue_ids":[],"_links":{"self":[{"href":"https:\/\/agora.xtec.cat\/iabarcelona\/wp-json\/wp\/v2\/pages\/2186","targetHints":{"allow":["GET"]}}],"collection":[{"href":"https:\/\/agora.xtec.cat\/iabarcelona\/wp-json\/wp\/v2\/pages"}],"about":[{"href":"https:\/\/agora.xtec.cat\/iabarcelona\/wp-json\/wp\/v2\/types\/page"}],"author":[{"embeddable":true,"href":"https:\/\/agora.xtec.cat\/iabarcelona\/wp-json\/wp\/v2\/users\/1"}],"replies":[{"embeddable":true,"href":"https:\/\/agora.xtec.cat\/iabarcelona\/wp-json\/wp\/v2\/comments?post=2186"}],"version-history":[{"count":6,"href":"https:\/\/agora.xtec.cat\/iabarcelona\/wp-json\/wp\/v2\/pages\/2186\/revisions"}],"predecessor-version":[{"id":13429,"href":"https:\/\/agora.xtec.cat\/iabarcelona\/wp-json\/wp\/v2\/pages\/2186\/revisions\/13429"}],"wp:attachment":[{"href":"https:\/\/agora.xtec.cat\/iabarcelona\/wp-json\/wp\/v2\/media?parent=2186"}],"curies":[{"name":"wp","href":"https:\/\/api.w.org\/{rel}","templated":true}]}}