{"id":1642,"date":"2022-03-15T12:25:12","date_gmt":"2022-03-15T11:25:12","guid":{"rendered":"https:\/\/agora.xtec.cat\/iabarcelona\/?page_id=1642"},"modified":"2023-03-29T02:47:37","modified_gmt":"2023-03-29T00:47:37","slug":"preinscripcio-calendari-resta-alumnat-gm","status":"publish","type":"page","link":"https:\/\/agora.xtec.cat\/iabarcelona\/preinscripcio-calendari-resta-alumnat-gm\/","title":{"rendered":"Preinscripci\u00f3 &#8211; Calendari resta alumnat GM"},"content":{"rendered":"<table width=\"851\" cellspacing=\"0\" cellpadding=\"10\">\n<tbody>\n<tr>\n<td valign=\"top\" bgcolor=\"#87d0f3\" width=\"827\">\n<ol start=\"2\" type=\"A\">\n<li>\n<p lang=\"ca\"><b>PREINSCRIPCI\u00d3 PER LA RESTA D\u2019ALUMNAT <\/b><\/p>\n<\/li>\n<\/ol>\n<\/td>\n<\/tr>\n<\/tbody>\n<\/table>\n<p><strong>B1.- PUBLICACI\u00d3 OFERTA INICIAL PLACES: <\/strong>\u00a0<strong>11 d\u2019abril 2023<\/strong><\/p>\n<p>Publicaci\u00f3 del nombre de places per centre i curs.<\/p>\n<p>&nbsp;<\/p>\n<p><strong>B2.- PRESENTACI\u00d3 DE SOL\u00b7LICITUDS: del 9 al 15 de maig 2023, ambd\u00f3s inclosos. Es pot presentar documentaci\u00f3 fins al 16 de maig de 2023. <\/strong><\/p>\n<p><strong>\u00a0<\/strong><\/p>\n<p>Poden participar en aquest proc\u00e9s:<\/p>\n<p>&nbsp;<\/p>\n<ul>\n<li>Alumnat que ha obtingut el t\u00edtol de l\u2019ESO l\u2019any anterior en qu\u00e8 es presenta la sol\u00b7licitud o que est\u00e0 cursant el 4t curs de l\u2019ESO o el primer de batxillerat i que no ha participat en el proc\u00e9s per l\u2019alumnat amb continu\u00eftat d\u2019escolaritzaci\u00f3, o no ha estat adm\u00e8s en aquesta convocat\u00f2ria.<\/li>\n<li>Alumnat que ha superat un programa de qualificaci\u00f3 professional inicial (PQPI) o de formaci\u00f3 professional b\u00e0sica, o que ha superat o est\u00e0 cursant un cicle formatiu de grau b\u00e0sic i que no ha participat en el proc\u00e9s per a alumnat amb continu\u00eftat d\u2019escolaritzaci\u00f3 o no ha estat adm\u00e8s en aquesta convocat\u00f2ria.<\/li>\n<li>Alumnat que ha cursat o est\u00e0 cursant el curs de formaci\u00f3 espec\u00edfic per a l\u2019acc\u00e9s als cicles de grau mitj\u00e0, ha superat o est\u00e0 inscrit a la prova d\u2019acc\u00e9s (incl\u00f2s si n\u2019est\u00e0 exempt) o t\u00e9 altres requisits d\u2019acc\u00e9s i \u00e9s major de 18 anys; tamb\u00e9 els menors de 18 anys o que compleixen els 18 anys durant l\u2019any en qu\u00e8 es presenta la sol\u00b7licitud de preinscripci\u00f3 que no han participat en el proc\u00e9s per a alumnat amb continu\u00eftat d\u2019escolaritzaci\u00f3, o que no hi han estat admesos.<\/li>\n<li>L\u2019alumnat no esmentat en els apartats anteriors que t\u00e9 els requisits acad\u00e8mics d\u2019acc\u00e9s que estableix la normativa corresponent, per\u00f2 que no reuneixen les condicions establertes en el punt A per presentar la sol\u00b7licitud al proc\u00e9s amb continu\u00eftat d\u2019escolaritzaci\u00f3.<\/li>\n<\/ul>\n<p>&nbsp;<\/p>\n<p><strong>Nom\u00e9s es pot presentar una sol\u00b7licitud de preinscripci\u00f3 per persona, excepte l\u2019alumnat que ha participat en el proc\u00e9s per a alumnat amb continu\u00eftat d\u2019escolaritzaci\u00f3, per\u00f2 no ha estat adm\u00e8s, que tamb\u00e9 pot presentar una sol\u00b7licitud en el proc\u00e9s per a la resta d\u2019alumnat. <\/strong><\/p>\n<p><strong>\u00a0<\/strong><\/p>\n<p><strong>La presentaci\u00f3 de m\u00e9s d\u2019una sol\u00b7licitud, excepte en els casos que es prevegin espec\u00edficament, comporta la invalidaci\u00f3 dels drets de prioritat que puguin correspondre. <\/strong><\/p>\n<p><strong>Nom\u00e9s es poden presentar sol\u00b7licituds per a cursos complets. La matr\u00edcula per cursar cr\u00e8dits o unitats es pot formalitzar directament al centre. <\/strong><\/p>\n<p><strong>\u00a0<\/strong><\/p>\n<p><strong>B3.- PUBLICACI\u00d3 DE LA LLISTA DE SOL\u00b7LICITUDS AMB PUNTUACI\u00d3 PROVISIONAL: 31 de maig 2023, a partir de les 11 hores.<\/strong><\/p>\n<p>Un cop acabat el per\u00edode de presentaci\u00f3 de sol\u00b7licituds, els centres educatius estudien cadascuna de les peticions que han rebut (analitzen les dades, els criteris de prioritat que les fam\u00edlies demanen que es tinguin en compte, i els documents justificatius). Tot seguit, publiquen la <strong>llista de sol\u00b7licituds amb els barems provisionals<\/strong>. En aquesta llista hi ha les sol\u00b7licituds ordenades alfab\u00e8ticament amb la puntuaci\u00f3 que ha rebut cada sol\u00b7licitud en aplicar-hi el barem.<\/p>\n<p>&nbsp;<\/p>\n<p><strong>B4.- PRESENTACI\u00d3 RECLAMACIONS: del 31 de maig al 7 de juny 2023.<\/strong><\/p>\n<p>Durant aquest per\u00edode, pots presentar una reclamaci\u00f3 a l\u2019admissi\u00f3 o exclusi\u00f3 d\u2019aquest proc\u00e9s (utilitzant l\u2019eina electr\u00f2nica per adjuntar reclamacions).<\/p>\n<p>&nbsp;<\/p>\n<p><strong>B5.- PUBLICACI\u00d3 DE LA LLISTA DE SOL\u00b7LICITUDS AMB LA PUNTUACI\u00d3 UN COP RESOLTES LES RECLAMACIONS: \u00a014 de juny 2023.<\/strong><\/p>\n<p>Un cop resoltes totes les reclamacions presentades, el centre publica la llista ordenada de sol\u00b7licituds amb la puntuaci\u00f3 i el n\u00famero de desempat corresponent.<\/p>\n<p>&nbsp;<\/p>\n<p><strong>B6.- SORTEIG N\u00daMERO DE DESEMPAT: \u00a014 de juny 2023, a les 11 hores (Serveis centrals del Departament d\u2019Educaci\u00f3 \u2013 Via Augusta, 202-226, Barcelona). <\/strong><\/p>\n<p>El nombre de places a cada centre \u00e9s limitat. Si el nombre de peticions supera el d\u2019alumnes que pot acollir el centre, cal aplicar un sistema de desempat entre sol\u00b7licituds amb mateixa puntuaci\u00f3. El n\u00famero del sorteig ordena totes les peticions empatades en punts, tenint en compte el n\u00famero de desempat que s\u2019ha assignat a cada sol\u00b7licitud.<\/p>\n<p><strong>\u00a0<\/strong><\/p>\n<p><strong>B7.- PUBLICACI\u00d3 LLISTA ORDENADA: \u00a020 de juny 2023. <\/strong><\/p>\n<p>Despr\u00e9s del sorteig, s\u2019elabora la llista de sol\u00b7licituds per a l\u2019assignaci\u00f3 de places. Per fer aquesta llista, en primer lloc es t\u00e9 en compte la puntuaci\u00f3 de criteris espec\u00edfics de prioritat, de m\u00e9s a menys.<\/p>\n<p>&nbsp;<\/p>\n<p><strong>B8.- PUBLICACI\u00d3 OFERTA FINAL: \u00a030 de juny 2023.<\/strong><\/p>\n<p>Publicaci\u00f3 del nombre definitiu de places per centre i curs, que \u00e9s, el que s\u2019utilitza per a l\u2019assignaci\u00f3 de places.<\/p>\n<p><strong>\u00a0<\/strong><\/p>\n<p><strong>B9.- PUBLICACI\u00d3 LLISTA ALUMNES ADMESOS I LLISTA D\u2019ESPERA: \u00a030 de juny 2023.<\/strong><\/p>\n<p>Finalment, es publica la llista d\u2019alumnes admesos al centre i tamb\u00e9 la llista d\u2019espera.<\/p>\n<p>&nbsp;<\/p>\n<p><strong>B10.- PER\u00cdODE MATR\u00cdCULA ORDIN\u00c0RIA PER ALS ALUMNES PREINSCRITS AMB PLA\u00c7A ASSIGNADA: \u00a0del 3 al 7 de juliol 2023, ambd\u00f3s inclosos.<\/strong><\/p>\n<p>Un cop s\u2019ha publicat la llista final d\u2019alumnes admesos en cada centre, comen\u00e7a el per\u00edode de matriculaci\u00f3 dels preinscrits amb pla\u00e7a assignada.<\/p>\n<p><strong>\u00a0<\/strong><\/p>\n<p><strong>B11.- ACTES P\u00daBLICS DE GESTI\u00d3 DE LA LLISTA D\u2019ESPERA A CADA CENTRE: \u00a020 de juliol 2023.<\/strong><\/p>\n<p>Si queden places vacants, el centre les ofereix en un acte p\u00fablic.<\/p>\n<p>&nbsp;<\/p>\n","protected":false},"excerpt":{"rendered":"<ol start=\"2\" type=\"A\">\n<li>\nPREINSCRIPCI\u00d3 PER LA RESTA D\u2019ALUMNAT\n<\/li>\n<\/ol>\n<p>B1.- PUBLICACI\u00d3 OFERTA INICIAL PLACES: \u00a011 d\u2019abril 2023<br \/>\nPublicaci\u00f3 del nombre de places per centre i curs.<br \/>\n&nbsp;<br \/>\nB2.- PRESENTACI\u00d3 DE SOL\u00b7LICITUDS: del 9 al 15 de maig 2023, ambd\u00f3s inclosos. Es pot presentar documentaci\u00f3 fins al 16 de maig de&hellip;  <a href=\"https:\/\/agora.xtec.cat\/iabarcelona\/preinscripcio-calendari-resta-alumnat-gm\/\" title=\"Read Preinscripci\u00f3 &#8211; Calendari resta alumnat GM\">Llegeix m\u00e9s\u00bb<\/a><\/p>\n","protected":false},"author":1,"featured_media":0,"parent":0,"menu_order":0,"comment_status":"closed","ping_status":"closed","template":"","meta":{"_bbp_topic_count":0,"_bbp_reply_count":0,"_bbp_total_topic_count":0,"_bbp_total_reply_count":0,"_bbp_voice_count":0,"_bbp_anonymous_reply_count":0,"_bbp_topic_count_hidden":0,"_bbp_reply_count_hidden":0,"_bbp_forum_subforum_count":0,"footnotes":""},"class_list":["post-1642","page","type-page","status-publish","hentry"],"post_mailing_queue_ids":[],"_links":{"self":[{"href":"https:\/\/agora.xtec.cat\/iabarcelona\/wp-json\/wp\/v2\/pages\/1642","targetHints":{"allow":["GET"]}}],"collection":[{"href":"https:\/\/agora.xtec.cat\/iabarcelona\/wp-json\/wp\/v2\/pages"}],"about":[{"href":"https:\/\/agora.xtec.cat\/iabarcelona\/wp-json\/wp\/v2\/types\/page"}],"author":[{"embeddable":true,"href":"https:\/\/agora.xtec.cat\/iabarcelona\/wp-json\/wp\/v2\/users\/1"}],"replies":[{"embeddable":true,"href":"https:\/\/agora.xtec.cat\/iabarcelona\/wp-json\/wp\/v2\/comments?post=1642"}],"version-history":[{"count":3,"href":"https:\/\/agora.xtec.cat\/iabarcelona\/wp-json\/wp\/v2\/pages\/1642\/revisions"}],"predecessor-version":[{"id":2070,"href":"https:\/\/agora.xtec.cat\/iabarcelona\/wp-json\/wp\/v2\/pages\/1642\/revisions\/2070"}],"wp:attachment":[{"href":"https:\/\/agora.xtec.cat\/iabarcelona\/wp-json\/wp\/v2\/media?parent=1642"}],"curies":[{"name":"wp","href":"https:\/\/api.w.org\/{rel}","templated":true}]}}