{"id":13326,"date":"2025-06-12T17:08:12","date_gmt":"2025-06-12T15:08:12","guid":{"rendered":"https:\/\/agora.xtec.cat\/iabarcelona\/?page_id=13326"},"modified":"2025-06-12T17:08:12","modified_gmt":"2025-06-12T15:08:12","slug":"publicada-lordre-de-complecio","status":"publish","type":"page","link":"https:\/\/agora.xtec.cat\/iabarcelona\/secretaria\/publicada-lordre-de-complecio\/","title":{"rendered":"Publicada l\u2019ordre de compleci\u00f3"},"content":{"rendered":"<p>El curs 2024 \u2013 2025 ha estat el darrer curs en que s\u2019han pogut cursar els estudis de \u201cpla antic\u201d. Durant el curs 2025-2026, l\u2019<a href=\"https:\/\/cido.diba.cat\/legislacio\/19478447\/ordre-edf742025-de-15-de-maig-del-procediment-per-completar-els-ensenyaments-professionalitzadors-que-sextingeixen-departament-deducacio-i-formacio-professional\" target=\"_blank\" rel=\"noreferrer noopener\">Ordre EDF\/74\/2025, de 15 de maig, del procediment per completar els ensenyaments professionalitzadors que\u00a0s\u2019extingeixen<\/a>\u00a0preveu que no hi haur\u00e0 doc\u00e8ncia. Nom\u00e9s hi haur\u00e0 proves d\u2019avaluaci\u00f3 al novembre i a l\u2019abril (que a m\u00e9s consumeixen convocat\u00f2ria). Si alg\u00fa no aprova totes les UFs pendents, haur\u00e0 de passar a pla nou el curs seg\u00fcent.<\/p>\n<p>Informem a tot l\u2019alumnat i ex-alumnat del centre amb m\u00f2duls i\/o unitats formatives pendents dels cicles formatius LOE extingits que s\u2019hauran de matricular per poder optar a la convocat\u00f2ria d\u2019ex\u00e0mens extraordinaris de compleci\u00f3 al novembre. Caldr\u00e0 emplenar la matr\u00edcula per m\u00f2duls i\/o unitats formatives pendents. Aviat publicarem les dates i els procediments concrets, per\u00f2 els tutors us donaran tota la informaci\u00f3. Estem pendents que es publiquin oficialment els preus p\u00fablics per a la matr\u00edcula de compleci\u00f3.<\/p>\n<p><strong>Compleci\u00f3 d\u2019estudis<\/strong><\/p>\n<p>\u00c9s el procediment establert per l\u2019administraci\u00f3 per completar els ensenyaments de formaci\u00f3 professional que s\u2019extingeixen. Es poden completar els estudis durant els dos cursos seg\u00fcents a l\u2019extinci\u00f3. Est\u00e0 regulat en\u00a0<a href=\"https:\/\/cido.diba.cat\/legislacio\/19478447\/ordre-edf742025-de-15-de-maig-del-procediment-per-completar-els-ensenyaments-professionalitzadors-que-sextingeixen-departament-deducacio-i-formacio-professional\" data-type=\"link\" data-id=\"https:\/\/cido.diba.cat\/legislacio\/19478447\/ordre-edf742025-de-15-de-maig-del-procediment-per-completar-els-ensenyaments-professionalitzadors-que-sextingeixen-departament-deducacio-i-formacio-professional\">Ordre EDF\/74\/2025, de 15 de maig<\/a>.<\/p>\n<p>En el cas del nostre Institut estan afectats estat afectats els estudis de:<\/p>\n<ul class=\"wp-block-list\">\n<li>CFGM Comercialitzaci\u00f3 de Productes Alimentaris<\/li>\n<li>CFGM Elaboracions de Productes Alimentaris<\/li>\n<li>CFGM Forneria Pastisseria i Confiteria<\/li>\n<li>CFGS M\u00e0rqueting i Publicitat<\/li>\n<li>CFGS Processos i Qualitat en la Ind\u00fastria Aliment\u00e0ria<\/li>\n<\/ul>\n<p><strong>Inscripci\u00f3 i matr\u00edcula:<\/strong><\/p>\n<p>La inscripci\u00f3 a les proves d\u2019avaluaci\u00f3 s\u2019ha de dur a terme:<\/p>\n<p><em>De l\u20191 al 15 d\u2019octubre.<br \/>\n<\/em>Permet participar en les convocat\u00f2ries de novembre i d\u2019abril. L\u2019alumnat ha de confirmar, amb antelaci\u00f3, l\u2019assist\u00e8ncia o la ren\u00fancia a la segona convocat\u00f2ria via inst\u00e0ncia adre\u00e7ada al centre per correu electr\u00f2nic a oficines@iticbcn.cat.<\/p>\n<p><em>De l\u20191 al 15 de mar\u00e7.<br \/>\n<\/em>Permet participar en la convocat\u00f2ria d\u2019abril.<\/p>\n<p>Documents que cal presentar per poder-se matricular:<\/p>\n<p>Full de sol\u00b7licitud de matr\u00edcula (link formulari)<br \/>\nFotoc\u00f2pia del DNI (annexada)<br \/>\nIngr\u00e9s del preu p\u00fablic de XX \u20ac per m\u00f2dul\/UF als CFGS (tpv escola). La ren\u00fancia a la convocat\u00f2ria d\u2019abril no implica la devoluci\u00f3 de la matr\u00edcula.<\/p>\n<p>Convocat\u00f2ries:<br \/>\nLes proves d\u2019avaluaci\u00f3 es duran a terme durant els mesos de novembre i abril d\u2019acord amb el calendari publicat a la web del centre:<\/p>\n<p>Per a la convocat\u00f2ria de novembre, entre l\u20191 i el 30 de novembre.<br \/>\nPer a la convocat\u00f2ria d\u2019abril, entre l\u20191 i el 30 d\u2019abril.<\/p>\n<p>Documents que cal presentar per poder-se matricular:<\/p>\n<p>Full de sol\u00b7licitud de matr\u00edcula (descarregar full)<br \/>\nFotoc\u00f2pia del DNI<br \/>\nIngr\u00e9s del preu p\u00fablic de 20 \u20ac per cr\u00e8dit als CFGS (descarregar full ingr\u00e9s)<br \/>\nL\u2019horari d\u2019oficines \u00e9s de 10.00 a 13.00 de dilluns a divendres i de 15.00 a 17.00 de dilluns a dimecres.<\/p>\n","protected":false},"excerpt":{"rendered":"<p>El curs 2024 \u2013 2025 ha estat el darrer curs en que s\u2019han pogut cursar els estudis de \u201cpla antic\u201d. Durant el curs 2025-2026, l\u2019<a href=\"https:\/\/cido.diba.cat\/legislacio\/19478447\/ordre-edf742025-de-15-de-maig-del-procediment-per-completar-els-ensenyaments-professionalitzadors-que-sextingeixen-departament-deducacio-i-formacio-professional\" target=\"_blank\" rel=\"noreferrer noopener\">Ordre EDF\/74\/2025, de 15 de maig, del procediment per completar els ensenyaments professionalitzadors que\u00a0s\u2019extingeixen<\/a>\u00a0preveu que no hi&hellip;  <a href=\"https:\/\/agora.xtec.cat\/iabarcelona\/secretaria\/publicada-lordre-de-complecio\/\" title=\"Read Publicada l\u2019ordre de compleci\u00f3\">Llegeix m\u00e9s\u00bb<\/a><\/p>\n","protected":false},"author":1,"featured_media":0,"parent":922,"menu_order":0,"comment_status":"closed","ping_status":"closed","template":"","meta":{"_bbp_topic_count":0,"_bbp_reply_count":0,"_bbp_total_topic_count":0,"_bbp_total_reply_count":0,"_bbp_voice_count":0,"_bbp_anonymous_reply_count":0,"_bbp_topic_count_hidden":0,"_bbp_reply_count_hidden":0,"_bbp_forum_subforum_count":0,"footnotes":""},"class_list":["post-13326","page","type-page","status-publish","hentry"],"post_mailing_queue_ids":[],"_links":{"self":[{"href":"https:\/\/agora.xtec.cat\/iabarcelona\/wp-json\/wp\/v2\/pages\/13326","targetHints":{"allow":["GET"]}}],"collection":[{"href":"https:\/\/agora.xtec.cat\/iabarcelona\/wp-json\/wp\/v2\/pages"}],"about":[{"href":"https:\/\/agora.xtec.cat\/iabarcelona\/wp-json\/wp\/v2\/types\/page"}],"author":[{"embeddable":true,"href":"https:\/\/agora.xtec.cat\/iabarcelona\/wp-json\/wp\/v2\/users\/1"}],"replies":[{"embeddable":true,"href":"https:\/\/agora.xtec.cat\/iabarcelona\/wp-json\/wp\/v2\/comments?post=13326"}],"version-history":[{"count":1,"href":"https:\/\/agora.xtec.cat\/iabarcelona\/wp-json\/wp\/v2\/pages\/13326\/revisions"}],"predecessor-version":[{"id":13327,"href":"https:\/\/agora.xtec.cat\/iabarcelona\/wp-json\/wp\/v2\/pages\/13326\/revisions\/13327"}],"up":[{"embeddable":true,"href":"https:\/\/agora.xtec.cat\/iabarcelona\/wp-json\/wp\/v2\/pages\/922"}],"wp:attachment":[{"href":"https:\/\/agora.xtec.cat\/iabarcelona\/wp-json\/wp\/v2\/media?parent=13326"}],"curies":[{"name":"wp","href":"https:\/\/api.w.org\/{rel}","templated":true}]}}