{"id":13206,"date":"2025-02-21T16:53:25","date_gmt":"2025-02-21T15:53:25","guid":{"rendered":"https:\/\/agora.xtec.cat\/iabarcelona\/?page_id=13206"},"modified":"2026-03-24T18:14:10","modified_gmt":"2026-03-24T17:14:10","slug":"sol-licitud-de-certificats","status":"publish","type":"page","link":"https:\/\/agora.xtec.cat\/iabarcelona\/secretaria\/tramits\/sol-licitud-de-certificats\/","title":{"rendered":"Sol.licitud de certificats"},"content":{"rendered":"<p>&nbsp;<\/p>\n<p>Per demanar certificats Omplir el seg\u00fcent formulari dins l&#8217;aplicatiu SOAC per alumnat actual i la resta per correu a secretaria@institutaliments.barcelona<\/p>\n<p>La secretaria del centre enviar\u00e0 per mail a l\u2019interessat el document sol\u00b7licitat. Els certificat s\u00f3n nominatius i els ha de sol\u00b7licitar persona titular.<\/p>\n<p>Termini de lliurament de certificats: aproximadament de 15 dies des de l\u2019enviament de tota la documentaci\u00f3 .<\/p>\n<p>Durant els mesos de maig, juny, juliol i setembre el temps de resoluci\u00f3 de la sol\u00b7licitud pot ser m\u00e9s llarg degut al proc\u00e9s de preinscripci\u00f3 i matr\u00edcula del proper curs.<\/p>\n","protected":false},"excerpt":{"rendered":"<p>&nbsp;<br \/>\nPer demanar certificats Omplir el seg\u00fcent formulari dins l&#8217;aplicatiu SOAC per alumnat actual i la resta per correu a secretaria@institutaliments.barcelona<br \/>\nLa secretaria del centre enviar\u00e0 per mail a l\u2019interessat el document sol\u00b7licitat. Els certificat s\u00f3n nominatius i els ha de sol\u00b7licitar persona titular.<br \/>\nTermini de lliurament de&hellip;  <a href=\"https:\/\/agora.xtec.cat\/iabarcelona\/secretaria\/tramits\/sol-licitud-de-certificats\/\" title=\"Read Sol.licitud de certificats\">Llegeix m\u00e9s\u00bb<\/a><\/p>\n","protected":false},"author":1,"featured_media":0,"parent":936,"menu_order":0,"comment_status":"closed","ping_status":"closed","template":"","meta":{"_bbp_topic_count":0,"_bbp_reply_count":0,"_bbp_total_topic_count":0,"_bbp_total_reply_count":0,"_bbp_voice_count":0,"_bbp_anonymous_reply_count":0,"_bbp_topic_count_hidden":0,"_bbp_reply_count_hidden":0,"_bbp_forum_subforum_count":0,"footnotes":""},"class_list":["post-13206","page","type-page","status-publish","hentry"],"post_mailing_queue_ids":[],"_links":{"self":[{"href":"https:\/\/agora.xtec.cat\/iabarcelona\/wp-json\/wp\/v2\/pages\/13206","targetHints":{"allow":["GET"]}}],"collection":[{"href":"https:\/\/agora.xtec.cat\/iabarcelona\/wp-json\/wp\/v2\/pages"}],"about":[{"href":"https:\/\/agora.xtec.cat\/iabarcelona\/wp-json\/wp\/v2\/types\/page"}],"author":[{"embeddable":true,"href":"https:\/\/agora.xtec.cat\/iabarcelona\/wp-json\/wp\/v2\/users\/1"}],"replies":[{"embeddable":true,"href":"https:\/\/agora.xtec.cat\/iabarcelona\/wp-json\/wp\/v2\/comments?post=13206"}],"version-history":[{"count":2,"href":"https:\/\/agora.xtec.cat\/iabarcelona\/wp-json\/wp\/v2\/pages\/13206\/revisions"}],"predecessor-version":[{"id":13492,"href":"https:\/\/agora.xtec.cat\/iabarcelona\/wp-json\/wp\/v2\/pages\/13206\/revisions\/13492"}],"up":[{"embeddable":true,"href":"https:\/\/agora.xtec.cat\/iabarcelona\/wp-json\/wp\/v2\/pages\/936"}],"wp:attachment":[{"href":"https:\/\/agora.xtec.cat\/iabarcelona\/wp-json\/wp\/v2\/media?parent=13206"}],"curies":[{"name":"wp","href":"https:\/\/api.w.org\/{rel}","templated":true}]}}