{"id":13203,"date":"2025-02-21T16:51:28","date_gmt":"2025-02-21T15:51:28","guid":{"rendered":"https:\/\/agora.xtec.cat\/iabarcelona\/?page_id=13203"},"modified":"2026-03-24T18:03:31","modified_gmt":"2026-03-24T17:03:31","slug":"secretaria-tramits-sollicituds-de-titols","status":"publish","type":"page","link":"https:\/\/agora.xtec.cat\/iabarcelona\/secretaria\/tramits\/secretaria-tramits-sollicituds-de-titols\/","title":{"rendered":"Sol\u00b7licituds de T\u00edtols"},"content":{"rendered":"<h3><b>Sol\u00b7licitud de T\u00edtols i Duplicats de t\u00edtols<\/b><\/h3>\n<p>Des del 2 de febrer de 2026, els t\u00edtols dels cicles formatiu de Formaci\u00f3 Professional es tramiten des de RTT.<\/p>\n<p>At\u00e8s que aquests t\u00edtols corresponen a ensenyaments no obligatoris, i a seva tramitaci\u00f3 no s&#8217;inicia d&#8217;ofici sin\u00f3 que \u00e9s el propi alumne qui haur\u00e0 de sol\u00b7licitar el seu t\u00edtol des del tr\u00e0mit espec\u00edfic <span style=\"text-decoration: underline;\"><strong><a href=\"https:\/\/web.gencat.cat\/ca\/tramits\/tramits-temes\/titols-academics-no-universitaris?category=742b7874-a82c-11e3-a972-000c29052e2c\" target=\"_blank\" rel=\"noopener\">Tramitaci\u00f3 de t\u00edtols acad\u00e8mics i professionals no universitaris<\/a>.<\/strong><\/span><\/p>\n<p>Documents informatius:<\/p>\n<ul>\n<li><a href=\"https:\/\/tramits.gencat.cat\/web\/shared\/OVT\/Departaments\/ENS\/TramitOVT\/tramitacio-titols\/sollicitud-primera-expedicio.pdf\" target=\"_blank\" rel=\"noopener\">Com sol.licitar un t\u00edtol per primera vegada?<\/a><\/li>\n<li><a href=\"https:\/\/tramits.gencat.cat\/web\/shared\/OVT\/Departaments\/ENS\/TramitOVT\/tramitacio-titols\/duplicat-actualitzacio.pdf\" target=\"_blank\" rel=\"noopener\">Com demanar un duplicat?<\/a><\/li>\n<\/ul>\n<div class=\"list_needToKnow-group-item-title\"><strong><span class=\"list_needToKnow-group-item-span\" role=\"heading\" aria-level=\"3\">Requisits<\/span><\/strong><\/div>\n<div class=\"wrapper_list_needToKnow-group-article\">\n<div class=\"link-dotted\">\n<div class=\"list_needToKnow-group-item-paragraph\">\n<p>Tenir dret a l&#8217;expedici\u00f3 d&#8217;un dels t\u00edtols especificats, o tenir-ne un d&#8217;expedit, obtingut en un centre educatiu de Catalunya, ja sigui de forma presencial, a dist\u00e0ncia o a trav\u00e9s d&#8217;una prova lliure.<\/p>\n<\/div>\n<\/div>\n<\/div>\n<p><b>Taxes (preus oficials marcats pel Departament d\u2019Educaci\u00f3)<\/b><\/p>\n<p>Consulta les taxes a l&#8217;apartat\u00a0<a title=\"Ves-hi\" href=\"https:\/\/educacio.gencat.cat\/ca\/departament\/normativa\/taxes-preus-publics\/taxes\/#taxa-per-l-expedicio-de-titols-academics-i-professionals\" target=\"_blank\" rel=\"noopener\">Taxa per l&#8217;expedici\u00f3 de t\u00edtols acad\u00e8mics i professionals<\/a> del web del Departament d&#8217;Educaci\u00f3 i Formaci\u00f3 Professional. En aquest enlla\u00e7 tamb\u00e9 seras informat sobre les execmpcions de pagament i bonificacions generals.<\/p>\n<p><b>Recollida del t\u00edtol<\/b><\/p>\n<p>Un cop fets tots els tr\u00e0mits telem\u00e0tics i pagada la taxa del t\u00edtol, l&#8217;institut t&#8217;enviar\u00e0 per correu el resguard del t\u00edtol signat que t\u00e9 validesa legal fins a tenir el t\u00edtol f\u00edsicament.<\/p>\n<p>Secretaria contactar\u00e0 amb l\u2019alumnat quan estigui preparat el t\u00edtol per recollir i haur\u00e0s d&#8217;ensenyar el reguard del t\u00edtol entregat anteriorment.<\/p>\n<p>En cas que el t\u00edtol sigui recollit per part d\u2019una persona diferent a la interessada, caldr\u00e0 presentar una autoritzaci\u00f3 signada per la persona que t\u00e9 dret al t\u00edtol i la fotoc\u00f2pia del document d\u2019identitat del titular del t\u00edtol i de la persona autoritzada.<\/p>\n","protected":false},"excerpt":{"rendered":"<p>Sol\u00b7licitud de T\u00edtols i Duplicats de t\u00edtols<br \/>\nDes del 2 de febrer de 2026, els t\u00edtols dels cicles formatiu de Formaci\u00f3 Professional es tramiten des de RTT.<br \/>\nAt\u00e8s que aquests t\u00edtols corresponen a ensenyaments no obligatoris, i a seva tramitaci\u00f3 no s&#8217;inicia d&#8217;ofici sin\u00f3 que \u00e9s el&hellip;  <a href=\"https:\/\/agora.xtec.cat\/iabarcelona\/secretaria\/tramits\/secretaria-tramits-sollicituds-de-titols\/\" title=\"Read Sol\u00b7licituds de T\u00edtols\">Llegeix m\u00e9s\u00bb<\/a><\/p>\n","protected":false},"author":1,"featured_media":0,"parent":936,"menu_order":0,"comment_status":"closed","ping_status":"closed","template":"","meta":{"_bbp_topic_count":0,"_bbp_reply_count":0,"_bbp_total_topic_count":0,"_bbp_total_reply_count":0,"_bbp_voice_count":0,"_bbp_anonymous_reply_count":0,"_bbp_topic_count_hidden":0,"_bbp_reply_count_hidden":0,"_bbp_forum_subforum_count":0,"footnotes":""},"class_list":["post-13203","page","type-page","status-publish","hentry"],"post_mailing_queue_ids":[],"_links":{"self":[{"href":"https:\/\/agora.xtec.cat\/iabarcelona\/wp-json\/wp\/v2\/pages\/13203","targetHints":{"allow":["GET"]}}],"collection":[{"href":"https:\/\/agora.xtec.cat\/iabarcelona\/wp-json\/wp\/v2\/pages"}],"about":[{"href":"https:\/\/agora.xtec.cat\/iabarcelona\/wp-json\/wp\/v2\/types\/page"}],"author":[{"embeddable":true,"href":"https:\/\/agora.xtec.cat\/iabarcelona\/wp-json\/wp\/v2\/users\/1"}],"replies":[{"embeddable":true,"href":"https:\/\/agora.xtec.cat\/iabarcelona\/wp-json\/wp\/v2\/comments?post=13203"}],"version-history":[{"count":6,"href":"https:\/\/agora.xtec.cat\/iabarcelona\/wp-json\/wp\/v2\/pages\/13203\/revisions"}],"predecessor-version":[{"id":13463,"href":"https:\/\/agora.xtec.cat\/iabarcelona\/wp-json\/wp\/v2\/pages\/13203\/revisions\/13463"}],"up":[{"embeddable":true,"href":"https:\/\/agora.xtec.cat\/iabarcelona\/wp-json\/wp\/v2\/pages\/936"}],"wp:attachment":[{"href":"https:\/\/agora.xtec.cat\/iabarcelona\/wp-json\/wp\/v2\/media?parent=13203"}],"curies":[{"name":"wp","href":"https:\/\/api.w.org\/{rel}","templated":true}]}}

Sol·licituds de Títols

<h3><b>Sol·licitud de Títols i Duplicats de títols</b></h3>
<p>Des del 2 de febrer de 2026, els títols dels cicles formatiu de Formació Professional es tramiten des de RTT.</p>
<p>Atès que aquests títols corresponen a ensenyaments no obligatoris, i a seva tramitació no s&#8217;inicia d&#8217;ofici sinó que és el propi alumne qui haurà de sol·licitar el seu títol des del tràmit específic <span style="text-decoration: underline;"><strong><a href="https://web.gencat.cat/ca/tramits/tramits-temes/titols-academics-no-universitaris?category=742b7874-a82c-11e3-a972-000c29052e2c" target="_blank" rel="noopener">Tramitació de títols acadèmics i professionals no universitaris</a>.</strong></span></p>
<p>Documents informatius:</p>
<ul>
<li><a href="https://tramits.gencat.cat/web/shared/OVT/Departaments/ENS/TramitOVT/tramitacio-titols/sollicitud-primera-expedicio.pdf" target="_blank" rel="noopener">Com sol.licitar un títol per primera vegada?</a></li>
<li><a href="https://tramits.gencat.cat/web/shared/OVT/Departaments/ENS/TramitOVT/tramitacio-titols/duplicat-actualitzacio.pdf" target="_blank" rel="noopener">Com demanar un duplicat?</a></li>
</ul>
<div class="list_needToKnow-group-item-title"><strong><span class="list_needToKnow-group-item-span" role="heading" aria-level="3">Requisits</span></strong></div>
<div class="wrapper_list_needToKnow-group-article">
<div class="link-dotted">
<div class="list_needToKnow-group-item-paragraph">
<p>Tenir dret a l&#8217;expedició d&#8217;un dels títols especificats, o tenir-ne un d&#8217;expedit, obtingut en un centre educatiu de Catalunya, ja sigui de forma presencial, a distància o a través d&#8217;una prova lliure.</p>
</div>
</div>
</div>
<p><b>Taxes (preus oficials marcats pel Departament d’Educació)</b></p>
<p>Consulta les taxes a l&#8217;apartat <a title="Ves-hi" href="https://educacio.gencat.cat/ca/departament/normativa/taxes-preus-publics/taxes/#taxa-per-l-expedicio-de-titols-academics-i-professionals" target="_blank" rel="noopener">Taxa per l&#8217;expedició de títols acadèmics i professionals</a> del web del Departament d&#8217;Educació i Formació Professional. En aquest enllaç també seras informat sobre les execmpcions de pagament i bonificacions generals.</p>
<p><b>Recollida del títol</b></p>
<p>Un cop fets tots els tràmits telemàtics i pagada la taxa del títol, l&#8217;institut t&#8217;enviarà per correu el resguard del títol signat que té validesa legal fins a tenir el títol físicament.</p>
<p>Secretaria contactarà amb l’alumnat quan estigui preparat el títol per recollir i hauràs d&#8217;ensenyar el reguard del títol entregat anteriorment.</p>
<p>En cas que el títol sigui recollit per part d’una persona diferent a la interessada, caldrà presentar una autorització signada per la persona que té dret al títol i la fotocòpia del document d’identitat del titular del títol i de la persona autoritzada.</p>

<p>Sol·licitud de Títols i Duplicats de títols<br />
Des del 2 de febrer de 2026, els títols dels cicles formatiu de Formació Professional es tramiten des de RTT.<br />
Atès que aquests títols corresponen a ensenyaments no obligatoris, i a seva tramitació no s&#8217;inicia d&#8217;ofici sinó que és el&hellip;  <a href="https://agora.xtec.cat/iabarcelona/secretaria/tramits/secretaria-tramits-sollicituds-de-titols/" title="Read Sol·licituds de Títols">Llegeix més»</a></p>
