{"id":11628,"date":"2022-12-31T08:45:43","date_gmt":"2022-12-31T07:45:43","guid":{"rendered":"https:\/\/projectes.xtec.cat\/impulsfp\/?page_id=11628"},"modified":"2022-12-31T08:45:43","modified_gmt":"2022-12-31T07:45:43","slug":"suport-i-mentoring","status":"publish","type":"page","link":"https:\/\/agora.xtec.cat\/iabarcelona\/lexalumnat-4\/suport-i-mentoring\/","title":{"rendered":"Suport a l&#8217;ocupaci\u00f3"},"content":{"rendered":"<p><span style=\"font-size: 10pt;\">Trobar suport i eines per poder potenciar, reorientar i\/o construir el teu projecte professional \u00e9s important, per aix\u00f2, aqu\u00ed trobar\u00e0s alguns element de suport i acompanyaments que poden ajudar-te en aquest viatge laboral i personal.\u00a0<\/span><\/p>\n<p><a href=\"alumnifp\/lexalumnat-4\/suport-i-mentoring\/recerca-de-feina-2\/\"><img loading=\"lazy\" decoding=\"async\" class=\"alignnone wp-image-11629\" src=\"https:\/\/projectes.xtec.cat\/impulsfp\/wp-content\/uploads\/usu2078\/2022\/12\/recerca-de-feina.png\" alt=\"\" width=\"250\" height=\"244\" \/><\/a> <a href=\"alumnifp\/lexalumnat-4\/suport-i-mentoring\/mobilitat-2\/\"><img loading=\"lazy\" decoding=\"async\" class=\"alignnone wp-image-11630\" src=\"https:\/\/projectes.xtec.cat\/impulsfp\/wp-content\/uploads\/usu2078\/2022\/12\/mobilitat.png\" alt=\"\" width=\"266\" height=\"245\" \/><\/a> <a href=\"alumnifp\/lexalumnat-4\/suport-i-mentoring\/orientacio-professional-i-academica-2\/\"><img loading=\"lazy\" decoding=\"async\" class=\"alignnone wp-image-11631\" src=\"https:\/\/projectes.xtec.cat\/impulsfp\/wp-content\/uploads\/usu2078\/2022\/12\/Orientacio-professional-i-academica.png\" alt=\"\" width=\"260\" height=\"245\" \/><\/a><\/p>\n","protected":false},"excerpt":{"rendered":"<p>Trobar suport i eines per poder potenciar, reorientar i\/o construir el teu projecte professional \u00e9s important, per aix\u00f2, aqu\u00ed trobar\u00e0s alguns element de suport i acompanyaments que poden ajudar-te en aquest viatge laboral i personal.\u00a0<br \/>\n<a href=\"alumnifp\/lexalumnat-4\/suport-i-mentoring\/recerca-de-feina-2\/\"><\/a> <a href=\"alumnifp\/lexalumnat-4\/suport-i-mentoring\/mobilitat-2\/\"><\/a> <a href=\"alumnifp\/lexalumnat-4\/suport-i-mentoring\/orientacio-professional-i-academica-2\/\"><\/a><\/p>\n","protected":false},"author":5,"featured_media":0,"parent":11572,"menu_order":0,"comment_status":"closed","ping_status":"closed","template":"page-templates\/side-menu.php","meta":{"_bbp_topic_count":0,"_bbp_reply_count":0,"_bbp_total_topic_count":0,"_bbp_total_reply_count":0,"_bbp_voice_count":0,"_bbp_anonymous_reply_count":0,"_bbp_topic_count_hidden":0,"_bbp_reply_count_hidden":0,"_bbp_forum_subforum_count":0,"footnotes":""},"class_list":["post-11628","page","type-page","status-publish","hentry"],"post_mailing_queue_ids":[],"_links":{"self":[{"href":"https:\/\/agora.xtec.cat\/iabarcelona\/wp-json\/wp\/v2\/pages\/11628","targetHints":{"allow":["GET"]}}],"collection":[{"href":"https:\/\/agora.xtec.cat\/iabarcelona\/wp-json\/wp\/v2\/pages"}],"about":[{"href":"https:\/\/agora.xtec.cat\/iabarcelona\/wp-json\/wp\/v2\/types\/page"}],"author":[{"embeddable":true,"href":"https:\/\/agora.xtec.cat\/iabarcelona\/wp-json\/wp\/v2\/users\/5"}],"replies":[{"embeddable":true,"href":"https:\/\/agora.xtec.cat\/iabarcelona\/wp-json\/wp\/v2\/comments?post=11628"}],"version-history":[{"count":0,"href":"https:\/\/agora.xtec.cat\/iabarcelona\/wp-json\/wp\/v2\/pages\/11628\/revisions"}],"up":[{"embeddable":true,"href":"https:\/\/agora.xtec.cat\/iabarcelona\/wp-json\/wp\/v2\/pages\/11572"}],"wp:attachment":[{"href":"https:\/\/agora.xtec.cat\/iabarcelona\/wp-json\/wp\/v2\/media?parent=11628"}],"curies":[{"name":"wp","href":"https:\/\/api.w.org\/{rel}","templated":true}]}}

Suport a l&#8217;ocupació

<p><span style="font-size: 10pt;">Trobar suport i eines per poder potenciar, reorientar i/o construir el teu projecte professional és important, per això, aquí trobaràs alguns element de suport i acompanyaments que poden ajudar-te en aquest viatge laboral i personal. </span></p>
<p><a href="alumnifp/lexalumnat-4/suport-i-mentoring/recerca-de-feina-2/"><img loading="lazy" decoding="async" class="alignnone wp-image-11629" src="https://projectes.xtec.cat/impulsfp/wp-content/uploads/usu2078/2022/12/recerca-de-feina.png" alt="" width="250" height="244" /></a> <a href="alumnifp/lexalumnat-4/suport-i-mentoring/mobilitat-2/"><img loading="lazy" decoding="async" class="alignnone wp-image-11630" src="https://projectes.xtec.cat/impulsfp/wp-content/uploads/usu2078/2022/12/mobilitat.png" alt="" width="266" height="245" /></a> <a href="alumnifp/lexalumnat-4/suport-i-mentoring/orientacio-professional-i-academica-2/"><img loading="lazy" decoding="async" class="alignnone wp-image-11631" src="https://projectes.xtec.cat/impulsfp/wp-content/uploads/usu2078/2022/12/Orientacio-professional-i-academica.png" alt="" width="260" height="245" /></a></p>

<p>Trobar suport i eines per poder potenciar, reorientar i/o construir el teu projecte professional és important, per això, aquí trobaràs alguns element de suport i acompanyaments que poden ajudar-te en aquest viatge laboral i personal. <br />
<a href="alumnifp/lexalumnat-4/suport-i-mentoring/recerca-de-feina-2/"></a> <a href="alumnifp/lexalumnat-4/suport-i-mentoring/mobilitat-2/"></a> <a href="alumnifp/lexalumnat-4/suport-i-mentoring/orientacio-professional-i-academica-2/"></a></p>
