{"id":8595,"date":"2018-10-09T09:01:45","date_gmt":"2018-10-09T07:01:45","guid":{"rendered":"http:\/\/agora.xtec.cat\/fpdual\/?page_id=8595"},"modified":"2021-04-08T17:53:32","modified_gmt":"2021-04-08T15:53:32","slug":"que-implica-la-dual-per-lempresa","status":"publish","type":"page","link":"https:\/\/agora.xtec.cat\/fpdual\/empresa\/que-implica-la-dual-per-lempresa\/","title":{"rendered":"Qu\u00e8 implica l&#8217;FP dual per a l&#8217;empresa?"},"content":{"rendered":"<p style=\"text-align: justify;\"><a href=\"https:\/\/agora.xtec.cat\/fpdual\/wp-content\/uploads\/usu1832\/2019\/01\/Qu\u00e8-implica-la-dual-per-lempresa-1.png\"><img loading=\"lazy\" decoding=\"async\" class=\"aligncenter wp-image-9536 size-large\" title=\"Qu\u00e8 implica l'FP dual per l'empresa?\" src=\"https:\/\/agora.xtec.cat\/fpdual\/wp-content\/uploads\/usu1832\/2019\/01\/Qu\u00e8-implica-la-dual-per-lempresa-1-410x1024.png\" alt=\"Infografia: Qu\u00e8 implica l'FP dual per l'empresa?\" width=\"410\" height=\"1024\" srcset=\"https:\/\/agora.xtec.cat\/fpdual\/wp-content\/uploads\/usu1832\/2019\/01\/Qu\u00e8-implica-la-dual-per-lempresa-1-410x1024.png 410w, https:\/\/agora.xtec.cat\/fpdual\/wp-content\/uploads\/usu1832\/2019\/01\/Qu\u00e8-implica-la-dual-per-lempresa-1-120x300.png 120w, https:\/\/agora.xtec.cat\/fpdual\/wp-content\/uploads\/usu1832\/2019\/01\/Qu\u00e8-implica-la-dual-per-lempresa-1-768x1920.png 768w, https:\/\/agora.xtec.cat\/fpdual\/wp-content\/uploads\/usu1832\/2019\/01\/Qu\u00e8-implica-la-dual-per-lempresa-1.png 800w\" sizes=\"auto, (max-width: 410px) 100vw, 410px\" \/><\/a><\/p>\n<h2 style=\"text-align: center;\">Per a sol\u00b7licitar m\u00e9s informaci\u00f3 empleneu el seg\u00fcent <a href=\"https:\/\/docs.google.com\/forms\/d\/e\/1FAIpQLSc1orQ6RvTMFkAXF14ATp7yzXEyFOv-0EqGVV2-FF5XHtmqgg\/viewform?vc=0&amp;c=0&amp;w=1&amp;flr=0&amp;gxids=7628\"><strong>formulari<\/strong><\/a><\/h2>\n","protected":false},"excerpt":{"rendered":"<p><a href=\"https:\/\/agora.xtec.cat\/fpdual\/wp-content\/uploads\/usu1832\/2019\/01\/Qu\u00e8-implica-la-dual-per-lempresa-1.png\"><\/a><br \/>\nPer a sol\u00b7licitar m\u00e9s informaci\u00f3 empleneu el seg\u00fcent <a href=\"https:\/\/docs.google.com\/forms\/d\/e\/1FAIpQLSc1orQ6RvTMFkAXF14ATp7yzXEyFOv-0EqGVV2-FF5XHtmqgg\/viewform?vc=0&amp;c=0&amp;w=1&amp;flr=0&amp;gxids=7628\">formulari<\/a><\/p>\n","protected":false},"author":3,"featured_media":0,"parent":806,"menu_order":20,"comment_status":"closed","ping_status":"closed","template":"page-templates\/side-menu.php","meta":{"_bbp_topic_count":0,"_bbp_reply_count":0,"_bbp_total_topic_count":0,"_bbp_total_reply_count":0,"_bbp_voice_count":0,"_bbp_anonymous_reply_count":0,"_bbp_topic_count_hidden":0,"_bbp_reply_count_hidden":0,"_bbp_forum_subforum_count":0,"footnotes":""},"class_list":["post-8595","page","type-page","status-publish","hentry"],"post_mailing_queue_ids":[],"_links":{"self":[{"href":"https:\/\/agora.xtec.cat\/fpdual\/wp-json\/wp\/v2\/pages\/8595","targetHints":{"allow":["GET"]}}],"collection":[{"href":"https:\/\/agora.xtec.cat\/fpdual\/wp-json\/wp\/v2\/pages"}],"about":[{"href":"https:\/\/agora.xtec.cat\/fpdual\/wp-json\/wp\/v2\/types\/page"}],"author":[{"embeddable":true,"href":"https:\/\/agora.xtec.cat\/fpdual\/wp-json\/wp\/v2\/users\/3"}],"replies":[{"embeddable":true,"href":"https:\/\/agora.xtec.cat\/fpdual\/wp-json\/wp\/v2\/comments?post=8595"}],"version-history":[{"count":4,"href":"https:\/\/agora.xtec.cat\/fpdual\/wp-json\/wp\/v2\/pages\/8595\/revisions"}],"predecessor-version":[{"id":12593,"href":"https:\/\/agora.xtec.cat\/fpdual\/wp-json\/wp\/v2\/pages\/8595\/revisions\/12593"}],"up":[{"embeddable":true,"href":"https:\/\/agora.xtec.cat\/fpdual\/wp-json\/wp\/v2\/pages\/806"}],"wp:attachment":[{"href":"https:\/\/agora.xtec.cat\/fpdual\/wp-json\/wp\/v2\/media?parent=8595"}],"curies":[{"name":"wp","href":"https:\/\/api.w.org\/{rel}","templated":true}]}}