{"id":8542,"date":"2018-09-26T11:58:25","date_gmt":"2018-09-26T09:58:25","guid":{"rendered":"http:\/\/agora.xtec.cat\/fpdual\/?page_id=8542"},"modified":"2026-03-05T19:59:28","modified_gmt":"2026-03-05T18:59:28","slug":"consulta-convenis","status":"publish","type":"page","link":"https:\/\/agora.xtec.cat\/fpdual\/centre\/consulta-convenis\/","title":{"rendered":"Consulta convenis. Empreses que participen en l&#8217;FP dual intensiva"},"content":{"rendered":"<p><a href=\"https:\/\/presidencia.gencat.cat\/ca\/ambits_d_actuacio\/relacions-institucionals\/registre-de-convenis-de-collaboracio-i-cooperacio\/\" target=\"_blank\" rel=\"noopener\"><span style=\"text-decoration: underline;\"><strong><span style=\"color: #0000ff; text-decoration: underline;\">Consulta de convenis i acords subscrits per la Generalitat de Catalunya<\/span><\/strong><\/span><\/a>.<\/p>\n<p>Dades actualitzades pel mes actual.<\/p>\n<h2 style=\"text-align: center;\">Per sol\u00b7licitar m\u00e9s informaci\u00f3 empleneu el seg\u00fcent <a href=\"https:\/\/docs.google.com\/forms\/d\/e\/1FAIpQLSc1orQ6RvTMFkAXF14ATp7yzXEyFOv-0EqGVV2-FF5XHtmqgg\/viewform?vc=0&amp;c=0&amp;w=1&amp;flr=0&amp;gxids=7628\"><strong>formulari<\/strong><\/a><\/h2>\n<p><iframe loading=\"lazy\" title=\"dualempreses\" src=\"https:\/\/app.powerbi.com\/view?r=eyJrIjoiYzdlZjY0YzktOWYzMi00N2FiLWJjNmUtNDUyZWRkZDkwNjE3IiwidCI6IjNiOTQyN2RjLWQzMGUtNDNiYy04YzA2LWZmNzI1MzY3NmZlYyIsImMiOjh9\" width=\"100%\" height=\"1200px\" frameborder=\"0\" allowfullscreen=\"allowfullscreen\"><\/iframe><br \/>\n<iframe loading=\"lazy\" src=\"https:\/\/edumet.cat\/areatac\/presentacions\/index_json.php?ID=1TIjfO37lAZp2tHVoNalMrD-0K5kCI7DTM0-2hXPPf_A&amp;config=Empreses\" width=\"100%\" height=\"1150px\"><\/iframe><\/p>\n","protected":false},"excerpt":{"rendered":"<p><a href=\"https:\/\/presidencia.gencat.cat\/ca\/ambits_d_actuacio\/relacions-institucionals\/registre-de-convenis-de-collaboracio-i-cooperacio\/\" target=\"_blank\" rel=\"noopener\">Consulta de convenis i acords subscrits per la Generalitat de Catalunya<\/a>.<br \/>\nDades actualitzades pel mes actual.<br \/>\nPer sol\u00b7licitar m\u00e9s informaci\u00f3 empleneu el seg\u00fcent <a href=\"https:\/\/docs.google.com\/forms\/d\/e\/1FAIpQLSc1orQ6RvTMFkAXF14ATp7yzXEyFOv-0EqGVV2-FF5XHtmqgg\/viewform?vc=0&amp;c=0&amp;w=1&amp;flr=0&amp;gxids=7628\">formulari<\/a><\/p>\n","protected":false},"author":2,"featured_media":0,"parent":19065,"menu_order":30,"comment_status":"closed","ping_status":"closed","template":"page-templates\/side-menu.php","meta":{"_bbp_topic_count":0,"_bbp_reply_count":0,"_bbp_total_topic_count":0,"_bbp_total_reply_count":0,"_bbp_voice_count":0,"_bbp_anonymous_reply_count":0,"_bbp_topic_count_hidden":0,"_bbp_reply_count_hidden":0,"_bbp_forum_subforum_count":0,"footnotes":""},"class_list":["post-8542","page","type-page","status-publish","hentry"],"post_mailing_queue_ids":[],"_links":{"self":[{"href":"https:\/\/agora.xtec.cat\/fpdual\/wp-json\/wp\/v2\/pages\/8542","targetHints":{"allow":["GET"]}}],"collection":[{"href":"https:\/\/agora.xtec.cat\/fpdual\/wp-json\/wp\/v2\/pages"}],"about":[{"href":"https:\/\/agora.xtec.cat\/fpdual\/wp-json\/wp\/v2\/types\/page"}],"author":[{"embeddable":true,"href":"https:\/\/agora.xtec.cat\/fpdual\/wp-json\/wp\/v2\/users\/2"}],"replies":[{"embeddable":true,"href":"https:\/\/agora.xtec.cat\/fpdual\/wp-json\/wp\/v2\/comments?post=8542"}],"version-history":[{"count":8,"href":"https:\/\/agora.xtec.cat\/fpdual\/wp-json\/wp\/v2\/pages\/8542\/revisions"}],"predecessor-version":[{"id":19869,"href":"https:\/\/agora.xtec.cat\/fpdual\/wp-json\/wp\/v2\/pages\/8542\/revisions\/19869"}],"up":[{"embeddable":true,"href":"https:\/\/agora.xtec.cat\/fpdual\/wp-json\/wp\/v2\/pages\/19065"}],"wp:attachment":[{"href":"https:\/\/agora.xtec.cat\/fpdual\/wp-json\/wp\/v2\/media?parent=8542"}],"curies":[{"name":"wp","href":"https:\/\/api.w.org\/{rel}","templated":true}]}}