{"id":8468,"date":"2018-09-19T14:00:27","date_gmt":"2018-09-19T12:00:27","guid":{"rendered":"http:\/\/agora.xtec.cat\/fpdual\/?page_id=8468"},"modified":"2020-09-08T17:27:06","modified_gmt":"2020-09-08T15:27:06","slug":"a-qui-sadreca","status":"publish","type":"page","link":"https:\/\/agora.xtec.cat\/fpdual\/que-es-la-formacio-professional-dual\/a-qui-sadreca\/","title":{"rendered":"A qui s&#8217;adre\u00e7a?"},"content":{"rendered":"<table style=\"width: 100%; border-collapse: collapse; border-style: hidden; background-color: #ffffff; border-color: #ffffff;\">\n<tbody>\n<tr style=\"border-style: hidden;\">\n<td style=\"width: 25%;\"><a style=\"color: #000000;\" href=\"https:\/\/agora.xtec.cat\/fpdual\/empresa\/beneficis-de-lfp-dual\/\"><img loading=\"lazy\" decoding=\"async\" class=\"size-full wp-image-8690 aligncenter\" src=\"https:\/\/agora.xtec.cat\/fpdual\/wp-content\/uploads\/usu1832\/2018\/10\/IconEmpresa.png\" alt=\"\" width=\"174\" height=\"177\" \/><\/a><\/td>\n<td style=\"width: 75%; border-style: hidden;\"><span style=\"color: #000000; line-height: 1.5; font-size: 1.1em;\"> <span style=\"font-size: medium;\"> A les empreses que vulguin involucrar-se activament en el proc\u00e9s formatiu dels futurs professionals per tal de detectar talent i disposar aix\u00ed d\u2019un sistema de selecci\u00f3 i provisi\u00f3 de personal qualificat m\u00e9s adaptat a les seves tecnologies i processos productius.<\/span><\/span><\/td>\n<\/tr>\n<tr style=\"border-style: hidden; border-color: #fcfcfc; background-color: #fcfcfc;\">\n<td style=\"width: 25%;\"><a href=\"https:\/\/agora.xtec.cat\/fpdual\/centres-educatius\/beneficis-de-lfp-dual-pel-centre-educatiu\/\"><img loading=\"lazy\" decoding=\"async\" class=\"size-full wp-image-8692 aligncenter\" src=\"https:\/\/agora.xtec.cat\/fpdual\/wp-content\/uploads\/usu1832\/2018\/10\/IconCentre.png\" alt=\"\" width=\"175\" height=\"180\" \/><\/a><\/td>\n<td style=\"width: 75%; border-style: hidden;\"><span style=\"color: #000000; line-height: 1.5; font-size: 1.1em;\"> <span style=\"font-size: medium;\"> A la persona\/entitat titular del centre docent que valori desenvolupar la formaci\u00f3 professional en modalitat dual.\u00a0<\/span><\/span><\/td>\n<\/tr>\n<tr style=\"border-style: hidden;\">\n<td style=\"width: 25%;\"><a href=\"https:\/\/agora.xtec.cat\/fpdual\/aprenent-alumne\/beneficis-de-lfp-dual\/\"><img loading=\"lazy\" decoding=\"async\" class=\"size-full wp-image-8691 aligncenter\" src=\"https:\/\/agora.xtec.cat\/fpdual\/wp-content\/uploads\/usu1832\/2018\/10\/IconAprenent.png\" alt=\"\" width=\"225\" height=\"220\" \/><\/a><\/td>\n<td style=\"width: 75%; border-style: hidden;\"><span style=\"color: #000000; line-height: 1.5; font-size: 1.1em;\"><span style=\"color: #000000; line-height: 1.5; font-size: 1.1em;\">\u00a0<\/span><\/span><\/p>\n<p style=\"text-align: justify;\"><span style=\"color: #000000;\"><span style=\"font-family: Arial, sans-serif; line-height: 1.5; font-size: 1.1em;\"> <span style=\"font-size: medium;\"> A l\u2019alumnat de Formaci\u00f3 Professional disposat a compatibilitzar la formaci\u00f3 i una activitat a l\u2019empresa relacionada amb la seva formaci\u00f3. Es recomana la majoria d\u2019edat en determinats entorns.<\/span><\/span><\/span><\/p>\n<\/td>\n<\/tr>\n<\/tbody>\n<\/table>\n<p>&nbsp;<\/p>\n","protected":false},"excerpt":{"rendered":"<p><a style=\"color: #000000;\" href=\"https:\/\/agora.xtec.cat\/fpdual\/empresa\/beneficis-de-lfp-dual\/\"><\/a><br \/>\n  A les empreses que vulguin involucrar-se activament en el proc\u00e9s formatiu dels futurs professionals per tal de detectar talent i disposar aix\u00ed d\u2019un sistema de selecci\u00f3 i provisi\u00f3 de personal qualificat m\u00e9s adaptat a les seves tecnologies i processos productius.<\/p>\n<p><a&hellip;  <a href=\"https:\/\/agora.xtec.cat\/fpdual\/que-es-la-formacio-professional-dual\/a-qui-sadreca\/\" title=\"Read A qui s&#8217;adre\u00e7a?\">Llegeix m\u00e9s\u00bb<\/a><\/p>\n","protected":false},"author":3,"featured_media":0,"parent":8459,"menu_order":3,"comment_status":"closed","ping_status":"closed","template":"page-templates\/side-menu.php","meta":{"_bbp_topic_count":0,"_bbp_reply_count":0,"_bbp_total_topic_count":0,"_bbp_total_reply_count":0,"_bbp_voice_count":0,"_bbp_anonymous_reply_count":0,"_bbp_topic_count_hidden":0,"_bbp_reply_count_hidden":0,"_bbp_forum_subforum_count":0,"footnotes":""},"class_list":["post-8468","page","type-page","status-publish","hentry"],"post_mailing_queue_ids":[],"_links":{"self":[{"href":"https:\/\/agora.xtec.cat\/fpdual\/wp-json\/wp\/v2\/pages\/8468","targetHints":{"allow":["GET"]}}],"collection":[{"href":"https:\/\/agora.xtec.cat\/fpdual\/wp-json\/wp\/v2\/pages"}],"about":[{"href":"https:\/\/agora.xtec.cat\/fpdual\/wp-json\/wp\/v2\/types\/page"}],"author":[{"embeddable":true,"href":"https:\/\/agora.xtec.cat\/fpdual\/wp-json\/wp\/v2\/users\/3"}],"replies":[{"embeddable":true,"href":"https:\/\/agora.xtec.cat\/fpdual\/wp-json\/wp\/v2\/comments?post=8468"}],"version-history":[{"count":3,"href":"https:\/\/agora.xtec.cat\/fpdual\/wp-json\/wp\/v2\/pages\/8468\/revisions"}],"predecessor-version":[{"id":10989,"href":"https:\/\/agora.xtec.cat\/fpdual\/wp-json\/wp\/v2\/pages\/8468\/revisions\/10989"}],"up":[{"embeddable":true,"href":"https:\/\/agora.xtec.cat\/fpdual\/wp-json\/wp\/v2\/pages\/8459"}],"wp:attachment":[{"href":"https:\/\/agora.xtec.cat\/fpdual\/wp-json\/wp\/v2\/media?parent=8468"}],"curies":[{"name":"wp","href":"https:\/\/api.w.org\/{rel}","templated":true}]}}

A qui s&#8217;adreça?

<table style="width: 100%; border-collapse: collapse; border-style: hidden; background-color: #ffffff; border-color: #ffffff;">
<tbody>
<tr style="border-style: hidden;">
<td style="width: 25%;"><a style="color: #000000;" href="https://agora.xtec.cat/fpdual/empresa/beneficis-de-lfp-dual/"><img loading="lazy" decoding="async" class="size-full wp-image-8690 aligncenter" src="https://agora.xtec.cat/fpdual/wp-content/uploads/usu1832/2018/10/IconEmpresa.png" alt="" width="174" height="177" /></a></td>
<td style="width: 75%; border-style: hidden;"><span style="color: #000000; line-height: 1.5; font-size: 1.1em;"> <span style="font-size: medium;"> A les empreses que vulguin involucrar-se activament en el procés formatiu dels futurs professionals per tal de detectar talent i disposar així d’un sistema de selecció i provisió de personal qualificat més adaptat a les seves tecnologies i processos productius.</span></span></td>
</tr>
<tr style="border-style: hidden; border-color: #fcfcfc; background-color: #fcfcfc;">
<td style="width: 25%;"><a href="https://agora.xtec.cat/fpdual/centres-educatius/beneficis-de-lfp-dual-pel-centre-educatiu/"><img loading="lazy" decoding="async" class="size-full wp-image-8692 aligncenter" src="https://agora.xtec.cat/fpdual/wp-content/uploads/usu1832/2018/10/IconCentre.png" alt="" width="175" height="180" /></a></td>
<td style="width: 75%; border-style: hidden;"><span style="color: #000000; line-height: 1.5; font-size: 1.1em;"> <span style="font-size: medium;"> A la persona/entitat titular del centre docent que valori desenvolupar la formació professional en modalitat dual. </span></span></td>
</tr>
<tr style="border-style: hidden;">
<td style="width: 25%;"><a href="https://agora.xtec.cat/fpdual/aprenent-alumne/beneficis-de-lfp-dual/"><img loading="lazy" decoding="async" class="size-full wp-image-8691 aligncenter" src="https://agora.xtec.cat/fpdual/wp-content/uploads/usu1832/2018/10/IconAprenent.png" alt="" width="225" height="220" /></a></td>
<td style="width: 75%; border-style: hidden;"><span style="color: #000000; line-height: 1.5; font-size: 1.1em;"><span style="color: #000000; line-height: 1.5; font-size: 1.1em;"> </span></span></p>
<p style="text-align: justify;"><span style="color: #000000;"><span style="font-family: Arial, sans-serif; line-height: 1.5; font-size: 1.1em;"> <span style="font-size: medium;"> A l’alumnat de Formació Professional disposat a compatibilitzar la formació i una activitat a l’empresa relacionada amb la seva formació. Es recomana la majoria d’edat en determinats entorns.</span></span></span></p>
</td>
</tr>
</tbody>
</table>
<p>&nbsp;</p>

<p><a style="color: #000000;" href="https://agora.xtec.cat/fpdual/empresa/beneficis-de-lfp-dual/"></a><br />
  A les empreses que vulguin involucrar-se activament en el procés formatiu dels futurs professionals per tal de detectar talent i disposar així d’un sistema de selecció i provisió de personal qualificat més adaptat a les seves tecnologies i processos productius.</p>
<p><a&hellip;  <a href="https://agora.xtec.cat/fpdual/que-es-la-formacio-professional-dual/a-qui-sadreca/" title="Read A qui s&#8217;adreça?">Llegeix més»</a></p>
