{"id":806,"date":"2015-11-28T21:29:55","date_gmt":"2015-11-28T20:29:55","guid":{"rendered":"http:\/\/agora.xtec.cat\/fpdual\/?page_id=806"},"modified":"2023-05-30T13:16:00","modified_gmt":"2023-05-30T11:16:00","slug":"empresa","status":"publish","type":"page","link":"https:\/\/agora.xtec.cat\/fpdual\/empresa\/","title":{"rendered":"Empresa"},"content":{"rendered":"<style>#contingut, #descripcio, #video, .text, #lema, #imatgedual, #textformulari { width: 100%; display: block; float: left; }\n#divesquerra, #divdreta { display: block; float: left; width: 50%; }\n#imatgedual, #lema, #video, #textformulari { text-align: center; }\n#imatgedual img { width: 50%;  margin-bottom: 2em; }\n.text { text-align: justify;  margin-bottom: 3em; font-size: large; }\n.strongtext { text-align: center;  margin-bottom: 1em; font-size: x-large; font-weight: bold; }\n#lema { font-weight: bold; font-size: 3em; margin-bottom: 1em; }\n#textformulari { font-weight: bold; font-size: xx-large; margin-bottom: 1em; color: #c00000; padding: 0em 1em; }\n#video { margin-bottom: 3em; }\n@media screen and (max-width: 600px) { #divesquerra, #divdreta { width: 100%; }\n}<\/style>\n<div id=\"contingut\">\n<div id=\"divesquerra\">\n<div id=\"descripcio\">\n<div id=\"lema\">Crea i incorpora talent<\/div>\n<div class=\"text\">En l&#8217;FP dual l\u2019estudiant esdev\u00e9 aprenent i combina la formaci\u00f3 en el centre educatiu amb l\u2019activitat a l\u2019empresa.<\/div>\n<div id=\"imatgedual\"><img decoding=\"async\" src=\"https:\/\/agora.xtec.cat\/fpdual\/wp-content\/uploads\/usu1832\/2022\/04\/Iconografia.jpg\" \/><\/div>\n<div class=\"strongtext\">Aprofita l&#8217;oportunitat d&#8217;acollir alumnes en modalitat dual a la teva empresa!<\/div>\n<\/div>\n<div class=\"text\">En aquest apartat les empreses poden accedir a tota la informaci\u00f3 referent a l\u2019FP dual: els beneficis de l\u2019FP dual per les empreses, el que implica, com poden participar, quines empreses ja hi participen, els enlla\u00e7os d\u2019inter\u00e8s i les preguntes m\u00e9s freq\u00fcents.<\/div>\n<div id=\"video\"><iframe loading=\"lazy\" src=\"\/\/www.youtube.com\/embed\/GNP_7ohACZM\" width=\"100%\" height=\"300\" allowfullscreen=\"allowfullscreen\"><\/iframe><\/div>\n<\/div>\n<div id=\"divdreta\">\n<div id=\"textformulari\">Deixa les teves dades i t&#8217;ajudarem a trobar el perfil que necessites<\/div>\n<p><iframe loading=\"lazy\" src=\"https:\/\/docs.google.com\/forms\/d\/e\/1FAIpQLSc1orQ6RvTMFkAXF14ATp7yzXEyFOv-0EqGVV2-FF5XHtmqgg\/viewform?embedded=true\" width=\"100%\" height=\"2000\" frameborder=\"0\" marginwidth=\"0\" marginheight=\"0\">S&#8217;est\u00e0 carregant\u2026<\/iframe><\/p>\n<\/div>\n<\/div>\n","protected":false},"excerpt":{"rendered":"<p>#contingut, #descripcio, #video, .text, #lema, #imatgedual, #textformulari { width: 100%; display: block; float: left; }<br \/>\n#divesquerra, #divdreta { display: block; float: left; width: 50%; }<br \/>\n#imatgedual, #lema, #video, #textformulari { text-align: center; }<br \/>\n#imatgedual img { width: 50%;  margin-bottom: 2em; }<br \/>\n.text { text-align: justify;  margin-bottom: 3em;&hellip;  <a href=\"https:\/\/agora.xtec.cat\/fpdual\/empresa\/\" title=\"Read Empresa\">Llegeix m\u00e9s\u00bb<\/a><\/p>\n","protected":false},"author":1,"featured_media":0,"parent":0,"menu_order":5,"comment_status":"closed","ping_status":"closed","template":"page-templates\/side-menu.php","meta":{"_bbp_topic_count":0,"_bbp_reply_count":0,"_bbp_total_topic_count":0,"_bbp_total_reply_count":0,"_bbp_voice_count":0,"_bbp_anonymous_reply_count":0,"_bbp_topic_count_hidden":0,"_bbp_reply_count_hidden":0,"_bbp_forum_subforum_count":0,"footnotes":""},"class_list":["post-806","page","type-page","status-publish","hentry"],"post_mailing_queue_ids":[],"_links":{"self":[{"href":"https:\/\/agora.xtec.cat\/fpdual\/wp-json\/wp\/v2\/pages\/806","targetHints":{"allow":["GET"]}}],"collection":[{"href":"https:\/\/agora.xtec.cat\/fpdual\/wp-json\/wp\/v2\/pages"}],"about":[{"href":"https:\/\/agora.xtec.cat\/fpdual\/wp-json\/wp\/v2\/types\/page"}],"author":[{"embeddable":true,"href":"https:\/\/agora.xtec.cat\/fpdual\/wp-json\/wp\/v2\/users\/1"}],"replies":[{"embeddable":true,"href":"https:\/\/agora.xtec.cat\/fpdual\/wp-json\/wp\/v2\/comments?post=806"}],"version-history":[{"count":3,"href":"https:\/\/agora.xtec.cat\/fpdual\/wp-json\/wp\/v2\/pages\/806\/revisions"}],"predecessor-version":[{"id":16934,"href":"https:\/\/agora.xtec.cat\/fpdual\/wp-json\/wp\/v2\/pages\/806\/revisions\/16934"}],"wp:attachment":[{"href":"https:\/\/agora.xtec.cat\/fpdual\/wp-json\/wp\/v2\/media?parent=806"}],"curies":[{"name":"wp","href":"https:\/\/api.w.org\/{rel}","templated":true}]}}