{"id":2030,"date":"2017-08-30T20:55:04","date_gmt":"2017-08-30T18:55:04","guid":{"rendered":"http:\/\/agora.xtec.cat\/insesturo-roquetes\/?page_id=2030"},"modified":"2017-08-30T20:55:04","modified_gmt":"2017-08-30T18:55:04","slug":"normes-dorganitzacio-i-funcionament-nofc","status":"publish","type":"page","link":"https:\/\/agora.xtec.cat\/form0109\/projecte-educatiu\/normes-dorganitzacio-i-funcionament-nofc\/","title":{"rendered":"Normes d&#8217;organitzaci\u00f3 i funcionament (NOFC)"},"content":{"rendered":"<p>La Normativa d\u2019Organitzaci\u00f3 i Funcionament de Centre de l\u2019Institut escola Tur\u00f3 de Roquetes<br \/>\nt\u00e9 com a missi\u00f3 concretar una estructura organitzativa i funcional a l\u2019Institut<br \/>\nescola, i proveir-lo d\u2019unes normes consensuades de funcionament dels recursos humans,<br \/>\nmaterials i funcionals que facilitin la conviv\u00e8ncia i l\u2019organitzaci\u00f3 entre els<br \/>\nmembres de la comunitat educativa.<br \/>\nVol donar resposta a les necessitats de la comunitat educativa de dotar-se d\u2019unes<br \/>\nnormes que regulen de forma coherent i comuna l\u2019adquisici\u00f3 d\u2019h\u00e0bits de conviv\u00e8ncia i<br \/>\nde respecte en la seva forma d\u2019actuar, i evitar arbitrarietats en l\u2019aplicaci\u00f3 indiscriminada<br \/>\nde la normativa, garantint, aix\u00ed, els drets i les llibertats fonamentals de tots els seus<br \/>\nmembres.<\/p>\n<p>A continuaci\u00f3 es poden veure, una vegada es clica, o les NOFC completa o cadascun dels T\u00edtols:<\/p>\n<p><a title=\"NOFC Completa\" href=\"https:\/\/drive.google.com\/file\/d\/0Bz0Jn3imQ6TIM2s4ZDVqQ2k1N3c\/view?usp=sharing\" target=\"_blank\" rel=\"noopener noreferrer\">NOFC Complet<\/a><\/p>\n<p><a href=\"https:\/\/drive.google.com\/file\/d\/0Bz0Jn3imQ6TINDFOd2c2Ti1OLWc\/view?usp=sharing\" target=\"_blank\" rel=\"noopener noreferrer\">Portada<br \/>\n<\/a><a href=\"https:\/\/drive.google.com\/file\/d\/0Bz0Jn3imQ6TIS0dmZjdMZER2Tkk\/view?usp=sharing\" target=\"_blank\" rel=\"noopener noreferrer\">\u00cdndex de T\u00edtols<br \/>\n<\/a><a href=\"https:\/\/drive.google.com\/open?id=0Bz0Jn3imQ6TIbUVxeXVOblljNDA\" target=\"_blank\" rel=\"noopener noreferrer\">\u00cdndex<br \/>\n<\/a><a href=\"https:\/\/drive.google.com\/open?id=0Bz0Jn3imQ6TIQWVlM01rUlNHeUU\" target=\"_blank\" rel=\"noopener noreferrer\">Gesti\u00f3 de la programaci\u00f3<br \/>\n<\/a><a href=\"https:\/\/drive.google.com\/open?id=0Bz0Jn3imQ6TIelJsS0tSUi13TDg\" target=\"_blank\" rel=\"noopener noreferrer\">T\u00edtol I &#8211; Introducci\u00f3<br \/>\n<\/a><a href=\"https:\/\/drive.google.com\/open?id=0Bz0Jn3imQ6TITTlJS2R6NEIwMDg\" target=\"_blank\" rel=\"noopener noreferrer\">T\u00edtol II &#8211; Concreci\u00f3 de les previsions del Projecte Educatiu<br \/>\n<\/a><a href=\"https:\/\/drive.google.com\/open?id=0Bz0Jn3imQ6TIdmhITDh6TWxIMmM\" target=\"_blank\" rel=\"noopener noreferrer\">Organigrama del Centre<br \/>\n<\/a><a href=\"https:\/\/drive.google.com\/open?id=0Bz0Jn3imQ6TIdi10cmxqaER6ek0\" target=\"_blank\" rel=\"noopener noreferrer\">T\u00edtol III &#8211; Estructura d&#8217;Organitzaci\u00f3 i Gesti\u00f3 del Centre<br \/>\n<\/a><a href=\"https:\/\/drive.google.com\/open?id=0Bz0Jn3imQ6TIV3dBYVBucFh6YXc\" target=\"_blank\" rel=\"noopener noreferrer\">T\u00edtol IV &#8211; Gesti\u00f3 del Centre<br \/>\n<\/a><a href=\"https:\/\/drive.google.com\/open?id=0Bz0Jn3imQ6TIaS1uaDJRd0h0Z1U\" target=\"_blank\" rel=\"noopener noreferrer\">T\u00edtol V &#8211; Recursos Humans<br \/>\n<\/a><a href=\"https:\/\/drive.google.com\/open?id=0Bz0Jn3imQ6TITmtBb19PVFA0MFU\" target=\"_blank\" rel=\"noopener noreferrer\">T\u00edtol VI &#8211; Organitzaci\u00f3 de l&#8217;Ensenyament<br \/>\n<\/a><a href=\"https:\/\/drive.google.com\/open?id=0Bz0Jn3imQ6TIaUlmTlIzZGlhQk0\" target=\"_blank\" rel=\"noopener noreferrer\">T\u00edtol VII &#8211; Normes de Conviv\u00e8ncia i Funcionament<br \/>\n<\/a><a href=\"https:\/\/drive.google.com\/open?id=0Bz0Jn3imQ6TIQzlxZDBtZ2lVRkU\" target=\"_blank\" rel=\"noopener noreferrer\">T\u00edtol VIII &#8211; R\u00e8gim Disciplinari<br \/>\n<\/a><a href=\"https:\/\/drive.google.com\/open?id=0Bz0Jn3imQ6TIcjhzaUI1WkVSSVU\" target=\"_blank\" rel=\"noopener noreferrer\">T\u00edtol IX &#8211; \u00das de les Instal\u00b7lacions<br \/>\n<\/a><a href=\"https:\/\/drive.google.com\/open?id=0Bz0Jn3imQ6TISkl0ck5fT2xwLWs\" target=\"_blank\" rel=\"noopener noreferrer\">Disposicions Finals<\/a><\/p>\n<p>Annexos<br \/>\n<a href=\"https:\/\/drive.google.com\/open?id=0Bz0Jn3imQ6TIWnU1eE4tTC1jV1E\" target=\"_blank\" rel=\"noopener noreferrer\">Annex 1 &#8211; Normes Generals de Convivi\u00e8ncia<br \/>\n<\/a><a href=\"https:\/\/drive.google.com\/open?id=0Bz0Jn3imQ6TITDVHQ0t3RHIzSWM\" target=\"_blank\" rel=\"noopener noreferrer\">Annex 2 &#8211; Normativa Educat 2.0<br \/>\n<\/a><a href=\"https:\/\/drive.google.com\/open?id=0Bz0Jn3imQ6TINW9ScmpDQlF5R3M\" target=\"_blank\" rel=\"noopener noreferrer\">Annex 3 &#8211; Carta de comprom\u00eds educatiu<br \/>\n<\/a><a href=\"https:\/\/drive.google.com\/open?id=0Bz0Jn3imQ6TIYTZ2YW5yTG9vbHM\" target=\"_blank\" rel=\"noopener noreferrer\">Annex 4 &#8211; Conductes disruptives Infantil i Prim\u00e0ria<br \/>\n<\/a><a href=\"https:\/\/drive.google.com\/open?id=0Bz0Jn3imQ6TITlVuT21jemlMTDQ\" target=\"_blank\" rel=\"noopener noreferrer\">Annex 5 &#8211; Conductes disruptives Secund\u00e0ria<\/a><\/p>\n<p>&nbsp;<\/p>\n","protected":false},"excerpt":{"rendered":"<p>La Normativa d\u2019Organitzaci\u00f3 i Funcionament de Centre de l\u2019Institut escola Tur\u00f3 de Roquetes t\u00e9 com a missi\u00f3 concretar una estructura [&hellip;]<\/p>\n","protected":false},"author":1,"featured_media":0,"parent":64,"menu_order":0,"comment_status":"closed","ping_status":"closed","template":"page-templates\/side-menu.php","meta":{"site-sidebar-layout":"default","site-content-layout":"","ast-site-content-layout":"","site-content-style":"default","site-sidebar-style":"default","ast-global-header-display":"","ast-banner-title-visibility":"","ast-main-header-display":"","ast-hfb-above-header-display":"","ast-hfb-below-header-display":"","ast-hfb-mobile-header-display":"","site-post-title":"","ast-breadcrumbs-content":"","ast-featured-img":"","footer-sml-layout":"","theme-transparent-header-meta":"","adv-header-id-meta":"","stick-header-meta":"","header-above-stick-meta":"","header-main-stick-meta":"","header-below-stick-meta":"","astra-migrate-meta-layouts":"default","ast-page-background-enabled":"default","ast-page-background-meta":{"desktop":{"background-color":"var(--ast-global-color-4)","background-image":"","background-repeat":"repeat","background-position":"center center","background-size":"auto","background-attachment":"scroll","background-type":"","background-media":"","overlay-type":"","overlay-color":"","overlay-opacity":"","overlay-gradient":""},"tablet":{"background-color":"","background-image":"","background-repeat":"repeat","background-position":"center center","background-size":"auto","background-attachment":"scroll","background-type":"","background-media":"","overlay-type":"","overlay-color":"","overlay-opacity":"","overlay-gradient":""},"mobile":{"background-color":"","background-image":"","background-repeat":"repeat","background-position":"center center","background-size":"auto","background-attachment":"scroll","background-type":"","background-media":"","overlay-type":"","overlay-color":"","overlay-opacity":"","overlay-gradient":""}},"ast-content-background-meta":{"desktop":{"background-color":"var(--ast-global-color-5)","background-image":"","background-repeat":"repeat","background-position":"center center","background-size":"auto","background-attachment":"scroll","background-type":"","background-media":"","overlay-type":"","overlay-color":"","overlay-opacity":"","overlay-gradient":""},"tablet":{"background-color":"var(--ast-global-color-5)","background-image":"","background-repeat":"repeat","background-position":"center center","background-size":"auto","background-attachment":"scroll","background-type":"","background-media":"","overlay-type":"","overlay-color":"","overlay-opacity":"","overlay-gradient":""},"mobile":{"background-color":"var(--ast-global-color-5)","background-image":"","background-repeat":"repeat","background-position":"center center","background-size":"auto","background-attachment":"scroll","background-type":"","background-media":"","overlay-type":"","overlay-color":"","overlay-opacity":"","overlay-gradient":""}},"footnotes":""},"class_list":["post-2030","page","type-page","status-publish","hentry"],"post_mailing_queue_ids":[],"_links":{"self":[{"href":"https:\/\/agora.xtec.cat\/form0109\/wp-json\/wp\/v2\/pages\/2030","targetHints":{"allow":["GET"]}}],"collection":[{"href":"https:\/\/agora.xtec.cat\/form0109\/wp-json\/wp\/v2\/pages"}],"about":[{"href":"https:\/\/agora.xtec.cat\/form0109\/wp-json\/wp\/v2\/types\/page"}],"author":[{"embeddable":true,"href":"https:\/\/agora.xtec.cat\/form0109\/wp-json\/wp\/v2\/users\/1"}],"replies":[{"embeddable":true,"href":"https:\/\/agora.xtec.cat\/form0109\/wp-json\/wp\/v2\/comments?post=2030"}],"version-history":[{"count":0,"href":"https:\/\/agora.xtec.cat\/form0109\/wp-json\/wp\/v2\/pages\/2030\/revisions"}],"up":[{"embeddable":true,"href":"https:\/\/agora.xtec.cat\/form0109\/wp-json\/wp\/v2\/pages\/64"}],"wp:attachment":[{"href":"https:\/\/agora.xtec.cat\/form0109\/wp-json\/wp\/v2\/media?parent=2030"}],"curies":[{"name":"wp","href":"https:\/\/api.w.org\/{rel}","templated":true}]}}