{"id":32,"date":"2014-09-18T12:31:33","date_gmt":"2014-09-18T10:31:33","guid":{"rendered":"http:\/\/agora.xtec.cat\/escvilaolimpica\/?page_id=32"},"modified":"2025-01-20T10:36:18","modified_gmt":"2025-01-20T09:36:18","slug":"temps-de-lleure-2","status":"publish","type":"page","link":"https:\/\/agora.xtec.cat\/escvilaolimpica\/temps-de-lleure-2\/","title":{"rendered":"TEMPS DE LLEURE"},"content":{"rendered":"<p>La relaci\u00f3 escola-fam\u00edlia \u00e9s clau. Promou un clima de respecte mutu i voluntat de millora conjunta. Els canals de comunicaci\u00f3 i participaci\u00f3 de les fam\u00edlies en l\u2019educaci\u00f3 dels seus fills i filles s\u00f3n reunions individuals amb els tutors, reunions d\u2019aula, de coordinaci\u00f3 amb l\u2019Ampa (junta i comissions) i amb el Consell Escolar.<\/p>\n<p>Des de l\u2019escola s\u2019afavoreix la participaci\u00f3 de les fam\u00edlies en activitats d\u2019aula a tots els nivells i a les reunions de delegats d\u2019aula que recullen el sentir de totes elles i el fer de l\u2019escola, a trav\u00e9s de les seves trobades amb l\u2019Equip Directiu.<\/p>\n<p>L\u2019escola disposa d\u2019un servei d\u2019acollida de mat\u00ed i tarda i activitats extraescolars organitzades per l\u2019AMPA en col\u00b7laboraci\u00f3 amb l\u2019ED.<\/p>\n<p>El servei Temps de Migdia es troba en sintonia amb el projecte educatiu, fomenta l\u2019aprenentatge del fet nutricional i social de menjar amb companyia, aix\u00ed com de la gesti\u00f3 del temps lliure.<\/p>\n<p>Hi ha una participaci\u00f3 activa en la Xarxa d\u2019aprenentatge AeX de la zona escolar, per compartir, reflexionar, participar conjuntament en activitats pedag\u00f2giques i valorar els diferents projectes escolars de la zona.<\/p>\n","protected":false},"excerpt":{"rendered":"<p>La relaci\u00f3 escola-fam\u00edlia \u00e9s clau. Promou un clima de respecte mutu i voluntat de millora conjunta. Els canals de comunicaci\u00f3 [&hellip;]<\/p>\n","protected":false},"author":1,"featured_media":0,"parent":0,"menu_order":3,"comment_status":"closed","ping_status":"closed","template":"","meta":{"_bbp_topic_count":0,"_bbp_reply_count":0,"_bbp_total_topic_count":0,"_bbp_total_reply_count":0,"_bbp_voice_count":0,"_bbp_anonymous_reply_count":0,"_bbp_topic_count_hidden":0,"_bbp_reply_count_hidden":0,"_bbp_forum_subforum_count":0,"site-sidebar-layout":"default","site-content-layout":"","ast-site-content-layout":"","site-content-style":"default","site-sidebar-style":"default","ast-global-header-display":"","ast-banner-title-visibility":"","ast-main-header-display":"","ast-hfb-above-header-display":"","ast-hfb-below-header-display":"","ast-hfb-mobile-header-display":"","site-post-title":"","ast-breadcrumbs-content":"","ast-featured-img":"","footer-sml-layout":"","theme-transparent-header-meta":"","adv-header-id-meta":"","stick-header-meta":"","header-above-stick-meta":"","header-main-stick-meta":"","header-below-stick-meta":"","astra-migrate-meta-layouts":"default","ast-page-background-enabled":"default","ast-page-background-meta":{"desktop":{"background-color":"var(--ast-global-color-4)","background-image":"","background-repeat":"repeat","background-position":"center center","background-size":"auto","background-attachment":"scroll","background-type":"","background-media":"","overlay-type":"","overlay-color":"","overlay-opacity":"","overlay-gradient":""},"tablet":{"background-color":"","background-image":"","background-repeat":"repeat","background-position":"center center","background-size":"auto","background-attachment":"scroll","background-type":"","background-media":"","overlay-type":"","overlay-color":"","overlay-opacity":"","overlay-gradient":""},"mobile":{"background-color":"","background-image":"","background-repeat":"repeat","background-position":"center center","background-size":"auto","background-attachment":"scroll","background-type":"","background-media":"","overlay-type":"","overlay-color":"","overlay-opacity":"","overlay-gradient":""}},"ast-content-background-meta":{"desktop":{"background-color":"var(--ast-global-color-5)","background-image":"","background-repeat":"repeat","background-position":"center center","background-size":"auto","background-attachment":"scroll","background-type":"","background-media":"","overlay-type":"","overlay-color":"","overlay-opacity":"","overlay-gradient":""},"tablet":{"background-color":"var(--ast-global-color-5)","background-image":"","background-repeat":"repeat","background-position":"center center","background-size":"auto","background-attachment":"scroll","background-type":"","background-media":"","overlay-type":"","overlay-color":"","overlay-opacity":"","overlay-gradient":""},"mobile":{"background-color":"var(--ast-global-color-5)","background-image":"","background-repeat":"repeat","background-position":"center center","background-size":"auto","background-attachment":"scroll","background-type":"","background-media":"","overlay-type":"","overlay-color":"","overlay-opacity":"","overlay-gradient":""}},"footnotes":""},"class_list":["post-32","page","type-page","status-publish","hentry"],"post_mailing_queue_ids":[],"_links":{"self":[{"href":"https:\/\/agora.xtec.cat\/escvilaolimpica\/wp-json\/wp\/v2\/pages\/32","targetHints":{"allow":["GET"]}}],"collection":[{"href":"https:\/\/agora.xtec.cat\/escvilaolimpica\/wp-json\/wp\/v2\/pages"}],"about":[{"href":"https:\/\/agora.xtec.cat\/escvilaolimpica\/wp-json\/wp\/v2\/types\/page"}],"author":[{"embeddable":true,"href":"https:\/\/agora.xtec.cat\/escvilaolimpica\/wp-json\/wp\/v2\/users\/1"}],"replies":[{"embeddable":true,"href":"https:\/\/agora.xtec.cat\/escvilaolimpica\/wp-json\/wp\/v2\/comments?post=32"}],"version-history":[{"count":5,"href":"https:\/\/agora.xtec.cat\/escvilaolimpica\/wp-json\/wp\/v2\/pages\/32\/revisions"}],"predecessor-version":[{"id":933,"href":"https:\/\/agora.xtec.cat\/escvilaolimpica\/wp-json\/wp\/v2\/pages\/32\/revisions\/933"}],"wp:attachment":[{"href":"https:\/\/agora.xtec.cat\/escvilaolimpica\/wp-json\/wp\/v2\/media?parent=32"}],"curies":[{"name":"wp","href":"https:\/\/api.w.org\/{rel}","templated":true}]}}