{"id":28,"date":"2014-09-18T12:29:35","date_gmt":"2014-09-18T10:29:35","guid":{"rendered":"http:\/\/agora.xtec.cat\/escvilaolimpica\/?page_id=28"},"modified":"2025-01-21T12:28:15","modified_gmt":"2025-01-21T11:28:15","slug":"projectes-i-activitats","status":"publish","type":"page","link":"https:\/\/agora.xtec.cat\/escvilaolimpica\/escola\/projectes-i-activitats\/","title":{"rendered":"PROJECTES I ACTIVITATS"},"content":{"rendered":"<ul>\n<li>Projecte Bombeta. Projecte d\u2019est\u00edmul de la curiositat cient\u00edfica a Educaci\u00f3 Infantil. Els nens i nenes aprenen manipulant i experimentant en equip. A la prim\u00e0ria experimenten segons el m\u00e8tode cient\u00edfic i el Pla de Ci\u00e8ncia Indagadora en angl\u00e8s, tracten temes sobre rob\u00f2tica.<\/li>\n<li>Projecte de lectura vinculat a la biblioteca escolar.<\/li>\n<li><a href=\"http:\/\/artisticavolimpica.blogspot.com\/\">Projectes art\u00edstics transversals<\/a>. Pl\u00e0stica, m\u00fasica i expressi\u00f3 corporal vinculades a les festes tradicionals. Hi participa tot l\u2019alumnat i professorat.<\/li>\n<li><a href=\"https:\/\/www.auditori.cat\/es\/cantania\">Cant\u00e0nia<\/a>, projecte de cant coral a Catalunya.<\/li>\n<li><a href=\"http:\/\/ajuntament.barcelona.cat\/ciutateducadora\/ca\/projectes\/dansa-ara-0\">Dansa Ara<\/a>, dansa conjunta. Catalunya.<\/li>\n<li>Flic Flac Circ, treball corporal basat en el circ. Barcelona.<\/li>\n<li><a href=\"https:\/\/www.fundacionvicenteferrer.org\/schooltoschool\/\">School to School<\/a>\u00a0(Fundaci\u00f3 Vicente Ferrer). Projecte solidari amb escoles de l\u2019\u00cdndia.<\/li>\n<li><a href=\"http:\/\/lameva.barcelona.cat\/barcelonasostenible\/ca\/escoles-sostenibles\">Escoles+Sostenibles<\/a>. Programa municipal per a la sostenibilitat. Inclou \u201cEns ho mengem tot\u201d, una iniciativa sobre malbaratament d\u2019aliments.<\/li>\n<li><a href=\"https:\/\/www.edubcn.cat\/ca\/noticies\/detall?54329\" target=\"_blank\" rel=\"noopener noreferrer\">Refugis Clim\u00e0tics a les escoles<\/a>. Projecte \u201cAdaptar escoles al canvi clim\u00e0tic a trav\u00e9s del verd, el blau i el gris\u201d,\u00a0 finan\u00e7at i promogut pel Urban Innovation Action (UIA), un programa de la Comissi\u00f3 Europea i l\u2019Ajuntament de Barcelona, amb l\u2019objectiu de convertir l\u2019escola en un\u00a0refugi clim\u00e0tic obert implementant solucions tradicionals contra la calor dels edificis i transformant els patis introduint\u00a0 vegetaci\u00f3, punts d\u2019aigua i espais d\u2019ombra.<\/li>\n<li><a href=\"http:\/\/ajuntament.barcelona.cat\/educacio\/ca\/camins-escolars\">Camins escolars<\/a>. Zona escolar i Ajuntament de Barcelona. Tracta sobre l\u2019autonomia de l\u2019alumnat i la col\u00b7laboraci\u00f3 dels agents implicats, fam\u00edlia i entitats.<\/li>\n<li><a href=\"http:\/\/ajuntament.barcelona.cat\/comerciescoles\/\">El comer\u00e7 i les escoles<\/a>.\u00a0Promou el coneixement de l\u2019entorn cultural, social i hist\u00f2ric a trav\u00e9s del comer\u00e7 de proximitat, amb l\u2019objectiu de crear una cultura de consum cr\u00edtic i responsable des de ben petits.<\/li>\n<li><a href=\"http:\/\/ajuntament.barcelona.cat\/educacio\/ca\/patis-escolars-oberts-al-barri\">Patis escolars oberts al barri<\/a>. Els patis escolars de la ciutat s\u2019obren com a espai d\u2019\u00fas p\u00fablic per a fam\u00edlies, infants i adolescents fora d\u2019horari escolar, en cap de setmana i en per\u00edode de vacances escolar.<\/li>\n<li><a href=\"https:\/\/sites.google.com\/a\/xtec.cat\/aex\/\">Aprenem en Xarxa<\/a>\u00a0(AeX)<\/li>\n<li><a href=\"https:\/\/www.bancdelsaliments.org\/es\/\">Banc dels aliments<\/a><\/li>\n<li><a href=\"http:\/\/volimpica5e.wixsite.com\/globalscholars\">Global Scholars<\/a><\/li>\n<\/ul>\n","protected":false},"excerpt":{"rendered":"<p>Projecte Bombeta. Projecte d\u2019est\u00edmul de la curiositat cient\u00edfica a Educaci\u00f3 Infantil. Els nens i nenes aprenen manipulant i experimentant en [&hellip;]<\/p>\n","protected":false},"author":1,"featured_media":0,"parent":22,"menu_order":5,"comment_status":"closed","ping_status":"closed","template":"","meta":{"_bbp_topic_count":0,"_bbp_reply_count":0,"_bbp_total_topic_count":0,"_bbp_total_reply_count":0,"_bbp_voice_count":0,"_bbp_anonymous_reply_count":0,"_bbp_topic_count_hidden":0,"_bbp_reply_count_hidden":0,"_bbp_forum_subforum_count":0,"site-sidebar-layout":"default","site-content-layout":"","ast-site-content-layout":"default","site-content-style":"default","site-sidebar-style":"default","ast-global-header-display":"","ast-banner-title-visibility":"","ast-main-header-display":"","ast-hfb-above-header-display":"","ast-hfb-below-header-display":"","ast-hfb-mobile-header-display":"","site-post-title":"","ast-breadcrumbs-content":"","ast-featured-img":"","footer-sml-layout":"","theme-transparent-header-meta":"default","adv-header-id-meta":"","stick-header-meta":"","header-above-stick-meta":"","header-main-stick-meta":"","header-below-stick-meta":"","astra-migrate-meta-layouts":"set","ast-page-background-enabled":"default","ast-page-background-meta":{"desktop":{"background-color":"var(--ast-global-color-4)","background-image":"","background-repeat":"repeat","background-position":"center center","background-size":"auto","background-attachment":"scroll","background-type":"","background-media":"","overlay-type":"","overlay-color":"","overlay-opacity":"","overlay-gradient":""},"tablet":{"background-color":"","background-image":"","background-repeat":"repeat","background-position":"center center","background-size":"auto","background-attachment":"scroll","background-type":"","background-media":"","overlay-type":"","overlay-color":"","overlay-opacity":"","overlay-gradient":""},"mobile":{"background-color":"","background-image":"","background-repeat":"repeat","background-position":"center center","background-size":"auto","background-attachment":"scroll","background-type":"","background-media":"","overlay-type":"","overlay-color":"","overlay-opacity":"","overlay-gradient":""}},"ast-content-background-meta":{"desktop":{"background-color":"var(--ast-global-color-5)","background-image":"","background-repeat":"repeat","background-position":"center center","background-size":"auto","background-attachment":"scroll","background-type":"","background-media":"","overlay-type":"","overlay-color":"","overlay-opacity":"","overlay-gradient":""},"tablet":{"background-color":"var(--ast-global-color-5)","background-image":"","background-repeat":"repeat","background-position":"center center","background-size":"auto","background-attachment":"scroll","background-type":"","background-media":"","overlay-type":"","overlay-color":"","overlay-opacity":"","overlay-gradient":""},"mobile":{"background-color":"var(--ast-global-color-5)","background-image":"","background-repeat":"repeat","background-position":"center center","background-size":"auto","background-attachment":"scroll","background-type":"","background-media":"","overlay-type":"","overlay-color":"","overlay-opacity":"","overlay-gradient":""}},"footnotes":""},"class_list":["post-28","page","type-page","status-publish","hentry"],"post_mailing_queue_ids":[],"_links":{"self":[{"href":"https:\/\/agora.xtec.cat\/escvilaolimpica\/wp-json\/wp\/v2\/pages\/28","targetHints":{"allow":["GET"]}}],"collection":[{"href":"https:\/\/agora.xtec.cat\/escvilaolimpica\/wp-json\/wp\/v2\/pages"}],"about":[{"href":"https:\/\/agora.xtec.cat\/escvilaolimpica\/wp-json\/wp\/v2\/types\/page"}],"author":[{"embeddable":true,"href":"https:\/\/agora.xtec.cat\/escvilaolimpica\/wp-json\/wp\/v2\/users\/1"}],"replies":[{"embeddable":true,"href":"https:\/\/agora.xtec.cat\/escvilaolimpica\/wp-json\/wp\/v2\/comments?post=28"}],"version-history":[{"count":6,"href":"https:\/\/agora.xtec.cat\/escvilaolimpica\/wp-json\/wp\/v2\/pages\/28\/revisions"}],"predecessor-version":[{"id":1064,"href":"https:\/\/agora.xtec.cat\/escvilaolimpica\/wp-json\/wp\/v2\/pages\/28\/revisions\/1064"}],"up":[{"embeddable":true,"href":"https:\/\/agora.xtec.cat\/escvilaolimpica\/wp-json\/wp\/v2\/pages\/22"}],"wp:attachment":[{"href":"https:\/\/agora.xtec.cat\/escvilaolimpica\/wp-json\/wp\/v2\/media?parent=28"}],"curies":[{"name":"wp","href":"https:\/\/api.w.org\/{rel}","templated":true}]}}