{"id":944,"date":"2017-01-18T15:53:12","date_gmt":"2017-01-18T14:53:12","guid":{"rendered":"http:\/\/agora.xtec.cat\/escvilamar\/?page_id=944"},"modified":"2023-02-28T17:03:39","modified_gmt":"2023-02-28T16:03:39","slug":"dades","status":"publish","type":"page","link":"https:\/\/agora.xtec.cat\/escvilamar\/dades\/","title":{"rendered":"Dades"},"content":{"rendered":"<p>Dades de l&#8217;AMPA:<\/p>\n<p>El correu electr\u00f2nic de l&#8217;AMPA \u00e9s: ampaescolavilamar@gmail.com<br \/>\nHorari d&#8217;atenci\u00f3 al p\u00fablic: a concretar <strong>nom\u00e9s amb cita pr\u00e8via<\/strong><br \/>\nNom de la presidenta: Laura Garc\u00eda<\/p>\n","protected":false},"excerpt":{"rendered":"<p>Dades de l&#8217;AMPA:<br \/>\nEl correu electr\u00f2nic de l&#8217;AMPA \u00e9s: ampaescolavilamar@gmail.com<br \/>\nHorari d&#8217;atenci\u00f3 al p\u00fablic: a concretar nom\u00e9s amb cita pr\u00e8via<br \/>\nNom de la presidenta: Laura Garc\u00eda<\/p>\n","protected":false},"author":1,"featured_media":0,"parent":0,"menu_order":0,"comment_status":"closed","ping_status":"closed","template":"","meta":{"_bbp_topic_count":0,"_bbp_reply_count":0,"_bbp_total_topic_count":0,"_bbp_total_reply_count":0,"_bbp_voice_count":0,"_bbp_anonymous_reply_count":0,"_bbp_topic_count_hidden":0,"_bbp_reply_count_hidden":0,"_bbp_forum_subforum_count":0,"footnotes":""},"class_list":["post-944","page","type-page","status-publish","hentry"],"post_mailing_queue_ids":[],"_links":{"self":[{"href":"https:\/\/agora.xtec.cat\/escvilamar\/wp-json\/wp\/v2\/pages\/944","targetHints":{"allow":["GET"]}}],"collection":[{"href":"https:\/\/agora.xtec.cat\/escvilamar\/wp-json\/wp\/v2\/pages"}],"about":[{"href":"https:\/\/agora.xtec.cat\/escvilamar\/wp-json\/wp\/v2\/types\/page"}],"author":[{"embeddable":true,"href":"https:\/\/agora.xtec.cat\/escvilamar\/wp-json\/wp\/v2\/users\/1"}],"replies":[{"embeddable":true,"href":"https:\/\/agora.xtec.cat\/escvilamar\/wp-json\/wp\/v2\/comments?post=944"}],"version-history":[{"count":3,"href":"https:\/\/agora.xtec.cat\/escvilamar\/wp-json\/wp\/v2\/pages\/944\/revisions"}],"predecessor-version":[{"id":5306,"href":"https:\/\/agora.xtec.cat\/escvilamar\/wp-json\/wp\/v2\/pages\/944\/revisions\/5306"}],"wp:attachment":[{"href":"https:\/\/agora.xtec.cat\/escvilamar\/wp-json\/wp\/v2\/media?parent=944"}],"curies":[{"name":"wp","href":"https:\/\/api.w.org\/{rel}","templated":true}]}}