{"id":73,"date":"2025-09-08T10:00:51","date_gmt":"2025-09-08T08:00:51","guid":{"rendered":"http:\/\/agora.xtec.cat\/escvilamar\/?page_id=73"},"modified":"2025-09-09T12:54:18","modified_gmt":"2025-09-09T10:54:18","slug":"menjador-escolar","status":"publish","type":"page","link":"https:\/\/agora.xtec.cat\/escvilamar\/serveis\/menjador-escolar\/","title":{"rendered":"Menjador escolar Curs 25-26"},"content":{"rendered":"<div style=\"text-align: center;\">\n<div style=\"margin: 4px 0px 8px; text-align: left;\">\n<p><strong>INFORMACI\u00d3 DEL SERVEI DE MENJADOR 2025 &#8211; 2026<\/strong><\/p>\n<p>Import tiquet fixe: <strong>7,54\u20ac<\/strong> per dia.<\/p>\n<p>Import tiquet eventual: <strong>8,29\u20ac<\/strong> per dia.<\/p>\n<p>Horari de gesti\u00f3: <strong>9.00h &#8211; 10.00h de dilluns a divendres.\u00a0<\/strong><\/p>\n<p>Tel\u00e8fon: <strong>610 177 196\u00a0<\/strong> \u00a0 \u00a0 e-mail: <strong>coord.vilamar.segurc@fundesplai.org<\/strong><\/p>\n<p><strong>Tots els usuaris de menjador, ja siguin fixes o eventuals, han de fer obligat\u00f2riament la inscripci\u00f3 al servei de menjador a trav\u00e9s de l&#8217;APP fundesplai\/7itria del tel\u00e8fon m\u00f2bil.<\/strong><\/p>\n<p>Es considera com a usuari fixe aquell que utilitza el servei de menjador<strong> 3 o m\u00e9s dies a la setmana.\u00a0<\/strong><\/p>\n<p>El cobrament dels usuaris<strong> FIXES<\/strong> es far\u00e0 els primers dies de cada mes (del 3 al 15), per avan\u00e7at mitjan\u00e7ant <strong>DOMICILIACI\u00d3 BANC\u00c0RIA.<\/strong> En cas de retorn del rebut s&#8217;aplicar\u00e0 un rec\u00e0rrec en concepte de despeses banc\u00e0ries de 4,10\u20ac.<\/p>\n<p>Els infants que tinguin 1 rebut impagat dins de les dates establertes i no es posin en contacte amb l&#8217;encarregat de la gesti\u00f3 no podran fer \u00fas del menjador fins que abonin el deute.<\/p>\n<p>Els infants fixes que per qualsevol motiu no puguin assistir al menjador, hauran d&#8217;avisar el mateix dia a la persona encarregada de la gesti\u00f3 del menjador (dins de l&#8217;horari establert), i se&#8217;ls retornar\u00e0 l&#8217;import de 3,50\u20ac (en concepte d&#8217;absentisme). En cas de no avisar, no se&#8217;ls far\u00e0 la devoluci\u00f3 d&#8217;aquest import.<\/p>\n<p>Els abonaments de les abs\u00e8ncies i les regulacions es faran efectius en el rebut del mes seg\u00fcent.<\/p>\n<p>&nbsp;<\/p>\n<p>&nbsp;<\/p>\n<\/div>\n<\/div>\n<h4><\/h4>\n<h4 style=\"font-size: 150%;\">Men\u00fas<\/h4>\n<ul>\n<li><a href=\"https:\/\/drive.google.com\/file\/d\/15Lk4AkXz4Hw_4eOhjVQdy5VwxEhDlIj4\/view?usp=sharing\">1r trimestre &#8211; curs 2025-2026<\/a><\/li>\n<\/ul>\n","protected":false},"excerpt":{"rendered":"<p>INFORMACI\u00d3 DEL SERVEI DE MENJADOR 2025 &#8211; 2026<br \/>\nImport tiquet fixe: 7,54\u20ac per dia.<br \/>\nImport tiquet eventual: 8,29\u20ac per dia.<br \/>\nHorari de gesti\u00f3: 9.00h &#8211; 10.00h de dilluns a divendres.\u00a0<br \/>\nTel\u00e8fon: 610 177 196\u00a0 \u00a0 \u00a0 e-mail: coord.vilamar.segurc@fundesplai.org<br \/>\nTots els usuaris de menjador, ja siguin fixes o eventuals, han de&hellip;  <a href=\"https:\/\/agora.xtec.cat\/escvilamar\/serveis\/menjador-escolar\/\" title=\"Read Menjador escolar Curs 25-26\">Llegeix m\u00e9s\u00bb<\/a><\/p>\n","protected":false},"author":1,"featured_media":0,"parent":66,"menu_order":30,"comment_status":"closed","ping_status":"closed","template":"page-templates\/side-menu.php","meta":{"_bbp_topic_count":0,"_bbp_reply_count":0,"_bbp_total_topic_count":0,"_bbp_total_reply_count":0,"_bbp_voice_count":0,"_bbp_anonymous_reply_count":0,"_bbp_topic_count_hidden":0,"_bbp_reply_count_hidden":0,"_bbp_forum_subforum_count":0,"footnotes":""},"class_list":["post-73","page","type-page","status-publish","hentry"],"post_mailing_queue_ids":[],"_links":{"self":[{"href":"https:\/\/agora.xtec.cat\/escvilamar\/wp-json\/wp\/v2\/pages\/73","targetHints":{"allow":["GET"]}}],"collection":[{"href":"https:\/\/agora.xtec.cat\/escvilamar\/wp-json\/wp\/v2\/pages"}],"about":[{"href":"https:\/\/agora.xtec.cat\/escvilamar\/wp-json\/wp\/v2\/types\/page"}],"author":[{"embeddable":true,"href":"https:\/\/agora.xtec.cat\/escvilamar\/wp-json\/wp\/v2\/users\/1"}],"replies":[{"embeddable":true,"href":"https:\/\/agora.xtec.cat\/escvilamar\/wp-json\/wp\/v2\/comments?post=73"}],"version-history":[{"count":6,"href":"https:\/\/agora.xtec.cat\/escvilamar\/wp-json\/wp\/v2\/pages\/73\/revisions"}],"predecessor-version":[{"id":6640,"href":"https:\/\/agora.xtec.cat\/escvilamar\/wp-json\/wp\/v2\/pages\/73\/revisions\/6640"}],"up":[{"embeddable":true,"href":"https:\/\/agora.xtec.cat\/escvilamar\/wp-json\/wp\/v2\/pages\/66"}],"wp:attachment":[{"href":"https:\/\/agora.xtec.cat\/escvilamar\/wp-json\/wp\/v2\/media?parent=73"}],"curies":[{"name":"wp","href":"https:\/\/api.w.org\/{rel}","templated":true}]}}