{"id":1160,"date":"2017-02-10T10:05:12","date_gmt":"2017-02-10T09:05:12","guid":{"rendered":"http:\/\/agora.xtec.cat\/escvilamar\/?page_id=1160"},"modified":"2020-02-25T18:11:41","modified_gmt":"2020-02-25T17:11:41","slug":"material-daula-que-cal-portar","status":"publish","type":"page","link":"https:\/\/agora.xtec.cat\/escvilamar\/lescola\/material-escolar\/material-daula-que-cal-portar\/","title":{"rendered":"Material d&#8217;aula que cal portar"},"content":{"rendered":"<p><strong><span style=\"color: #0000ff;\">EDUCACI\u00d3 INFANTIL<\/span><\/strong><\/p>\n<p><strong>Bata: <\/strong>Tots els nens i nenes han de portar la\u00a0 <strong>bata de l\u2019escola <\/strong>(cordada al davant, amb goma als punys). Per dintre i a la part del coll hi cosireu una <strong>beta<\/strong>, una mica llarga, amb el <strong>nom<\/strong>. Fareu el mateix amb qualsevol pe\u00e7a de roba que hagin de portar a l\u2019escola i s\u2019hagin de treure. D\u2019aquesta manera la podran penjar al seu lloc.<\/p>\n<p>La bata la portaran per rentar el\u00a0 divendres.<\/p>\n<p>Si l\u2019alumne\/a \u00e9s fixe al menjador haur\u00e0 de portar una altra bata.<\/p>\n<p><strong>Esmorzars: <\/strong>Per afavorir una bona alimentaci\u00f3 es recomana que els\/les nens\/es <strong>esmorzin a casa<\/strong> abans de venir a l\u2019escola. Per tal de treballar h\u00e0bits relacionats amb el menjar\u00a0 a la classe poden portar una pe\u00e7a de fruita, mig entrep\u00e0 , un iogurt, 3 galetes&#8230;.procurant <strong>variar<\/strong> i\u00a0 donant-los <strong>poca quantitat<\/strong>, ja que nom\u00e9s \u00e9s un complement de l\u2019esmorzar que ja han pres a casa. Eviteu sempre que pugueu les pastes, la xocolata en exc\u00e9s <span style=\"font-weight: 400;\">i les begudes ensucrades.<\/span><\/p>\n<p>En la l\u00ednia de reduir els residus que produ\u00efm i per evitar l\u2019\u00fas diari de paper d\u2019alumini (que no es pot reciclar) i pl\u00e0stic d\u2019un sol \u00fas us recomanem\u00a0 que portin l\u2019esmorzar dins una carmanyola <span style=\"font-weight: 400;\">d\u2019acord en el projecte d\u2019Escola Verda.<\/span><\/p>\n<p>Cal que portin cada dia la seva <strong>motxilla<\/strong>, que els resulti f\u00e0cil d\u2019obrir i tancar (les millors per a ells\/elles s\u00f3n les de cremallera), on duran el seu <strong>petit esmorzar<\/strong> i un <strong>tovall\u00f3 marcat<\/strong> amb el nom.<\/p>\n<p>Tamb\u00e9 tindran una botelleta d\u2019aigua per beure.<\/p>\n<p><strong>Aniversaris: <\/strong>Si voleu celebrar un esmorzar\u00a0 per l\u2019aniversari del vostre fill\/a a l\u2019escola penseu en coca, galetes, sucs&#8230;Aviseu el\/la mestre\/a per tal que pugui notificar a la resta de fam\u00edlies quin dia es far\u00e0 la celebraci\u00f3. <span style=\"font-weight: 400;\">A l\u2019escola no es poden repartir\u00a0 invitacions per convidades extraescolars.<\/span><\/p>\n<p><strong>Psicomotricitat: <\/strong>Els dies de <strong>psicomotricitat<\/strong> \u00e9s convenient que portin <strong>xandall,<\/strong> <strong>bambes o sabates amb velcro<\/strong> amb el nom per dins \u00a0<strong>i uns mitjons antirelliscants posats<\/strong>.<\/p>\n<p><strong>Recanvi roba: <\/strong>Els alumnes de <strong>P3<\/strong> han de portar un <strong>recanvi de roba<\/strong>, tot <strong>marcat<\/strong> amb el nom, que es quedar\u00e0 a l\u2019escola, dins d\u2019una bosseta de roba.<\/p>\n<p><span>Els alumnes de P4 i P5 que els pares creguin necessari tamb\u00e9 tindran una muda de recanvi a l\u2019escola. <\/span>Si un alumne de P4 \u00e9s queda ass\u00edduament al menjador, tamb\u00e9 seria bo que port\u00e9s un recanvi.<\/p>\n<p><strong>Higiene: <\/strong>Per la seva <strong>higiene<\/strong> \u00e9s necessari que cada alumne porti a l\u2019escola <span style=\"font-weight: 400;\">a comen\u00e7ament de curs dues capses de mocadors de paper i 1 paquet de tovalloletes biodegradables.<\/span><\/p>\n<p><strong><span style=\"color: #0000ff;\">EDUCACI\u00d3 PRIM\u00c0RIA<\/span><\/strong><\/p>\n<p><strong>Bata:<\/strong> Tots els nens i nenes han de portar la <strong>bata de l\u2019escola per pl\u00e0stica a CI i opcional a CM i CS.<\/strong> Per dintre i a la part del coll hi cosireu una <strong>beta<\/strong>, una mica llarga, amb el <strong>nom<\/strong>. Fareu el mateix amb qualsevol pe\u00e7a de roba que hagin de portar a l\u2019escola i s\u2019hagin de treure. D\u2019aquesta manera la podran penjar al seu lloc.<\/p>\n<p>La bata la portaran per rentar quan estigui bruta.<\/p>\n<p><strong>Esmorzars:<\/strong> Per afavorir una bona alimentaci\u00f3 es recomana que els\/les nens\/es <strong>esmorzin a casa <\/strong>abans de venir a l\u2019escola. Per tal de treballar h\u00e0bits relacionats amb el menjar a la classe, poden portar una pe\u00e7a de fruita, mig entrep\u00e0, un iogurt,&#8230;. procurant <strong>variar <\/strong>i donant-los <strong>poca quantitat<\/strong>, ja que nom\u00e9s \u00e9s un complement de l\u2019esmorzar que ja han pres a casa. Eviteu sempre que pugueu les pastes, la xocolata en exc\u00e9s i les <span style=\"font-weight: 400;\">begudes ensucrades (sucs).<\/span><\/p>\n<p>En la l\u00ednia de reduir els residus que produ\u00efm i per evitar l\u2019\u00fas diari de paper d\u2019alumini i pl\u00e0stic d\u2019un sol \u00fas us recomanem que portin l\u2019esmorzar dins una carmanyola,<span style=\"font-weight: 400;\">\u00a0d\u2019aqcord amb el projecte d\u2019escola verda que seguim a l\u2019escola.<\/span><\/p>\n<p>Cal que portin cada dia la seva <strong>motxilla<\/strong>, on duran el seu <strong>petit esmorzar <\/strong>i un <strong>tovall\u00f3 marcat <\/strong>amb el nom.<\/p>\n<p>Cada dia portaran una ampolleta d\u2019aigua plena, marcada amb el nom, a la motxilla.<\/p>\n<p><strong>Aniversaris: <\/strong>A Cicle Inicial si voleu celebrar un esmorzar per l\u2019aniversari del vostre fill\/a a l\u2019escola porteu coca tallada. Aviseu el\/la mestre\/a per tal que pugui notificar a la resta de fam\u00edlies quin dia es far\u00e0 la celebraci\u00f3. <span style=\"font-weight: 400;\">A Cicle mitj\u00e0 i superior felicitem els infants per\u00f2 no fem festa d\u2019aniversari. <\/span><span style=\"font-weight: 400;\">A l\u2019escola no es repartiran invitacions per convidades extraescolars.<\/span><\/p>\n<p><strong>Eduaci\u00f3 F\u00edsica: <\/strong>Els dies d\u2019<strong>Educaci\u00f3 f\u00edsica <\/strong>\u00e9s convenient que portin <strong>xandall <\/strong>, <strong>mitjons <\/strong>i <strong>bambes<\/strong>. Tamb\u00e9 han de portar un necesser amb una tovallola petita, pinta i col\u00f2nia fresca en ampolla de pl\u00e0stic. Ja us avisarem quins dies tindran Educaci\u00f3 F\u00edsica.<\/p>\n<p><strong>Higiene: <\/strong>Per la seva <strong>higiene <\/strong>\u00e9s necessari que cada alumne\/a porti a l\u2019escola a l<span style=\"font-weight: 400;\">\u2019inici de curs dues capses de mocadors de paper.<\/span><\/p>\n","protected":false},"excerpt":{"rendered":"<p>EDUCACI\u00d3 INFANTIL<br \/>\nBata: Tots els nens i nenes han de portar la\u00a0 bata de l\u2019escola (cordada al davant, amb goma als punys). Per dintre i a la part del coll hi cosireu una beta, una mica llarga, amb el nom. Fareu el mateix amb qualsevol pe\u00e7a&hellip;  <a href=\"https:\/\/agora.xtec.cat\/escvilamar\/lescola\/material-escolar\/material-daula-que-cal-portar\/\" title=\"Read Material d&#8217;aula que cal portar\">Llegeix m\u00e9s\u00bb<\/a><\/p>\n","protected":false},"author":1,"featured_media":0,"parent":36,"menu_order":0,"comment_status":"closed","ping_status":"closed","template":"","meta":{"_bbp_topic_count":0,"_bbp_reply_count":0,"_bbp_total_topic_count":0,"_bbp_total_reply_count":0,"_bbp_voice_count":0,"_bbp_anonymous_reply_count":0,"_bbp_topic_count_hidden":0,"_bbp_reply_count_hidden":0,"_bbp_forum_subforum_count":0,"footnotes":""},"class_list":["post-1160","page","type-page","status-publish","hentry"],"post_mailing_queue_ids":[],"_links":{"self":[{"href":"https:\/\/agora.xtec.cat\/escvilamar\/wp-json\/wp\/v2\/pages\/1160","targetHints":{"allow":["GET"]}}],"collection":[{"href":"https:\/\/agora.xtec.cat\/escvilamar\/wp-json\/wp\/v2\/pages"}],"about":[{"href":"https:\/\/agora.xtec.cat\/escvilamar\/wp-json\/wp\/v2\/types\/page"}],"author":[{"embeddable":true,"href":"https:\/\/agora.xtec.cat\/escvilamar\/wp-json\/wp\/v2\/users\/1"}],"replies":[{"embeddable":true,"href":"https:\/\/agora.xtec.cat\/escvilamar\/wp-json\/wp\/v2\/comments?post=1160"}],"version-history":[{"count":3,"href":"https:\/\/agora.xtec.cat\/escvilamar\/wp-json\/wp\/v2\/pages\/1160\/revisions"}],"predecessor-version":[{"id":3020,"href":"https:\/\/agora.xtec.cat\/escvilamar\/wp-json\/wp\/v2\/pages\/1160\/revisions\/3020"}],"up":[{"embeddable":true,"href":"https:\/\/agora.xtec.cat\/escvilamar\/wp-json\/wp\/v2\/pages\/36"}],"wp:attachment":[{"href":"https:\/\/agora.xtec.cat\/escvilamar\/wp-json\/wp\/v2\/media?parent=1160"}],"curies":[{"name":"wp","href":"https:\/\/api.w.org\/{rel}","templated":true}]}}