{"id":26,"date":"2014-09-18T12:24:32","date_gmt":"2014-09-18T11:24:32","guid":{"rendered":"http:\/\/agora.xtec.cat\/esctorresamat\/?page_id=26"},"modified":"2023-07-20T13:56:23","modified_gmt":"2023-07-20T11:56:23","slug":"origens","status":"publish","type":"page","link":"https:\/\/agora.xtec.cat\/esctorresamat\/lescola\/origens\/","title":{"rendered":"Or\u00edgens"},"content":{"rendered":"<p><span style=\"font-weight: 400;\">L\u2019edifici de l&#8217;escola p\u00fablica Torres Amat es va inaugurar el 1931. Es trobem, doncs, davant un edifici noucentista declarat patrimoni hist\u00f2ric per la Generalitat de Catalunya.<\/span><\/p>\n<p><span style=\"font-weight: 400;\">L\u2019empresa el\u00e8ctrica &#8220;El\u00e8ctrica Sallentina S.A.&#8221;\u00a0amb recursos propis i una subvenci\u00f3 de l&#8217;Estat de 98.000 pessetes, va ser la impulsora de la construcci\u00f3. L\u2019escola est\u00e0 situada al Parc Municipal Pere Sall\u00e9s de Sallent, un espai assolellat, ampli i espai\u00f3s envoltat de natura. Durant els primers trenta anys, la nostra escola es deia Grup Escolar i substitu\u00ed l&#8217;antiga Escola P\u00fablica situada a l&#8217;actual rectoria nova. L\u2019any 1962 fou denominat &#8220;Torres Amat&#8221; en record de <\/span><a title=\"F\u00e8lix Torres i Amat de Palou\" href=\"https:\/\/ca.wikipedia.org\/wiki\/F%C3%A8lix_Torres_i_Amat_de_Palou\">F\u00e8lix Torres Amat<\/a>, fill de <a title=\"Sallent\" href=\"https:\/\/ca.wikipedia.org\/wiki\/Sallent\">Sallent<\/a> i bisbe d&#8217;<a title=\"Astorga\" href=\"https:\/\/ca.wikipedia.org\/wiki\/Astorga\">Astorga<\/a>.<\/p>\n<p><span style=\"font-weight: 400;\">L\u2019escola actual \u00e9s fruit d\u2019un proc\u00e9s de remodelaci\u00f3 que comen\u00e7a a inicis d\u2019octubre del 2010 i acaba el 2014. Es realitzen unes reformes a la part principal de l\u2019escola, a totes les aules de la fa\u00e7ana que donen al parc i l\u2019ala esquerra de l\u2019edifici hist\u00f2ric. A m\u00e9s, es construeix l&#8217;edifici de l&#8217;ala dreta amb dues plantes, l&#8217;edifici del gimn\u00e0s i l\u2019edifici d\u2019educaci\u00f3 infantil. Per tant, mirant la nostra escola des de dalt de la muntanya, t\u00e9 forma de rectangle amb el pati al mig.<\/span><\/p>\n<p>La coneixen\u00e7a dels nostres or\u00edgens va fer un salt qualitatiu gr\u00e0cies al projecte &#8220;Apadrinem el nostre patrimoni&#8221;. <a href=\"https:\/\/agora.xtec.cat\/esctorresamat\/categoria\/projecte-apadrinem-el-nostre-patrimoni\/\" target=\"_blank\" rel=\"noopener\">Feu-hi una ullada<\/a>, quina passada!<\/p>\n<p>&nbsp;<\/p>\n","protected":false},"excerpt":{"rendered":"<p>L\u2019edifici de l&#8217;escola p\u00fablica Torres Amat es va inaugurar el 1931. Es trobem, doncs, davant un edifici noucentista declarat patrimoni hist\u00f2ric per la Generalitat de Catalunya.<br \/>\nL\u2019empresa el\u00e8ctrica &#8220;El\u00e8ctrica Sallentina S.A.&#8221;\u00a0amb recursos propis i una subvenci\u00f3 de l&#8217;Estat de 98.000 pessetes, va ser la impulsora de&hellip;  <a href=\"https:\/\/agora.xtec.cat\/esctorresamat\/lescola\/origens\/\" title=\"Read Or\u00edgens\">Llegeix m\u00e9s\u00bb<\/a><\/p>\n","protected":false},"author":1,"featured_media":0,"parent":22,"menu_order":20,"comment_status":"closed","ping_status":"closed","template":"","meta":{"_bbp_topic_count":0,"_bbp_reply_count":0,"_bbp_total_topic_count":0,"_bbp_total_reply_count":0,"_bbp_voice_count":0,"_bbp_anonymous_reply_count":0,"_bbp_topic_count_hidden":0,"_bbp_reply_count_hidden":0,"_bbp_forum_subforum_count":0,"footnotes":""},"class_list":["post-26","page","type-page","status-publish","hentry"],"post_mailing_queue_ids":[],"_links":{"self":[{"href":"https:\/\/agora.xtec.cat\/esctorresamat\/wp-json\/wp\/v2\/pages\/26","targetHints":{"allow":["GET"]}}],"collection":[{"href":"https:\/\/agora.xtec.cat\/esctorresamat\/wp-json\/wp\/v2\/pages"}],"about":[{"href":"https:\/\/agora.xtec.cat\/esctorresamat\/wp-json\/wp\/v2\/types\/page"}],"author":[{"embeddable":true,"href":"https:\/\/agora.xtec.cat\/esctorresamat\/wp-json\/wp\/v2\/users\/1"}],"replies":[{"embeddable":true,"href":"https:\/\/agora.xtec.cat\/esctorresamat\/wp-json\/wp\/v2\/comments?post=26"}],"version-history":[{"count":4,"href":"https:\/\/agora.xtec.cat\/esctorresamat\/wp-json\/wp\/v2\/pages\/26\/revisions"}],"predecessor-version":[{"id":3700,"href":"https:\/\/agora.xtec.cat\/esctorresamat\/wp-json\/wp\/v2\/pages\/26\/revisions\/3700"}],"up":[{"embeddable":true,"href":"https:\/\/agora.xtec.cat\/esctorresamat\/wp-json\/wp\/v2\/pages\/22"}],"wp:attachment":[{"href":"https:\/\/agora.xtec.cat\/esctorresamat\/wp-json\/wp\/v2\/media?parent=26"}],"curies":[{"name":"wp","href":"https:\/\/api.w.org\/{rel}","templated":true}]}}