{"id":5120,"date":"2024-06-26T13:49:12","date_gmt":"2024-06-26T11:49:12","guid":{"rendered":"https:\/\/agora.xtec.cat\/escteresagodes\/?page_id=5120"},"modified":"2025-03-10T12:36:33","modified_gmt":"2025-03-10T11:36:33","slug":"c-escacs","status":"publish","type":"page","link":"https:\/\/agora.xtec.cat\/escteresagodes\/c-escacs\/","title":{"rendered":"c) Escacs"},"content":{"rendered":"<p><span style=\"font-weight: 400;\">L\u2019escola porta a terme el projecte \u201cEscacs a l\u2019escola\u201d des del curs 2016\/17 i ja es troba consolidat en tots els nivells d\u2019educaci\u00f3 prim\u00e0ria.\u00a0 El projecte destaca la relaci\u00f3 i utilitat del joc dels escacs en l\u2019\u00e0mbit educatiu. \u00c9s un recurs que potencia el desenvolupament de les estructures cognitives, el raonament i el pensament l\u00f2gicomatem\u00e0tic, les habilitats ling\u00fc\u00edstiques i els h\u00e0bits de conducta.<\/span><\/p>\n<p><span style=\"font-weight: 400;\">Es comen\u00e7a a primer de prim\u00e0ria perqu\u00e8 es considera que al voltant dels 6 anys \u00e9s l\u2019edat id\u00f2nia per iniciar-se en la seq\u00fc\u00e8ncia observo\u2013penso\u2013jugo que es practica en el joc i s\u2019intenta fer extensiva a la vida. Les activitats es desenvolupen un cop per setmana.<\/span><\/p>\n<p><span style=\"font-weight: 400;\">A la comunitat dels grans es realitzen en tallers de petit grup i a la comunitat de mitjans es vetlla perqu\u00e8 sigui tamb\u00e9 en petit grup. <\/span><\/p>\n","protected":false},"excerpt":{"rendered":"<p>L\u2019escola porta a terme el projecte \u201cEscacs a l\u2019escola\u201d des del curs 2016\/17 i ja es troba consolidat en tots els nivells d\u2019educaci\u00f3 prim\u00e0ria.\u00a0 El projecte destaca la relaci\u00f3 i utilitat del joc dels escacs en l\u2019\u00e0mbit educatiu. \u00c9s un recurs que potencia el desenvolupament&hellip;  <a href=\"https:\/\/agora.xtec.cat\/escteresagodes\/c-escacs\/\" title=\"Read c) Escacs\">Llegeix m\u00e9s\u00bb<\/a><\/p>\n","protected":false},"author":1,"featured_media":0,"parent":0,"menu_order":0,"comment_status":"closed","ping_status":"closed","template":"","meta":{"_bbp_topic_count":0,"_bbp_reply_count":0,"_bbp_total_topic_count":0,"_bbp_total_reply_count":0,"_bbp_voice_count":0,"_bbp_anonymous_reply_count":0,"_bbp_topic_count_hidden":0,"_bbp_reply_count_hidden":0,"_bbp_forum_subforum_count":0,"footnotes":""},"class_list":["post-5120","page","type-page","status-publish","hentry"],"post_mailing_queue_ids":[],"_links":{"self":[{"href":"https:\/\/agora.xtec.cat\/escteresagodes\/wp-json\/wp\/v2\/pages\/5120","targetHints":{"allow":["GET"]}}],"collection":[{"href":"https:\/\/agora.xtec.cat\/escteresagodes\/wp-json\/wp\/v2\/pages"}],"about":[{"href":"https:\/\/agora.xtec.cat\/escteresagodes\/wp-json\/wp\/v2\/types\/page"}],"author":[{"embeddable":true,"href":"https:\/\/agora.xtec.cat\/escteresagodes\/wp-json\/wp\/v2\/users\/1"}],"replies":[{"embeddable":true,"href":"https:\/\/agora.xtec.cat\/escteresagodes\/wp-json\/wp\/v2\/comments?post=5120"}],"version-history":[{"count":3,"href":"https:\/\/agora.xtec.cat\/escteresagodes\/wp-json\/wp\/v2\/pages\/5120\/revisions"}],"predecessor-version":[{"id":5590,"href":"https:\/\/agora.xtec.cat\/escteresagodes\/wp-json\/wp\/v2\/pages\/5120\/revisions\/5590"}],"wp:attachment":[{"href":"https:\/\/agora.xtec.cat\/escteresagodes\/wp-json\/wp\/v2\/media?parent=5120"}],"curies":[{"name":"wp","href":"https:\/\/api.w.org\/{rel}","templated":true}]}}