{"id":26,"date":"2014-09-18T12:24:32","date_gmt":"2014-09-18T11:24:32","guid":{"rendered":"http:\/\/agora.xtec.cat\/escsolcunit\/?page_id=26"},"modified":"2025-10-31T10:00:55","modified_gmt":"2025-10-31T09:00:55","slug":"historia","status":"publish","type":"page","link":"https:\/\/agora.xtec.cat\/escsolcunit\/lescola\/historia\/","title":{"rendered":"Hist\u00f2ria de l&#8217;escola"},"content":{"rendered":"<h3 id=\"sites-page-title-header\" align=\"left\"><\/h3>\n<div id=\"sites-canvas-main\" class=\"sites-canvas-main\">\n<div id=\"sites-canvas-main-content\">\n<table class=\"sites-layout-name-one-column sites-layout-hbox\" cellspacing=\"0\">\n<tbody>\n<tr>\n<td class=\"sites-layout-tile sites-tile-name-content-1\">\n<div dir=\"ltr\">\n<p style=\"text-align: justify;\"><span lang=\"CA\">L\u2019Escola Solcunit \u00e9s un centre que es va crear al llarg del curs 2003-2004. Des d\u2019aquell primer curs, el centre ha sofert diferents i importants canvis:<\/span><\/p>\n<p style=\"text-align: justify;\">Curs 2003-2004: el centre comen\u00e7a a funcionar amb un nivell de P-3 i un de P-4.<\/p>\n<p style=\"text-align: justify;\"><span lang=\"CA\">Curs 2004-2005: es construeix i s\u2019amplia l\u2019edifici de Prim\u00e0ria. Es produeix un fort augment de la matr\u00edcula.<\/span><\/p>\n<p style=\"text-align: justify;\"><span lang=\"CA\">Curs 2005-2006: van concloure les obres d\u2019ampliaci\u00f3 que van permetre tenir al centre dues l\u00ednies tant a Educaci\u00f3 Infantil com a l\u2019etapa de Prim\u00e0ria. Al llarg d\u2019aquest curs es van haver d\u2019obrir dues l\u00ednies noves a P-3 i Primer a causa de l\u2019elevat nombre de matr\u00edcules.<\/span><\/p>\n<p style=\"text-align: justify;\"><span lang=\"CA\">Curs 2006-2007: va concloure la darrera fase d\u2019ampliaci\u00f3 per tal d\u2019adequar els dos edificis a les dues l\u00ednies d\u2019escolaritzaci\u00f3 per nivell que definitivament haur\u00e0 de mantenir el centre.<\/span><\/p>\n<p style=\"text-align: justify;\"><span lang=\"CA\">Curs 2007-2008: es va iniciar la remodelaci\u00f3 i adequaci\u00f3 dels patis, tant d\u2019Infantil com de Prim\u00e0ria.<\/span><\/p>\n<p style=\"text-align: justify;\"><span lang=\"CA\">Curs 2008-2009: es va estrenar l\u2019ampliaci\u00f3 del menjador escolar.<\/span><\/p>\n<p style=\"text-align: justify;\"><span lang=\"CA\">Curs 2009-2010: es continua treballant per tal d\u2019anar millorant les infraestructures.<\/span><\/p>\n<p style=\"text-align: justify;\">Cursos 2010-2017: es planten les moreres del pati, es van fent treballs per arreglar les goteres existents i treballs de pintura dels diferents espais en els per\u00edodes de vacances.<\/p>\n<p style=\"text-align: justify;\">Estiu 2018: s&#8217;arregla la rampa de baixada entre l\u2019edifici d\u2019Educaci\u00f3 Infantil i Prim\u00e0ria, i es fan treballs de pintura al mur exterior de l\u2019escola.<\/p>\n<p style=\"text-align: justify;\">Curs 2018-2019: s\u2019arregla la rampa de baixada entre l\u2019edifici d\u2019educaci\u00f3 infantil i prim\u00e0ria i es fan treballs de pintura al mur exterior de l\u2019escola. Es reparen les goteres de l\u2019edifici de prim\u00e0ria i del gimn\u00e0s. Es col\u00b7loquen l\u00e0mines solars a les finestres del gimn\u00e0s i tamb\u00e9 un projector. Al llarg de l\u2019estiu es pinta tota l\u2019escola.<\/p>\n<p style=\"text-align: justify;\">Curs 2019-2020: es col\u00b7loca el projector a la sala de mestres, i la pissarra digital a P5. Treballs de manteniment a l\u2019estiu.<\/p>\n<p style=\"text-align: justify;\">Curs 2020-2021: es col\u00b7loquen taules de p\u00edcnic al pati de prim\u00e0ria i d\u2019infantil.<\/p>\n<p style=\"text-align: justify;\">Curs 2021-2022: es renova el menjador amb decoracions de vinil a les parets i mobiliari nou.<\/p>\n<p style=\"text-align: justify;\">Curs 2022-2023: s\u2019obre una nova l\u00ednia a I3. L\u2019aula de m\u00fasica canvia d\u2019ubicaci\u00f3 a l\u2019edifici de prim\u00e0ria. Es posa m\u00fasica a les entrades del mat\u00ed i de les tardes. Es comen\u00e7a a treballar en el canvi de mirada de la biblioteca: es fa concurs entre l\u2019alumnat per tenir la mascota de la biblioteca i es crea el follet en nino. E<span style=\"font-family: inherit; font-size: 0.875em;\">s canvia el mobiliari de la biblioteca (prestatgeries, taules, cadires i zona infantil).<\/span><\/p>\n<p style=\"text-align: justify;\">Curs 2023-2024: es comen\u00e7a a dotar la biblioteca de nous materials (llibres, revistes&#8230;).<\/p>\n<p>Curs 2024-2025: s&#8217;inaugura oficialment la biblioteca de l&#8217;escola. Es produeix el canvi de finestres de les aules de prim\u00e0ria.<\/p>\n<p>Curs 2025-2026: es col\u00b7loca els tendals al pati de comunitat de petits. Es reorganitzen les aules de prim\u00e0ria per la tercera l\u00ednia de 1r. Es comen\u00e7a a treballar al nou espai SIEI de prim\u00e0ria. Es canvia la ubicaci\u00f3 de l&#8217;aula d&#8217;edici\u00f3 digital i la seva posterior reorganitzaci\u00f3.<\/p>\n<\/div>\n<\/td>\n<\/tr>\n<\/tbody>\n<\/table>\n<p>&nbsp;<\/p>\n<\/div>\n<\/div>\n","protected":false},"excerpt":{"rendered":"<p>L\u2019Escola Solcunit \u00e9s un centre que es va crear al llarg del curs 2003-2004. Des d\u2019aquell primer curs, el centre ha sofert diferents i importants canvis:<br \/>\nCurs 2003-2004: el centre comen\u00e7a a funcionar amb un nivell de P-3 i un de P-4.<br \/>\nCurs 2004-2005: es construeix i&hellip;  <a href=\"https:\/\/agora.xtec.cat\/escsolcunit\/lescola\/historia\/\" title=\"Read Hist\u00f2ria de l&#8217;escola\">Llegeix m\u00e9s\u00bb<\/a><\/p>\n","protected":false},"author":1,"featured_media":0,"parent":22,"menu_order":20,"comment_status":"closed","ping_status":"closed","template":"page-templates\/side-menu.php","meta":{"_bbp_topic_count":0,"_bbp_reply_count":0,"_bbp_total_topic_count":0,"_bbp_total_reply_count":0,"_bbp_voice_count":0,"_bbp_anonymous_reply_count":0,"_bbp_topic_count_hidden":0,"_bbp_reply_count_hidden":0,"_bbp_forum_subforum_count":0,"footnotes":""},"class_list":["post-26","page","type-page","status-publish","hentry"],"post_mailing_queue_ids":[],"_links":{"self":[{"href":"https:\/\/agora.xtec.cat\/escsolcunit\/wp-json\/wp\/v2\/pages\/26","targetHints":{"allow":["GET"]}}],"collection":[{"href":"https:\/\/agora.xtec.cat\/escsolcunit\/wp-json\/wp\/v2\/pages"}],"about":[{"href":"https:\/\/agora.xtec.cat\/escsolcunit\/wp-json\/wp\/v2\/types\/page"}],"author":[{"embeddable":true,"href":"https:\/\/agora.xtec.cat\/escsolcunit\/wp-json\/wp\/v2\/users\/1"}],"replies":[{"embeddable":true,"href":"https:\/\/agora.xtec.cat\/escsolcunit\/wp-json\/wp\/v2\/comments?post=26"}],"version-history":[{"count":7,"href":"https:\/\/agora.xtec.cat\/escsolcunit\/wp-json\/wp\/v2\/pages\/26\/revisions"}],"predecessor-version":[{"id":19233,"href":"https:\/\/agora.xtec.cat\/escsolcunit\/wp-json\/wp\/v2\/pages\/26\/revisions\/19233"}],"up":[{"embeddable":true,"href":"https:\/\/agora.xtec.cat\/escsolcunit\/wp-json\/wp\/v2\/pages\/22"}],"wp:attachment":[{"href":"https:\/\/agora.xtec.cat\/escsolcunit\/wp-json\/wp\/v2\/media?parent=26"}],"curies":[{"name":"wp","href":"https:\/\/api.w.org\/{rel}","templated":true}]}}