{"id":19,"date":"2014-09-17T14:56:56","date_gmt":"2014-09-17T14:56:56","guid":{"rendered":"http:\/\/agora.xtec.cat\/escsol-ixent\/?page_id=19"},"modified":"2023-07-11T18:13:57","modified_gmt":"2023-07-11T16:13:57","slug":"linstitut","status":"publish","type":"page","link":"https:\/\/agora.xtec.cat\/escsol-ixent\/linstitut\/","title":{"rendered":"L&#8217;ESCOLA"},"content":{"rendered":"<h2>Benvinguts a l&#8217;Escola Sol-Ixent!!<\/h2>\n<ul>\n<li>La web de l&#8217;escola pret\u00e9n ser una finestra oberta des d&#8217;on podeu con\u00e8ixer qui som, qu\u00e8 fem i on som.\u00a0<a href=\"https:\/\/www.escolasol-ixent.cat\/\">https:\/\/www.escolasol-ixent.cat\/<\/a><\/li>\n<\/ul>\n<p><strong>QUI SOM<\/strong><\/p>\n<ul>\n<li>L&#8217;escola Sol-Ixent \u00e9s un centre concertat que imparteix les seg\u00fcents etapes: Educaci\u00f3 Infantil, Educaci\u00f3 Prim\u00e0ria i ESO. La nostra escola est\u00e0 situada al barri de Cerdanyola de Matar\u00f3, al l\u00edmit amb el barri de Peram\u00e0s-Esmand\u00edes.<\/li>\n<\/ul>\n<p><strong>HIST\u00d2RIA<\/strong><\/p>\n<ul>\n<li>L&#8217;escola es defineix com escola catalana, el catal\u00e0 com a llengua vehicular d&#8217;aprenentatge i de coneixement de la cultura pr\u00f2pia catalana.<\/li>\n<li>Laica i activa, des de la doble perspectiva de la formaci\u00f3 d&#8217;alumnes i de la formaci\u00f3 continuada del professorat, que promociona els valors de la coeducaci\u00f3, l&#8217;atenci\u00f3 a la diversitat i el respecte per les diferents maneres de viure i pensar de les persones, i amb una estructura de funcionament i participaci\u00f3 democr\u00e0tiques.<\/li>\n<li>L&#8217;escola t\u00e9 com a objectiu prioritari la formaci\u00f3 integral dels alumnes: Pret\u00e9n cercar el desenvolupament de la personalitat mitjan\u00e7ant una formaci\u00f3 de la persona fomentada en l&#8217;educaci\u00f3 en els valors i actituds de respecte, llibertat, solidaritat, cooperaci\u00f3 i no discriminaci\u00f3.<\/li>\n<li>La nostra escola es caracteritza per integrar i atendre la diversitat dels alumnes tant pel que fa a difer\u00e8ncies personals com a difer\u00e8ncies d&#8217;aprenentatge i de relacions. Aquestes difer\u00e8ncies s\u00b4entenen des d&#8217;un punt de vista f\u00edsic, ps\u00edquic, ideol\u00f2gic, cultural, social, de nivell i ritme d&#8217;aprenentatge.<\/li>\n<\/ul>\n<p><strong>QU\u00c8 FEM<\/strong><\/p>\n<p><em>Educaci\u00f3 Infantil<br \/>\n<\/em>Proporcionar als alumnes:<\/p>\n<ul>\n<li>Les situacions educatives que els permetin el progressiu descobriment i creixement personal.<\/li>\n<li>L&#8217;observaci\u00f3 i descoberta del seu entorn m\u00e9s proper.<\/li>\n<li>L&#8217;adquisici\u00f3 de valors, h\u00e0bits i pautes de conducta que afavoreixin la seva autonomia personal i la seva intergraci\u00f3 a la societat.<\/li>\n<\/ul>\n<p><em>Educaci\u00f3 Prim\u00e0ria<br \/>\n<\/em>Ajudar a l&#8217;alumne\/a:<\/p>\n<ul>\n<li>Construir una imatge positiva d&#8217;ell\/a mateix\/a.<\/li>\n<li>Con\u00e8ixer les seves possibilitats a trav\u00e9s dels aprenentatges i les seves experi\u00e8ncies.<\/li>\n<li>Potenciar l&#8217;educaci\u00f3 de la sensibilitat per afavorir els comportaments c\u00edvics i \u00e8tics.<\/li>\n<\/ul>\n<p><em>Educaci\u00f3 Secund\u00e0ria:<\/em><\/p>\n<ul>\n<li>Consolidaci\u00f3 dels ensenyaments de Prim\u00e0ria.<\/li>\n<li>Iniciaci\u00f3 en altres camps del saber.<\/li>\n<li>Aprofundiment de les \u00e0rees fonamentals d&#8217;acord amb l&#8217;edat i la capacitat de l&#8217;alumne\/a.<\/li>\n<\/ul>\n","protected":false},"excerpt":{"rendered":"<p>Benvinguts a l&#8217;Escola Sol-Ixent!!<\/p>\n<ul>\n<li>La web de l&#8217;escola pret\u00e9n ser una finestra oberta des d&#8217;on podeu con\u00e8ixer qui som, qu\u00e8 fem i on som.\u00a0<a href=\"https:\/\/www.escolasol-ixent.cat\/\">https:\/\/www.escolasol-ixent.cat\/<\/a><\/li>\n<\/ul>\n<p>QUI SOM<\/p>\n<ul>\n<li>L&#8217;escola Sol-Ixent \u00e9s un centre concertat que imparteix les seg\u00fcents etapes: Educaci\u00f3 Infantil, Educaci\u00f3 Prim\u00e0ria i ESO. La nostra escola est\u00e0&hellip;  <a href=\"https:\/\/agora.xtec.cat\/escsol-ixent\/linstitut\/\" title=\"Read L&#8217;ESCOLA\">Llegeix m\u00e9s\u00bb<\/a><br \/>\n","protected":false},"author":1,"featured_media":0,"parent":0,"menu_order":0,"comment_status":"closed","ping_status":"closed","template":"page-templates\/side-menu.php","meta":{"_bbp_topic_count":0,"_bbp_reply_count":0,"_bbp_total_topic_count":0,"_bbp_total_reply_count":0,"_bbp_voice_count":0,"_bbp_anonymous_reply_count":0,"_bbp_topic_count_hidden":0,"_bbp_reply_count_hidden":0,"_bbp_forum_subforum_count":0,"footnotes":""},"class_list":["post-19","page","type-page","status-publish","hentry"],"post_mailing_queue_ids":[],"_links":{"self":[{"href":"https:\/\/agora.xtec.cat\/escsol-ixent\/wp-json\/wp\/v2\/pages\/19","targetHints":{"allow":["GET"]}}],"collection":[{"href":"https:\/\/agora.xtec.cat\/escsol-ixent\/wp-json\/wp\/v2\/pages"}],"about":[{"href":"https:\/\/agora.xtec.cat\/escsol-ixent\/wp-json\/wp\/v2\/types\/page"}],"author":[{"embeddable":true,"href":"https:\/\/agora.xtec.cat\/escsol-ixent\/wp-json\/wp\/v2\/users\/1"}],"replies":[{"embeddable":true,"href":"https:\/\/agora.xtec.cat\/escsol-ixent\/wp-json\/wp\/v2\/comments?post=19"}],"version-history":[{"count":3,"href":"https:\/\/agora.xtec.cat\/escsol-ixent\/wp-json\/wp\/v2\/pages\/19\/revisions"}],"predecessor-version":[{"id":10513,"href":"https:\/\/agora.xtec.cat\/escsol-ixent\/wp-json\/wp\/v2\/pages\/19\/revisions\/10513"}],"wp:attachment":[{"href":"https:\/\/agora.xtec.cat\/escsol-ixent\/wp-json\/wp\/v2\/media?parent=19"}],"curies":[{"name":"wp","href":"https:\/\/api.w.org\/{rel}","templated":true}]}}