{"id":9,"date":"2014-09-17T15:08:18","date_gmt":"2014-09-17T14:08:18","guid":{"rendered":"http:\/\/agora.xtec.cat\/escsantsabdoisenen\/?page_id=9"},"modified":"2026-04-16T16:01:22","modified_gmt":"2026-04-16T14:01:22","slug":"pagina-dinici-buida","status":"publish","type":"page","link":"https:\/\/agora.xtec.cat\/escsantsabdoisenen\/","title":{"rendered":"CURS 2025-2026"},"content":{"rendered":"<header class=\"entry-header \"><\/header>\n<header><\/header>\n<header><a style=\"font-family: inherit; font-size: 2.3125em; font-weight: bold;\" href=\"https:\/\/agora.xtec.cat\/escsantsabdoisenen\/lescola\/material-escolar\/pagina-dinici-buida\/attachment\/informacio-families-inici-de-curs-2025-26\/\">Informaci\u00f3 Curs 2025-26<\/a><\/header>\n<header><\/header>\n<header><\/header>\n<header><\/header>\n<header><\/header>\n<header><\/header>\n<header><\/header>\n<header><\/header>\n<header><\/header>\n<h2><a href=\"https:\/\/agora.xtec.cat\/escsantsabdoisenen\/lescola\/material-escolar\/pagina-dinici-buida\/attachment\/infografia\/\" rel=\"attachment wp-att-13578\"><img loading=\"lazy\" decoding=\"async\" class=\"alignnone wp-image-13578 size-large\" src=\"https:\/\/agora.xtec.cat\/escsantsabdoisenen\/wp-content\/uploads\/usu554\/2026\/03\/Infografia-1024x576.jpeg\" alt=\"\" width=\"1024\" height=\"576\" srcset=\"https:\/\/agora.xtec.cat\/escsantsabdoisenen\/wp-content\/uploads\/usu554\/2026\/03\/Infografia-1024x576.jpeg 1024w, https:\/\/agora.xtec.cat\/escsantsabdoisenen\/wp-content\/uploads\/usu554\/2026\/03\/Infografia-300x169.jpeg 300w, https:\/\/agora.xtec.cat\/escsantsabdoisenen\/wp-content\/uploads\/usu554\/2026\/03\/Infografia-768x432.jpeg 768w, https:\/\/agora.xtec.cat\/escsantsabdoisenen\/wp-content\/uploads\/usu554\/2026\/03\/Infografia-1536x864.jpeg 1536w, https:\/\/agora.xtec.cat\/escsantsabdoisenen\/wp-content\/uploads\/usu554\/2026\/03\/Infografia.jpeg 1600w\" sizes=\"auto, (max-width: 1024px) 100vw, 1024px\" \/><\/a><\/h2>\n<h2>PREINSCRIPCI\u00d3 CURS 2026-27<\/h2>\n<h4><span style=\"color: #ff0000;\">BAREM PROVISIONAL PREINSCRIPCI\u00d3 CURS 2026-27<\/span><\/h4>\n<p>En data 15\/04\/2026 s\u2019ha publicat la llista de sol\u00b7licituds de preinscripci\u00f3 per al curs 2026-27 que han demanat el centre i l\u2019ensenyament en primera petici\u00f3 amb el barem provisional. Podeu consultar-la en aquest\u00a0\u00a0<b><a href=\"https:\/\/agora.xtec.cat\/escsantsabdoisenen\/lescola\/material-escolar\/pagina-dinici-buida\/attachment\/informe_barem_provisional_barem-3\/\">enlla\u00e7<\/a>.<\/b><\/p>\n<p>Si no est\u00e0s d\u2019acord amb la\u00a0puntuaci\u00f3\u00a0provisional, o detectes alguna errada o anomalia, pots presentar una\u00a0<strong>reclamaci\u00f3,\u00a0<\/strong>a partir d\u2019avui i fins el dia 20 d\u2019abril.<\/p>\n<p>Si no pots accedir a la consulta individual o no trobes la sol\u00b7licitud a la llista amb la puntuaci\u00f3 provisional, pots adre\u00e7ar-te al centre per demanar informaci\u00f3.<\/p>\n<p><strong>Dates de reclamaci\u00f3<\/strong>: del 15 al 20 d\u2019abril de 2026<\/p>\n<p><a href=\"https:\/\/agora.xtec.cat\/escsantsabdoisenen\/lescola\/material-escolar\/pagina-dinici-buida\/attachment\/preinscripcio_baners_web_educacio__preinscripcio_web_educacio_832x468_secundaria1\/\" rel=\"attachment wp-att-13576\"><img loading=\"lazy\" decoding=\"async\" class=\"alignnone wp-image-13576 size-full\" src=\"https:\/\/agora.xtec.cat\/escsantsabdoisenen\/wp-content\/uploads\/usu554\/2026\/03\/Preinscripcio_baners_Web_educacio__Preinscripcio_web_educacio_832x468_SECUNDARIA1.jpg\" alt=\"\" width=\"800\" height=\"450\" srcset=\"https:\/\/agora.xtec.cat\/escsantsabdoisenen\/wp-content\/uploads\/usu554\/2026\/03\/Preinscripcio_baners_Web_educacio__Preinscripcio_web_educacio_832x468_SECUNDARIA1.jpg 800w, https:\/\/agora.xtec.cat\/escsantsabdoisenen\/wp-content\/uploads\/usu554\/2026\/03\/Preinscripcio_baners_Web_educacio__Preinscripcio_web_educacio_832x468_SECUNDARIA1-300x169.jpg 300w, https:\/\/agora.xtec.cat\/escsantsabdoisenen\/wp-content\/uploads\/usu554\/2026\/03\/Preinscripcio_baners_Web_educacio__Preinscripcio_web_educacio_832x468_SECUNDARIA1-768x432.jpg 768w\" sizes=\"auto, (max-width: 800px) 100vw, 800px\" \/><\/a><\/p>\n<p>Informaci\u00f3 al seg\u00fcent enlla\u00e7: <a href=\"https:\/\/preinscripcio.gencat.cat\/ca\/inici\/\">https:\/\/preinscripcio.gencat.cat\/ca\/inici\/<\/a><\/p>\n<h2><\/h2>\n<h2><\/h2>\n<header><\/header>\n<p>&nbsp;<\/p>\n<header><\/header>\n<header><\/header>\n<header>\n<h1><\/h1>\n<h1><\/h1>\n<h1><\/h1>\n<\/header>\n<header><\/header>\n","protected":false},"excerpt":{"rendered":"<p><a style=\"font-family: inherit; font-size: 2.3125em; font-weight: bold;\" href=\"https:\/\/agora.xtec.cat\/escsantsabdoisenen\/lescola\/material-escolar\/pagina-dinici-buida\/attachment\/informacio-families-inici-de-curs-2025-26\/\">Informaci\u00f3 Curs 2025-26<\/a><\/p>\n<p><a href=\"https:\/\/agora.xtec.cat\/escsantsabdoisenen\/lescola\/material-escolar\/pagina-dinici-buida\/attachment\/infografia\/\" rel=\"attachment wp-att-13578\"><\/a><br \/>\nPREINSCRIPCI\u00d3 CURS 2026-27<br \/>\nBAREM PROVISIONAL PREINSCRIPCI\u00d3 CURS 2026-27<br \/>\nEn data 15\/04\/2026 s\u2019ha publicat la llista de sol\u00b7licituds de preinscripci\u00f3 per al curs 2026-27 que han demanat el centre i l\u2019ensenyament en primera petici\u00f3 amb el&hellip;  <a href=\"https:\/\/agora.xtec.cat\/escsantsabdoisenen\/\" title=\"Read CURS 2025-2026\">Llegeix m\u00e9s\u00bb<\/a><\/p>\n","protected":false},"author":1,"featured_media":0,"parent":36,"menu_order":0,"comment_status":"closed","ping_status":"closed","template":"","meta":{"_bbp_topic_count":0,"_bbp_reply_count":0,"_bbp_total_topic_count":0,"_bbp_total_reply_count":0,"_bbp_voice_count":0,"_bbp_anonymous_reply_count":0,"_bbp_topic_count_hidden":0,"_bbp_reply_count_hidden":0,"_bbp_forum_subforum_count":0,"footnotes":""},"class_list":["post-9","page","type-page","status-publish","hentry"],"post_mailing_queue_ids":[],"_links":{"self":[{"href":"https:\/\/agora.xtec.cat\/escsantsabdoisenen\/wp-json\/wp\/v2\/pages\/9","targetHints":{"allow":["GET"]}}],"collection":[{"href":"https:\/\/agora.xtec.cat\/escsantsabdoisenen\/wp-json\/wp\/v2\/pages"}],"about":[{"href":"https:\/\/agora.xtec.cat\/escsantsabdoisenen\/wp-json\/wp\/v2\/types\/page"}],"author":[{"embeddable":true,"href":"https:\/\/agora.xtec.cat\/escsantsabdoisenen\/wp-json\/wp\/v2\/users\/1"}],"replies":[{"embeddable":true,"href":"https:\/\/agora.xtec.cat\/escsantsabdoisenen\/wp-json\/wp\/v2\/comments?post=9"}],"version-history":[{"count":9,"href":"https:\/\/agora.xtec.cat\/escsantsabdoisenen\/wp-json\/wp\/v2\/pages\/9\/revisions"}],"predecessor-version":[{"id":13581,"href":"https:\/\/agora.xtec.cat\/escsantsabdoisenen\/wp-json\/wp\/v2\/pages\/9\/revisions\/13581"}],"up":[{"embeddable":true,"href":"https:\/\/agora.xtec.cat\/escsantsabdoisenen\/wp-json\/wp\/v2\/pages\/36"}],"wp:attachment":[{"href":"https:\/\/agora.xtec.cat\/escsantsabdoisenen\/wp-json\/wp\/v2\/media?parent=9"}],"curies":[{"name":"wp","href":"https:\/\/api.w.org\/{rel}","templated":true}]}}