{"id":4418,"date":"2020-03-20T20:05:10","date_gmt":"2020-03-20T19:05:10","guid":{"rendered":"http:\/\/agora.xtec.cat\/escsantsabdoisenen\/?page_id=4418"},"modified":"2020-03-20T20:05:10","modified_gmt":"2020-03-20T19:05:10","slug":"reutilitzacio-de-llibres","status":"publish","type":"page","link":"https:\/\/agora.xtec.cat\/escsantsabdoisenen\/reutilitzacio-de-llibres\/","title":{"rendered":"Reutilitzaci\u00f3 de llibres"},"content":{"rendered":"<p>L\u2019objectiu \u00e9s regular i fomentar l\u2019\u00fas racional dels recursos, educar per la conservaci\u00f3 i la reutilitzaci\u00f3 dels llibres de text i garantir un estalvi econ\u00f2mic a les fam\u00edlies. Actualment tenim tot el cicle mitj\u00e0 i superior socialitzat. Aquest projecte est\u00e0 gestionat per l\u2019AMPA.<\/p>\n<p><strong>\u00a0<\/strong><\/p>\n<p>&nbsp;<\/p>\n","protected":false},"excerpt":{"rendered":"<p>L\u2019objectiu \u00e9s regular i fomentar l\u2019\u00fas racional dels recursos, educar per la conservaci\u00f3 i la reutilitzaci\u00f3 dels llibres de text i garantir un estalvi econ\u00f2mic a les fam\u00edlies. Actualment tenim tot el cicle mitj\u00e0 i superior socialitzat. Aquest projecte est\u00e0 gestionat per l\u2019AMPA.<br \/>\n\u00a0<br \/>\n&nbsp;<\/p>\n","protected":false},"author":18,"featured_media":0,"parent":0,"menu_order":0,"comment_status":"closed","ping_status":"closed","template":"","meta":{"_bbp_topic_count":0,"_bbp_reply_count":0,"_bbp_total_topic_count":0,"_bbp_total_reply_count":0,"_bbp_voice_count":0,"_bbp_anonymous_reply_count":0,"_bbp_topic_count_hidden":0,"_bbp_reply_count_hidden":0,"_bbp_forum_subforum_count":0,"footnotes":""},"class_list":["post-4418","page","type-page","status-publish","hentry"],"post_mailing_queue_ids":[],"_links":{"self":[{"href":"https:\/\/agora.xtec.cat\/escsantsabdoisenen\/wp-json\/wp\/v2\/pages\/4418","targetHints":{"allow":["GET"]}}],"collection":[{"href":"https:\/\/agora.xtec.cat\/escsantsabdoisenen\/wp-json\/wp\/v2\/pages"}],"about":[{"href":"https:\/\/agora.xtec.cat\/escsantsabdoisenen\/wp-json\/wp\/v2\/types\/page"}],"author":[{"embeddable":true,"href":"https:\/\/agora.xtec.cat\/escsantsabdoisenen\/wp-json\/wp\/v2\/users\/18"}],"replies":[{"embeddable":true,"href":"https:\/\/agora.xtec.cat\/escsantsabdoisenen\/wp-json\/wp\/v2\/comments?post=4418"}],"version-history":[{"count":1,"href":"https:\/\/agora.xtec.cat\/escsantsabdoisenen\/wp-json\/wp\/v2\/pages\/4418\/revisions"}],"predecessor-version":[{"id":4419,"href":"https:\/\/agora.xtec.cat\/escsantsabdoisenen\/wp-json\/wp\/v2\/pages\/4418\/revisions\/4419"}],"wp:attachment":[{"href":"https:\/\/agora.xtec.cat\/escsantsabdoisenen\/wp-json\/wp\/v2\/media?parent=4418"}],"curies":[{"name":"wp","href":"https:\/\/api.w.org\/{rel}","templated":true}]}}