{"id":2509,"date":"2019-11-13T11:36:04","date_gmt":"2019-11-13T10:36:04","guid":{"rendered":"http:\/\/agora.xtec.cat\/escsantsabdoisenen\/?page_id=2509"},"modified":"2020-03-22T18:30:12","modified_gmt":"2020-03-22T17:30:12","slug":"biblioteca","status":"publish","type":"page","link":"https:\/\/agora.xtec.cat\/escsantsabdoisenen\/biblioteca\/","title":{"rendered":"Biblioteca"},"content":{"rendered":"<p style=\"text-align: justify;\">La biblioteca promou activitats per fomentar i promoure l\u2019h\u00e0bit i el gust per la lectura. \u00a0La mestra coordinadora de la biblioteca, coordina la Comissi\u00f3 de Biblioteca.<\/p>\n<p style=\"text-align: justify;\">Les accions que es duen a terme s\u00f3n les seg\u00fcents:<\/p>\n<ul style=\"text-align: justify;\">\n<li>Projecte de biblioteca<\/li>\n<li>Pla Lector.<\/li>\n<li>Catalogaci\u00f3 amb el programa Epergam i \u00a0classificaci\u00f3 del fons documental de cada biblioteca escolar.<\/li>\n<li>Continuaci\u00f3 de la din\u00e0mica iniciada els cursos anteriors.<\/li>\n<li>Trobades comissi\u00f3 de biblioteca escolar<\/li>\n<li>Ordenar els llibres per tem\u00e0tiques i nivells els espais preparats per ser trobats.<\/li>\n<li>Visibilitat les novetats liter\u00e0ries o b\u00e9 llibres tem\u00e0tics segons dates i celebracions.<\/li>\n<li>Promoci\u00f3 de propostes i activitats que tenen per objectiu fomentar la lectura i la compet\u00e8ncia d\u2019acc\u00e9s a l\u2019informaci\u00f3.<\/li>\n<li>Donar suport al curr\u00edculum i a les activitats lectores.<\/li>\n<li>Difusi\u00f3 espai virtual de la web escolar de la plataforma Epergam.<\/li>\n<li>Promoure activitats per tal de fomentar quatre vessants:<\/li>\n<\/ul>\n<ul style=\"text-align: justify;\">\n<li style=\"list-style-type: none;\">\n<ul>\n<li>Saber llegir<\/li>\n<li>Saber comprendre<\/li>\n<li>Gust per la lectura<\/li>\n<li>Llegir per aprendre<\/li>\n<\/ul>\n<\/li>\n<\/ul>\n<p style=\"text-align: justify;\">La biblioteca \u00e9s el cor de l&#8217;escola. \u00c9s el centre neur\u00e0lgic on es dinamitza les seg\u00fcents activitats:<\/p>\n<ul>\n<li style=\"text-align: justify;\">Pr\u00e9stec de llibres, mitjan\u00e7ant el tutor\/a aula.<\/li>\n<li style=\"text-align: justify;\">Maleta viatgera (infantil) i llibres viatgers (prim\u00e0ria).<\/li>\n<li style=\"text-align: justify;\">Padrins de lectura.<\/li>\n<li style=\"text-align: justify;\">Visita d\u2019autors a les aules per cicles i la pr\u00e8via lectura de les seves obres.<\/li>\n<li style=\"text-align: justify;\">Certamen de lectura en veu alta al segon trimestre.<\/li>\n<li style=\"text-align: justify;\">Participaci\u00f3 del teatre escolar bibliob\u00fas.<\/li>\n<li style=\"text-align: justify;\">Visites al bibliob\u00fas.<\/li>\n<li>Dinamitzar l\u2019\u00fas de les maletes pedag\u00f2giques.<\/li>\n<li style=\"text-align: justify;\">Ambients lectors i propostes lectores i de l\u2019entorn. 30\u2019 de lectura (dilluns a dijous).<\/li>\n<li style=\"text-align: justify;\">H\u00e0bit lector dels alumnes i activitats d\u2019animaci\u00f3 lectora, intercanvi de llibres per sant Jordi, &#8230;<\/li>\n<\/ul>\n","protected":false},"excerpt":{"rendered":"<p>La biblioteca promou activitats per fomentar i promoure l\u2019h\u00e0bit i el gust per la lectura. \u00a0La mestra coordinadora de la biblioteca, coordina la Comissi\u00f3 de Biblioteca.<br \/>\nLes accions que es duen a terme s\u00f3n les seg\u00fcents:<\/p>\n<ul style=\"text-align: justify;\">\n<li>Projecte de biblioteca<\/li>\n<li>Pla Lector.<\/li>\n<li>Catalogaci\u00f3 amb el programa Epergam i&hellip;  <a href=\"https:\/\/agora.xtec.cat\/escsantsabdoisenen\/biblioteca\/\" title=\"Read Biblioteca\">Llegeix m\u00e9s\u00bb<\/a><br \/>\n","protected":false},"author":18,"featured_media":0,"parent":0,"menu_order":0,"comment_status":"closed","ping_status":"closed","template":"","meta":{"_bbp_topic_count":0,"_bbp_reply_count":0,"_bbp_total_topic_count":0,"_bbp_total_reply_count":0,"_bbp_voice_count":0,"_bbp_anonymous_reply_count":0,"_bbp_topic_count_hidden":0,"_bbp_reply_count_hidden":0,"_bbp_forum_subforum_count":0,"footnotes":""},"class_list":["post-2509","page","type-page","status-publish","hentry"],"post_mailing_queue_ids":[],"_links":{"self":[{"href":"https:\/\/agora.xtec.cat\/escsantsabdoisenen\/wp-json\/wp\/v2\/pages\/2509","targetHints":{"allow":["GET"]}}],"collection":[{"href":"https:\/\/agora.xtec.cat\/escsantsabdoisenen\/wp-json\/wp\/v2\/pages"}],"about":[{"href":"https:\/\/agora.xtec.cat\/escsantsabdoisenen\/wp-json\/wp\/v2\/types\/page"}],"author":[{"embeddable":true,"href":"https:\/\/agora.xtec.cat\/escsantsabdoisenen\/wp-json\/wp\/v2\/users\/18"}],"replies":[{"embeddable":true,"href":"https:\/\/agora.xtec.cat\/escsantsabdoisenen\/wp-json\/wp\/v2\/comments?post=2509"}],"version-history":[{"count":4,"href":"https:\/\/agora.xtec.cat\/escsantsabdoisenen\/wp-json\/wp\/v2\/pages\/2509\/revisions"}],"predecessor-version":[{"id":4430,"href":"https:\/\/agora.xtec.cat\/escsantsabdoisenen\/wp-json\/wp\/v2\/pages\/2509\/revisions\/4430"}],"wp:attachment":[{"href":"https:\/\/agora.xtec.cat\/escsantsabdoisenen\/wp-json\/wp\/v2\/media?parent=2509"}],"curies":[{"name":"wp","href":"https:\/\/api.w.org\/{rel}","templated":true}]}}