{"id":2461,"date":"2019-11-11T21:36:31","date_gmt":"2019-11-11T20:36:31","guid":{"rendered":"http:\/\/agora.xtec.cat\/escsantsabdoisenen\/?page_id=2461"},"modified":"2020-03-17T00:33:35","modified_gmt":"2020-03-16T23:33:35","slug":"gep-angles","status":"publish","type":"page","link":"https:\/\/agora.xtec.cat\/escsantsabdoisenen\/gep-angles\/","title":{"rendered":"GEP. Angl\u00e8s"},"content":{"rendered":"<p style=\"text-align: justify;\" align=\"justify\">Els nostres alumnes s\u2019inicien amb l\u2019angl\u00e8s a educaci\u00f3 infantil a P4. L\u2019objectiu primordial a infantil \u00e9s el desenvolupament de les habilitats orals i auditives en aquesta llengua.<\/p>\n<p style=\"text-align: justify;\" align=\"justify\">En aquesta escola es treballa des de fa temps en l\u2019objectiu de que els alumnes aconsegueixin una bona compet\u00e8ncia comunicativa en llengua anglesa en acabar la prim\u00e0ria. I ho corroboren els bons resultats que obtenen els nostres alumnes, en les proves de compet\u00e8ncies b\u00e0siques.<\/p>\n<p style=\"text-align: justify;\" align=\"justify\">Actualment a cicle superior es fan dues unitats del coneixement del medi natural en angl\u00e8s i a cicle mitj\u00e0, fan science una hora lectiva a la setmana. Tamb\u00e9 es duu a terme l\u2019activitat d\u2019audiobiblioteca a 4t, 5\u00e8 i 6\u00e8, dins de l\u2019\u00e0rea de biblioteca. Aix\u00ed com tamb\u00e9 teatre en angl\u00e8s a 3r i 4t.<\/p>\n<p style=\"text-align: justify;\">El (2010-11) es va aprovar i iniciar el projecte definitiu de lleng\u00fces estrangeres PELE (ja finalitzat, per\u00f2 vigent al funcionament de la nostra escola fins el 2019).<\/p>\n<p style=\"text-align: justify;\">El curs 2019-20 el claustre del centre, entrem al programa GEP (Programa de Generaci\u00f3 Pluriling\u00fce) d\u2019innovaci\u00f3 pedag\u00f2gica. Encap\u00e7alat per les tres especialistes d\u2019angl\u00e8s.<\/p>\n<p style=\"text-align: justify;\">La finalitat d\u2019aquest programa \u00e9s millorar la compet\u00e8ncia en lleng\u00fces estrangeres de l\u2019alumnat, afavorint el seu creixement acad\u00e8mic i posterior inserci\u00f3 laboral, i capacitant-lo per interactuar amb el m\u00f3n en diverses lleng\u00fces i de manera cr\u00edtica. Les accions del programa GEP s\u2019orienten, d\u2019una banda, a incrementar el temps d\u2019exposici\u00f3 de l\u2019alumnat a les lleng\u00fces estrangeres curriculars i, d\u2019una altra, a acompanyar els centres educatius en el proc\u00e9s de desplegament i consolidaci\u00f3 d\u2019un projecte ling\u00fc\u00edstic pluriling\u00fce propi.<\/p>\n<p style=\"text-align: justify;\" align=\"justify\"><a href=\"http:\/\/educacio.gencat.cat\/portal\/page\/portal\/Educacio\/PCentrePrivat\/PCPInici\/PCPInnovacioPedagogica\/ProgramaGeneracioPlurilingue\">http:\/\/educacio.gencat.cat\/portal\/page\/portal\/Educacio\/PCentrePrivat\/PCPInici\/PCPInnovacioPedagogica\/ProgramaGeneracioPlurilingue<\/a><\/p>\n<p style=\"text-align: justify;\">\n","protected":false},"excerpt":{"rendered":"<p>Els nostres alumnes s\u2019inicien amb l\u2019angl\u00e8s a educaci\u00f3 infantil a P4. L\u2019objectiu primordial a infantil \u00e9s el desenvolupament de les habilitats orals i auditives en aquesta llengua.<br \/>\nEn aquesta escola es treballa des de fa temps en l\u2019objectiu de que els alumnes aconsegueixin una bona compet\u00e8ncia&hellip;  <a href=\"https:\/\/agora.xtec.cat\/escsantsabdoisenen\/gep-angles\/\" title=\"Read GEP. Angl\u00e8s\">Llegeix m\u00e9s\u00bb<\/a><\/p>\n","protected":false},"author":18,"featured_media":0,"parent":0,"menu_order":0,"comment_status":"closed","ping_status":"closed","template":"","meta":{"_bbp_topic_count":0,"_bbp_reply_count":0,"_bbp_total_topic_count":0,"_bbp_total_reply_count":0,"_bbp_voice_count":0,"_bbp_anonymous_reply_count":0,"_bbp_topic_count_hidden":0,"_bbp_reply_count_hidden":0,"_bbp_forum_subforum_count":0,"footnotes":""},"class_list":["post-2461","page","type-page","status-publish","hentry"],"post_mailing_queue_ids":[],"_links":{"self":[{"href":"https:\/\/agora.xtec.cat\/escsantsabdoisenen\/wp-json\/wp\/v2\/pages\/2461","targetHints":{"allow":["GET"]}}],"collection":[{"href":"https:\/\/agora.xtec.cat\/escsantsabdoisenen\/wp-json\/wp\/v2\/pages"}],"about":[{"href":"https:\/\/agora.xtec.cat\/escsantsabdoisenen\/wp-json\/wp\/v2\/types\/page"}],"author":[{"embeddable":true,"href":"https:\/\/agora.xtec.cat\/escsantsabdoisenen\/wp-json\/wp\/v2\/users\/18"}],"replies":[{"embeddable":true,"href":"https:\/\/agora.xtec.cat\/escsantsabdoisenen\/wp-json\/wp\/v2\/comments?post=2461"}],"version-history":[{"count":3,"href":"https:\/\/agora.xtec.cat\/escsantsabdoisenen\/wp-json\/wp\/v2\/pages\/2461\/revisions"}],"predecessor-version":[{"id":4289,"href":"https:\/\/agora.xtec.cat\/escsantsabdoisenen\/wp-json\/wp\/v2\/pages\/2461\/revisions\/4289"}],"wp:attachment":[{"href":"https:\/\/agora.xtec.cat\/escsantsabdoisenen\/wp-json\/wp\/v2\/media?parent=2461"}],"curies":[{"name":"wp","href":"https:\/\/api.w.org\/{rel}","templated":true}]}}