{"id":24,"date":"2014-09-18T12:23:15","date_gmt":"2014-09-18T11:23:15","guid":{"rendered":"http:\/\/agora.xtec.cat\/escsantsabdoisenen\/?page_id=24"},"modified":"2019-11-10T23:56:50","modified_gmt":"2019-11-10T22:56:50","slug":"on-som","status":"publish","type":"page","link":"https:\/\/agora.xtec.cat\/escsantsabdoisenen\/lescola\/on-som\/","title":{"rendered":"On som"},"content":{"rendered":"<div dir=\"ltr\"><\/div>\n<div dir=\"ltr\"><\/div>\n<div dir=\"ltr\"><b>Adre\u00e7a: Carrer Sants Abd\u00f3 i Sen\u00e9n, 7<\/b><\/div>\n<div dir=\"ltr\"><b><br \/>\nLocalitat : El Pla del Pened\u00e8s<\/b><\/div>\n<div dir=\"ltr\"><b><br \/>\nCP: 08733<\/b><\/div>\n<div dir=\"ltr\"><\/div>\n<div dir=\"ltr\">\n<p><b>Telf. Infantil: 938988257<br \/>\nTelf. Prim\u00e0ria i Despatx: 938988289<br \/>\nFax: 938988289<\/b><\/p>\n<\/div>\n<div dir=\"ltr\"><\/div>\n<div dir=\"ltr\"><\/div>\n<div dir=\"ltr\">\u00a0<b><img loading=\"lazy\" decoding=\"async\" class=\"\" src=\"http:\/\/www.gifsde.com\/uploads\/00f13c_ordenador+recibiendo.gif\" width=\"128\" height=\"98\" \/><\/b><\/div>\n<div dir=\"ltr\"><\/div>\n<div dir=\"ltr\">\n<p><b>Correu electr\u00f2nic: <a href=\"mailto:a8022847@xtec.cat\">a8022847@xtec.cat<\/a><\/b><\/p>\n<p>&nbsp;<\/p>\n<\/div>\n","protected":false},"excerpt":{"rendered":"<p>Adre\u00e7a: Carrer Sants Abd\u00f3 i Sen\u00e9n, 7<\/p>\n<p>Localitat : El Pla del Pened\u00e8s<\/p>\n<p>CP: 08733<\/p>\n<p>Telf. Infantil: 938988257<br \/>\nTelf. Prim\u00e0ria i Despatx: 938988289<br \/>\nFax: 938988289<\/p>\n<p>\u00a0<\/p>\n<p>Correu electr\u00f2nic: <a href=\"mailto:a8022847@xtec.cat\">a8022847@xtec.cat<\/a><br \/>\n&nbsp;<\/p>\n","protected":false},"author":1,"featured_media":0,"parent":22,"menu_order":10,"comment_status":"closed","ping_status":"closed","template":"page-templates\/side-menu.php","meta":{"_bbp_topic_count":0,"_bbp_reply_count":0,"_bbp_total_topic_count":0,"_bbp_total_reply_count":0,"_bbp_voice_count":0,"_bbp_anonymous_reply_count":0,"_bbp_topic_count_hidden":0,"_bbp_reply_count_hidden":0,"_bbp_forum_subforum_count":0,"footnotes":""},"class_list":["post-24","page","type-page","status-publish","hentry"],"post_mailing_queue_ids":[],"_links":{"self":[{"href":"https:\/\/agora.xtec.cat\/escsantsabdoisenen\/wp-json\/wp\/v2\/pages\/24","targetHints":{"allow":["GET"]}}],"collection":[{"href":"https:\/\/agora.xtec.cat\/escsantsabdoisenen\/wp-json\/wp\/v2\/pages"}],"about":[{"href":"https:\/\/agora.xtec.cat\/escsantsabdoisenen\/wp-json\/wp\/v2\/types\/page"}],"author":[{"embeddable":true,"href":"https:\/\/agora.xtec.cat\/escsantsabdoisenen\/wp-json\/wp\/v2\/users\/1"}],"replies":[{"embeddable":true,"href":"https:\/\/agora.xtec.cat\/escsantsabdoisenen\/wp-json\/wp\/v2\/comments?post=24"}],"version-history":[{"count":3,"href":"https:\/\/agora.xtec.cat\/escsantsabdoisenen\/wp-json\/wp\/v2\/pages\/24\/revisions"}],"predecessor-version":[{"id":2444,"href":"https:\/\/agora.xtec.cat\/escsantsabdoisenen\/wp-json\/wp\/v2\/pages\/24\/revisions\/2444"}],"up":[{"embeddable":true,"href":"https:\/\/agora.xtec.cat\/escsantsabdoisenen\/wp-json\/wp\/v2\/pages\/22"}],"wp:attachment":[{"href":"https:\/\/agora.xtec.cat\/escsantsabdoisenen\/wp-json\/wp\/v2\/media?parent=24"}],"curies":[{"name":"wp","href":"https:\/\/api.w.org\/{rel}","templated":true}]}}