{"id":22,"date":"2014-09-18T12:19:57","date_gmt":"2014-09-18T11:19:57","guid":{"rendered":"http:\/\/agora.xtec.cat\/escsantsabdoisenen\/?page_id=22"},"modified":"2019-12-03T15:30:29","modified_gmt":"2019-12-03T14:30:29","slug":"lescola","status":"publish","type":"page","link":"https:\/\/agora.xtec.cat\/escsantsabdoisenen\/lescola\/","title":{"rendered":"L&#8217;escola"},"content":{"rendered":"<h5><span style=\"font-family: verdana,sans-serif; font-size: large;\">L\u2019Escola Sants Abd\u00f3 i Sen\u00e9n est\u00e0 situada al carrer del mateix nom n\u00famero 7 de El Pla del Pened\u00e8s. El n\u00famero de codi 08022847 en el Registre del Departament d&#8217;Ensenyament de la Generalitat de Catalunya. El tel\u00e8fon de l&#8217;escola \u00e9s el (93)898.82.89. \u00c9s un centre d&#8217;Educaci\u00f3 Infantil i Prim\u00e0ria adscrit a l&#8217;escola Intermunicipal de Sant Sadurn\u00ed per seguir els estudis de Secund\u00e0ria.<\/span><\/h5>\n<p>&nbsp;<\/p>\n<h5 align=\"justify\"><span style=\"font-family: verdana,sans-serif; font-size: large;\"><u>TRETS D\u2019IDENTITAT<\/u>:<\/span><\/h5>\n<h5 align=\"justify\"><span style=\"font-family: verdana,sans-serif; font-size: large;\"> La nostra escola, com a centre p\u00fablic, est\u00e0 al servei de la societat, \u00e9s sensible a la seva problem\u00e0tica i resta oberta a la diversitat tant en el professorat, en l\u2019alumnat, com en els pares i les mares.<\/span><\/h5>\n<h5 align=\"justify\">Defensem el pluralisme ideol\u00f2gic de caire democr\u00e0tic. Eduquem per assolir tots els valors democr\u00e0tics de la societat, el sentit de la solidaritat, de la toler\u00e0ncia i de la conviv\u00e8ncia. Potenciem l\u2019actitud de di\u00e0leg com l\u2019\u00fanica via de soluci\u00f3 de conflictes.<\/h5>\n<h5 align=\"justify\">Respectem les lleng\u00fces, els trets culturals i religiosos de l\u2019alumnat procedent d\u2019altres comunitats aut\u00f2nomes de l\u2019Estat o b\u00e9 d\u2019altres pa\u00efsos, l\u2019ajudem a conviure amb les contradiccions del seu m\u00f3n familiar i de la societat que els acull i vetllem perqu\u00e8 no sorgeixi cap tipus de discriminaci\u00f3 o perjudici per raons \u00e8tniques, culturals o religioses.<\/h5>\n","protected":false},"excerpt":{"rendered":"<p>L\u2019Escola Sants Abd\u00f3 i Sen\u00e9n est\u00e0 situada al carrer del mateix nom n\u00famero 7 de El Pla del Pened\u00e8s. El n\u00famero de codi 08022847 en el Registre del Departament d&#8217;Ensenyament de la Generalitat de Catalunya. El tel\u00e8fon de l&#8217;escola \u00e9s el (93)898.82.89. \u00c9s un centre&hellip;  <a href=\"https:\/\/agora.xtec.cat\/escsantsabdoisenen\/lescola\/\" title=\"Read L&#8217;escola\">Llegeix m\u00e9s\u00bb<\/a><\/p>\n","protected":false},"author":1,"featured_media":0,"parent":0,"menu_order":0,"comment_status":"closed","ping_status":"closed","template":"page-templates\/side-menu.php","meta":{"_bbp_topic_count":0,"_bbp_reply_count":0,"_bbp_total_topic_count":0,"_bbp_total_reply_count":0,"_bbp_voice_count":0,"_bbp_anonymous_reply_count":0,"_bbp_topic_count_hidden":0,"_bbp_reply_count_hidden":0,"_bbp_forum_subforum_count":0,"footnotes":""},"class_list":["post-22","page","type-page","status-publish","hentry"],"post_mailing_queue_ids":[],"_links":{"self":[{"href":"https:\/\/agora.xtec.cat\/escsantsabdoisenen\/wp-json\/wp\/v2\/pages\/22","targetHints":{"allow":["GET"]}}],"collection":[{"href":"https:\/\/agora.xtec.cat\/escsantsabdoisenen\/wp-json\/wp\/v2\/pages"}],"about":[{"href":"https:\/\/agora.xtec.cat\/escsantsabdoisenen\/wp-json\/wp\/v2\/types\/page"}],"author":[{"embeddable":true,"href":"https:\/\/agora.xtec.cat\/escsantsabdoisenen\/wp-json\/wp\/v2\/users\/1"}],"replies":[{"embeddable":true,"href":"https:\/\/agora.xtec.cat\/escsantsabdoisenen\/wp-json\/wp\/v2\/comments?post=22"}],"version-history":[{"count":3,"href":"https:\/\/agora.xtec.cat\/escsantsabdoisenen\/wp-json\/wp\/v2\/pages\/22\/revisions"}],"predecessor-version":[{"id":2774,"href":"https:\/\/agora.xtec.cat\/escsantsabdoisenen\/wp-json\/wp\/v2\/pages\/22\/revisions\/2774"}],"wp:attachment":[{"href":"https:\/\/agora.xtec.cat\/escsantsabdoisenen\/wp-json\/wp\/v2\/media?parent=22"}],"curies":[{"name":"wp","href":"https:\/\/api.w.org\/{rel}","templated":true}]}}