{"id":1310,"date":"2018-11-09T15:59:02","date_gmt":"2018-11-09T14:59:02","guid":{"rendered":"http:\/\/agora.xtec.cat\/escsantsabdoisenen\/?page_id=1310"},"modified":"2025-09-05T20:11:32","modified_gmt":"2025-09-05T18:11:32","slug":"organigrama","status":"publish","type":"page","link":"https:\/\/agora.xtec.cat\/escsantsabdoisenen\/lescola\/organigrama\/","title":{"rendered":"Organigrama i funcions"},"content":{"rendered":"<p>&nbsp;<\/p>\n<table style=\"height: 1646px; width: 91.9232%;\" width=\"483\">\n<tbody>\n<tr style=\"height: 43px;\">\n<td style=\"width: 504.115px; height: 43px;\" colspan=\"2\"><strong>EQUIP DIRECTIU<\/strong><\/td>\n<\/tr>\n<tr style=\"height: 43px;\">\n<td style=\"width: 157.407px; height: 43px;\">Directora<\/td>\n<td style=\"width: 345.679px; height: 43px;\">S\u00edlvia Montan\u00e9 \u00a0 \u00a0 \u00a0 \u00a0 \u00a0 \u00a0 \u00a0 \u00a0 \u00a0<a href=\"mailto:smontan2@xtec.cat\">smontan2@xtec.cat\u00a0<\/a><\/td>\n<\/tr>\n<tr style=\"height: 43px;\">\n<td style=\"width: 157.407px; height: 43px;\">Cap d\u2019Estudis<\/td>\n<td style=\"width: 345.679px; height: 43px;\">N\u00faria Tur\u00f3n<span style=\"background-color: #ffffff;\">\u00a0 \u00a0\u00a0 \u00a0\u00a0 \u00a0\u00a0 \u00a0\u00a0 \u00a0\u00a0 \u00a0\u00a0 \u00a0\u00a0 <\/span><a style=\"background-color: #ffffff;\" href=\"mailto:nturon@xtec.cat\">nturon@xtec.cat<\/a><\/td>\n<\/tr>\n<tr style=\"height: 43px;\">\n<td style=\"width: 157.407px; height: 43px;\">Secretari<\/td>\n<td style=\"width: 345.679px; height: 43px;\">Josep Corbi\u00a0 \u00a0 \u00a0 \u00a0 \u00a0 \u00a0 \u00a0 \u00a0 \u00a0 \u00a0 \u00a0 \u00a0<a href=\"mailto:jcorbi2@xtec.cat\">jcorbi2@xtec.cat<\/a><\/td>\n<\/tr>\n<tr style=\"height: 43px;\">\n<td style=\"width: 504.115px; height: 43px;\" colspan=\"2\"><strong>TUTORIES<\/strong><\/td>\n<\/tr>\n<tr style=\"height: 43px;\">\n<td style=\"width: 504.115px; height: 43px;\" colspan=\"2\"><strong>INFANTIL<\/strong><\/td>\n<\/tr>\n<tr style=\"height: 43px;\">\n<td style=\"width: 157.407px; height: 26px;\">I3<\/td>\n<td style=\"width: 345.679px; height: 26px;\">Rafi\u00a0 \u00a0 \u00a0 \u00a0 \u00a0 \u00a0 \u00a0 \u00a0 \u00a0 \u00a0 \u00a0 \u00a0 \u00a0 \u00a0 \u00a0 \u00a0 <a href=\"mailto:rafi@sabdo.cat\">rafi@sabdo.cat<\/a><\/td>\n<\/tr>\n<tr style=\"height: 43px;\">\n<td style=\"width: 157.407px; height: 43px;\">I4<\/td>\n<td style=\"width: 345.679px; height: 43px;\">Vanesa Heredia\u00a0 \u00a0 \u00a0 \u00a0 \u00a0 \u00a0 \u00a0<a href=\"vanesa@sabdo.cat\">vanesa@sabdo.cat<\/a><\/td>\n<\/tr>\n<tr style=\"height: 43px;\">\n<td style=\"width: 157.407px; height: 31px;\">I5<\/td>\n<td style=\"width: 345.679px; height: 31px;\">Marta\u00a0 \u00a0 \u00a0 \u00a0 \u00a0 \u00a0 \u00a0 \u00a0 \u00a0 \u00a0 \u00a0 \u00a0 \u00a0 \u00a0 \u00a0 <a href=\"mailto:marta@sabdo.cat\">marta@sabdo.cat<\/a><\/td>\n<\/tr>\n<tr style=\"height: 33px;\">\n<td style=\"width: 157.407px; height: 33px;\">Refor\u00e7<\/td>\n<td style=\"width: 345.679px; height: 33px;\">Rosa M\u00aa Gili\u00a0 \u00a0 \u00a0 \u00a0 \u00a0 \u00a0 \u00a0 \u00a0 \u00a0 \u00a0<a href=\"mailto:rgili5@xtec.cat\">rgili5@xtec.cat<\/a><\/td>\n<\/tr>\n<tr style=\"height: 43px;\">\n<td style=\"width: 504.115px; height: 43px;\" colspan=\"2\"><strong>CICLE INICIAL\u00a0 \u00a0<\/strong><\/td>\n<\/tr>\n<tr style=\"height: 43px;\">\n<td style=\"width: 157.407px; height: 43px;\">1R<\/td>\n<td style=\"width: 345.679px; height: 43px;\">Toni Le\u00f3n \u00a0\u00a0 \u00a0\u00a0 \u00a0\u00a0 \u00a0\u00a0 \u00a0\u00a0 \u00a0\u00a0 \u00a0<a href=\"toni@sabdo.cat\">toni@sabdo.cat<\/a><\/td>\n<\/tr>\n<tr style=\"height: 43px;\">\n<td style=\"width: 157.407px; height: 43px;\">2N<\/td>\n<td style=\"width: 345.679px; height: 43px;\">Gl\u00f2ria Coral\u00a0 \u00a0 \u00a0 \u00a0 \u00a0 \u00a0 \u00a0 \u00a0 \u00a0<a href=\"gloria@sabdo.cat\">gloria@sabdo.cat<\/a><\/td>\n<\/tr>\n<tr style=\"height: 43px;\">\n<td style=\"width: 504.115px; height: 43px;\" colspan=\"2\"><strong>CICLE MITJ\u00c0<\/strong><\/td>\n<\/tr>\n<tr style=\"height: 43px;\">\n<td style=\"width: 157.407px; height: 43px;\">3r<\/td>\n<td style=\"width: 345.679px; height: 43px;\">Arnau Huguet\u00a0 \u00a0 \u00a0 \u00a0 \u00a0 \u00a0 \u00a0 <a href=\"arnau@sabdo.cat\">arnau@sabdo.cat<\/a><\/td>\n<\/tr>\n<tr style=\"height: 43px;\">\n<td style=\"width: 157.407px; height: 43px;\">4t<\/td>\n<td style=\"height: 43px; width: 345.679px;\"><span style=\"background-color: #ffffff;\">Montse Corbi\u00a0 \u00a0 \u00a0 \u00a0 \u00a0 \u00a0 \u00a0 \u00a0<a href=\"montse@sabdo.cat\">montse@sabdo.cat<\/a><\/span><\/td>\n<\/tr>\n<tr style=\"height: 43px;\">\n<td style=\"width: 504.115px; height: 43px;\" colspan=\"2\"><strong>CICLE SUPERIOR<\/strong><\/td>\n<\/tr>\n<tr style=\"height: 43px;\">\n<td style=\"width: 157.407px; height: 43px;\">5\u00e8<\/td>\n<td style=\"width: 345.679px; height: 43px;\">Quim Navales\u00a0 \u00a0 \u00a0 \u00a0 \u00a0 \u00a0 <a href=\"qnavales@xtec.cat\">qnavales@xtec.cat<\/a><\/td>\n<\/tr>\n<tr style=\"height: 43px;\">\n<td style=\"width: 157.407px; height: 43px;\">6\u00e8<\/td>\n<td style=\"width: 345.679px; height: 43px;\">Enric Oliv\u00e1n\u00a0 \u00a0 \u00a0 \u00a0 \u00a0 \u00a0 \u00a0 \u00a0 <a href=\"mailto:eolivan2@xtec.cat\">eolivan2@xtec.cat<\/a><\/td>\n<\/tr>\n<tr style=\"height: 43px;\">\n<td style=\"width: 504.115px; height: 43px;\" colspan=\"2\"><strong>MESTRES ESPECIALISTES<\/strong><\/td>\n<\/tr>\n<tr style=\"height: 10px;\">\n<td style=\"width: 157.407px; height: 10px;\">Ed.F\u00edsica<\/td>\n<td style=\"height: 10px; width: 345.679px;\">S\u00edlvia Montan\u00e9, Josep Corbi, Enric Oliv\u00e1n i Quim Navales<\/td>\n<\/tr>\n<tr style=\"height: 55px;\">\n<td style=\"width: 157.407px; height: 55px;\"><span style=\"background-color: #ffffff;\">Ed. Musical<\/span><\/td>\n<td style=\"height: 55px; width: 345.679px;\"><span style=\"background-color: #ffffff;\">Manuel Ravent\u00f3s \u00a0 \u00a0 \u00a0 \u00a0 \u00a0 \u00a0 <a href=\"mailto:mraven25@xtec.cat\">mraven25@xtec.cat<\/a>\u00a0<\/span><\/td>\n<\/tr>\n<tr style=\"height: 55px;\">\n<td style=\"width: 157.407px; height: 55px;\"><span style=\"background-color: #f9f9f9;\">Ed. LLengua Anglesa<\/span><\/td>\n<td style=\"height: 55px; width: 345.679px;\"><span style=\"background-color: #f9f9f9;\">Agustina Font(prim\u00e0ria)\u00a0 \u00a0 \u00a0 <a href=\"mailto:afont4@xtec.cat\">afont4@xtec.cat<\/a><\/span><\/p>\n<p>N\u00faria Tur\u00f3n (I4, I5, 1r)\u00a0 \u00a0 \u00a0 \u00a0 <a style=\"background-color: #ffffff;\" href=\"mailto:nturon@xtec.cat\">nturon@xtec.cat<\/a><\/p>\n<p>&nbsp;<\/td>\n<\/tr>\n<tr style=\"height: 55px;\">\n<td style=\"width: 157.407px; height: 55px;\">Pedagogia <span style=\"font-family: inherit; font-size: 1em;\">Terap\u00e8utica<\/span><\/td>\n<td style=\"width: 345.679px; height: 55px;\">M\u00f2nica Esteve\u00a0 \u00a0 \u00a0 \u00a0 \u00a0 \u00a0 \u00a0 \u00a0 \u00a0<a href=\"mailto:mestev62@xtec.cat\">mestev62@xtec.cat<\/a><\/p>\n<p>Fany G\u00f3mez\u00a0 \u00a0 \u00a0 \u00a0 \u00a0 \u00a0 \u00a0 \u00a0\u00a0 \u00a0\u00a0 <a href=\"fany@sabdo.cat\">fany@sabdo.cat<\/a><\/p>\n<p>J\u00falia Plaza\u00a0 \u00a0 \u00a0 \u00a0 \u00a0 \u00a0 \u00a0 \u00a0 \u00a0 \u00a0 \u00a0 \u00a0<a href=\"mailto:jplaza9@xtec.cat\">jplaza9@xtec.cat\u00a0<\/a><\/td>\n<\/tr>\n<tr style=\"height: 43px;\">\n<td style=\"width: 504.115px; height: 44px;\" colspan=\"2\"><strong>COORDINADORS DE CICLE<\/strong><\/td>\n<\/tr>\n<tr style=\"height: 44px;\">\n<td style=\"height: 44px; width: 157.407px;\">Infantil<\/td>\n<td style=\"width: 345.679px; height: 44px;\"><span style=\"background-color: #f9f9f9;\">Vanesa Heredia\u00a0 \u00a0 \u00a0 \u00a0 \u00a0 \u00a0 \u00a0 \u00a0<a href=\"vanesa@sabdo.cat\">vanesa@sabdo.cat<\/a><\/span><\/td>\n<\/tr>\n<tr style=\"height: 33px;\">\n<td style=\"width: 157.407px; height: 33px;\">Prim\u00e0ria<\/td>\n<td style=\"width: 345.679px; height: 33px;\"><span style=\"background-color: #ffffff;\">Montse Corbi\u00a0 \u00a0 \u00a0 \u00a0 \u00a0 \u00a0 \u00a0 \u00a0 \u00a0 \u00a0<a href=\"mailto:mcorbi2@xtec.cat\">mcorbi2@xtec.cat<\/a><\/span><\/td>\n<\/tr>\n<tr style=\"height: 44px;\">\n<td style=\"width: 504.115px; height: 44px;\" colspan=\"2\"><strong>ALTRES COORDINACIONS i C\u00c0RRECS<\/strong><\/td>\n<\/tr>\n<tr style=\"height: 33px;\">\n<td style=\"width: 157.407px; height: 33px;\">Coordinador GEP<\/td>\n<td style=\"width: 345.679px; height: 33px;\">Agustina Font<\/td>\n<\/tr>\n<tr style=\"height: 44px;\">\n<td style=\"height: 44px; width: 157.407px;\">Coord. Riscos Laborals<\/td>\n<td style=\"width: 345.679px; height: 44px;\">M\u00f2nica Esteve<\/td>\n<\/tr>\n<tr style=\"height: 31px;\">\n<td style=\"width: 157.407px; height: 31px;\">Coordinador LIC<\/p>\n<p>Coordinador CAD<\/td>\n<td style=\"width: 345.679px; height: 31px;\">Manuel Ravent\u00f3s<\/p>\n<p>M\u00f2nica Esteve<\/td>\n<\/tr>\n<tr style=\"height: 31px;\">\n<td style=\"width: 157.407px; height: 31px;\">Coordinador digital<\/td>\n<td style=\"width: 345.679px; height: 31px;\"><span style=\"background-color: #ffffff;\">Enric Oliv\u00e1n<\/span><\/td>\n<\/tr>\n<tr style=\"height: 33px;\">\n<td style=\"width: 157.407px; height: 33px;\">Coordinador\/a COCOBE<\/td>\n<td style=\"width: 345.679px; height: 33px;\"><span style=\"background-color: #ffffff;\">Marta Insa<\/span><\/td>\n<\/tr>\n<tr style=\"height: 31px;\">\n<td style=\"width: 157.407px; height: 31px;\">C\u00e0rrec de biblioteca<\/td>\n<td style=\"width: 345.679px; height: 31px;\">Gl\u00f2ria Coral<\/td>\n<\/tr>\n<tr style=\"height: 44px;\">\n<td style=\"height: 44px; width: 157.407px;\">C\u00e0rrec de material escolar<\/td>\n<td style=\"width: 345.679px; height: 44px;\">Gl\u00f2ria Coral (prim\u00e0ria) i Rafi Sol\u00eds (infantil)<\/td>\n<\/tr>\n<tr style=\"height: 44px;\">\n<td style=\"height: 44px; width: 157.407px;\">C\u00e0rrec Sortides-autocars<\/td>\n<td style=\"width: 345.679px; height: 44px;\">S\u00edlvia Montan\u00e9<\/td>\n<\/tr>\n<tr style=\"height: 44px;\">\n<td style=\"width: 504.115px; height: 44px;\" colspan=\"2\"><strong>PROFESSIONALS DELS SERVEIS EDUCATIUS \/ PERSONAL D\u2019ADMINISTRACI\u00d3 i SERVEIS<\/strong><\/td>\n<\/tr>\n<tr style=\"height: 44px;\">\n<td style=\"width: 157.407px; height: 44px;\">Psicopedagoga EAP<\/td>\n<td style=\"width: 345.679px; height: 44px;\">Dulce Villal\u00f3n<\/td>\n<\/tr>\n<tr style=\"height: 44px;\">\n<td style=\"height: 44px; width: 157.407px;\">Administrativa<\/td>\n<td style=\"width: 345.679px; height: 44px;\">Gl\u00f2ria Lloret<\/td>\n<\/tr>\n<tr style=\"height: 31px;\">\n<td style=\"height: 31px; width: 157.407px;\">Treballadora Social<\/td>\n<td style=\"width: 345.679px; height: 31px;\">Carolina L\u00f3pez<\/td>\n<\/tr>\n<tr style=\"height: 31px;\">\n<td style=\"width: 157.407px; height: 31px;\">Vetlladora<\/td>\n<td style=\"width: 345.679px; height: 31px;\">Maria del Carmen Blanco i Anna Farr\u00e9<\/td>\n<\/tr>\n<\/tbody>\n<\/table>\n<table style=\"width: 522px; height: 431px;\">\n<tbody>\n<tr style=\"height: 98px;\">\n<td style=\"width: 516px; height: 98px;\" colspan=\"2\">\n<h3>MEMBRES DEL CONSELL ESCOLAR<\/h3>\n<\/td>\n<\/tr>\n<tr style=\"height: 49px;\">\n<td style=\"width: 287px; height: 49px;\">\n<h5>President (director\/a del centre)<\/h5>\n<\/td>\n<td style=\"width: 227px; height: 49px;\">S\u00edlvia Montan\u00e9<\/td>\n<\/tr>\n<tr style=\"height: 49px;\">\n<td style=\"width: 287px; height: 49px;\">\n<h5>Cap d\u2019estudis<\/h5>\n<\/td>\n<td style=\"width: 227px; height: 49px;\">N\u00faria Tur\u00f3n<\/td>\n<\/tr>\n<tr style=\"height: 49px;\">\n<td style=\"width: 287px; height: 49px;\">\n<h5>Secretari<\/h5>\n<\/td>\n<td style=\"width: 227px; height: 49px;\">Josep Corbi<\/td>\n<\/tr>\n<tr style=\"height: 49px;\">\n<td style=\"width: 287px; height: 49px;\">\n<h5>Regidor\/Representant Ajuntament<\/h5>\n<\/td>\n<td style=\"width: 227px; height: 49px;\">Laura Dom\u00e8nech-Hill<\/td>\n<\/tr>\n<tr style=\"height: 135px;\">\n<td style=\"width: 287px; height: 13px;\">\n<h5>Representants Sector Professorat<\/h5>\n<\/td>\n<td style=\"width: 227px; height: 13px;\">Gl\u00f2ria Coral<\/p>\n<p>Agustina Font<\/p>\n<p>Toni Le\u00f3n<\/p>\n<p>Alba Baqu\u00e9s<\/td>\n<\/tr>\n<tr style=\"height: 73px;\">\n<td style=\"width: 287px; height: 26px;\">\n<h5>Representants sector pares d\u2019alumnes<\/h5>\n<\/td>\n<td style=\"width: 227px; height: 26px;\">Leire Mi\u00f1ambres<\/p>\n<p>Laia Suriol<\/p>\n<p>Andrea Molina<\/td>\n<\/tr>\n<tr style=\"height: 49px;\">\n<td style=\"width: 287px; height: 49px;\">\n<h5>Representant AMPA<\/h5>\n<\/td>\n<td style=\"width: 227px; height: 49px;\">M\u00f2nica Claramunt<\/td>\n<\/tr>\n<tr style=\"height: 49px;\">\n<td style=\"width: 287px; height: 49px;\">\n<h5>Representant sector PAS<\/h5>\n<\/td>\n<td style=\"width: 227px; height: 49px;\">Gl\u00f2ria Lloret<\/td>\n<\/tr>\n<\/tbody>\n<\/table>\n","protected":false},"excerpt":{"rendered":"<p>&nbsp;<\/p>\n<p>EQUIP DIRECTIU<\/p>\n<p>Directora<br \/>\nS\u00edlvia Montan\u00e9 \u00a0 \u00a0 \u00a0 \u00a0 \u00a0 \u00a0 \u00a0 \u00a0 \u00a0<a href=\"mailto:smontan2@xtec.cat\">smontan2@xtec.cat\u00a0<\/a><\/p>\n<p>Cap d\u2019Estudis<br \/>\nN\u00faria Tur\u00f3n\u00a0 \u00a0\u00a0 \u00a0\u00a0 \u00a0\u00a0 \u00a0\u00a0 \u00a0\u00a0 \u00a0\u00a0 \u00a0\u00a0 <a style=\"background-color: #ffffff;\" href=\"mailto:nturon@xtec.cat\">nturon@xtec.cat<\/a><\/p>\n<p>Secretari<br \/>\nJosep Corbi\u00a0 \u00a0 \u00a0 \u00a0 \u00a0 \u00a0 \u00a0 \u00a0 \u00a0 \u00a0 \u00a0 \u00a0<a href=\"mailto:jcorbi2@xtec.cat\">jcorbi2@xtec.cat<\/a><\/p>\n<p>TUTORIES<\/p>\n<p>INFANTIL<\/p>\n<p>I3<br \/>\nRafi\u00a0 \u00a0 \u00a0 \u00a0 \u00a0 \u00a0 \u00a0&hellip;  <a href=\"https:\/\/agora.xtec.cat\/escsantsabdoisenen\/lescola\/organigrama\/\" title=\"Read Organigrama i funcions\">Llegeix m\u00e9s\u00bb<\/a><\/p>\n","protected":false},"author":8,"featured_media":0,"parent":22,"menu_order":0,"comment_status":"closed","ping_status":"closed","template":"","meta":{"_bbp_topic_count":0,"_bbp_reply_count":0,"_bbp_total_topic_count":0,"_bbp_total_reply_count":0,"_bbp_voice_count":0,"_bbp_anonymous_reply_count":0,"_bbp_topic_count_hidden":0,"_bbp_reply_count_hidden":0,"_bbp_forum_subforum_count":0,"footnotes":""},"class_list":["post-1310","page","type-page","status-publish","hentry"],"post_mailing_queue_ids":[],"_links":{"self":[{"href":"https:\/\/agora.xtec.cat\/escsantsabdoisenen\/wp-json\/wp\/v2\/pages\/1310","targetHints":{"allow":["GET"]}}],"collection":[{"href":"https:\/\/agora.xtec.cat\/escsantsabdoisenen\/wp-json\/wp\/v2\/pages"}],"about":[{"href":"https:\/\/agora.xtec.cat\/escsantsabdoisenen\/wp-json\/wp\/v2\/types\/page"}],"author":[{"embeddable":true,"href":"https:\/\/agora.xtec.cat\/escsantsabdoisenen\/wp-json\/wp\/v2\/users\/8"}],"replies":[{"embeddable":true,"href":"https:\/\/agora.xtec.cat\/escsantsabdoisenen\/wp-json\/wp\/v2\/comments?post=1310"}],"version-history":[{"count":8,"href":"https:\/\/agora.xtec.cat\/escsantsabdoisenen\/wp-json\/wp\/v2\/pages\/1310\/revisions"}],"predecessor-version":[{"id":13038,"href":"https:\/\/agora.xtec.cat\/escsantsabdoisenen\/wp-json\/wp\/v2\/pages\/1310\/revisions\/13038"}],"up":[{"embeddable":true,"href":"https:\/\/agora.xtec.cat\/escsantsabdoisenen\/wp-json\/wp\/v2\/pages\/22"}],"wp:attachment":[{"href":"https:\/\/agora.xtec.cat\/escsantsabdoisenen\/wp-json\/wp\/v2\/media?parent=1310"}],"curies":[{"name":"wp","href":"https:\/\/api.w.org\/{rel}","templated":true}]}}