{"id":34,"date":"2014-09-18T12:32:18","date_gmt":"2014-09-18T12:32:18","guid":{"rendered":"http:\/\/agora.xtec.cat\/escsantnicolau\/?page_id=34"},"modified":"2023-03-16T13:48:02","modified_gmt":"2023-03-16T12:48:02","slug":"oferta-educativa","status":"publish","type":"page","link":"https:\/\/agora.xtec.cat\/escsantnicolau\/lescola\/oferta-educativa\/","title":{"rendered":"Projecte educatiu"},"content":{"rendered":"<p><strong>DOCUMENTS DE CENTRE:<\/strong><\/p>\n<p>A continuaci\u00f3 podeu consultar els diferents documents oficials del nostre centre:<\/p>\n<p><a href=\"https:\/\/agora.xtec.cat\/escsantnicolau\/wp-content\/uploads\/usu1034\/2019\/09\/Carta-comprom\u00eds-signada.pdf\">CARTA DE COMPROM\u00cdS<\/a><\/p>\n<p><a href=\"https:\/\/agora.xtec.cat\/escsantnicolau\/wp-content\/uploads\/usu1034\/2019\/03\/PROJECTE-EDUCATIU-escola-2018.pdf\">PROJECTE EDUCATIU <\/a><\/p>\n<p><a href=\"https:\/\/agora.xtec.cat\/escsantnicolau\/wp-content\/uploads\/usu1034\/2019\/03\/NOF-escola.pdf\">NOF ESCOLA<\/a><\/p>\n<p><a href=\"https:\/\/agora.xtec.cat\/escsantnicolau\/wp-content\/uploads\/usu1034\/2019\/03\/projecte-ling\u00fc\u00edstic-2009-REVISI\u00d3-1.pdf\">PROJECTE LING\u00dc\u00cdSTIC<\/a><\/p>\n<p>En aquesta secci\u00f3 cada centre pot crear les p\u00e0gines necess\u00e0ries per a descriure el seu projecte educatiu. D&#8217;acord amb la <a title=\"Article 91 LEC\" href=\"http:\/\/www20.gencat.cat\/portal\/site\/portaljuridic\/menuitem.d15a4e5dfb99396dc366ec10b0c0e1a0\/?vgnextoid=b85297b5a87d6210VgnVCM1000000b0c1e0aRCRD&amp;vgnextchannel=b85297b5a87d6210VgnVCM1000000b0c1e0aRCRD&amp;vgnextfmt=default&amp;action=fitxa&amp;portalId=1&amp;documentId=480169&amp;newLang=ca_ES#fragment-1182442\" target=\"_blank\" rel=\"noopener\">Llei d&#8217;Educaci\u00f3 de Catalunya<\/a>, el projecte educatiu incorpora el car\u00e0cter propi del centre i ha de contenir com a m\u00ednim els elements seg\u00fcents:<\/p>\n<ul>\n<li>Criteris d&#8217;ordenaci\u00f3 pedag\u00f2gica, prioritats i plantejaments educatius, procediments d&#8217;inclusi\u00f3 i altres actuacions que caracteritzen el centre.<\/li>\n<li>Indicadors de progr\u00e9s.<\/li>\n<li>Concreci\u00f3 i desenvolupament dels curr\u00edculums.<\/li>\n<li>Criteris que defineixen l&#8217;estructura organitzativa.<\/li>\n<li>Projecte ling\u00fc\u00edstic.<\/li>\n<li>Car\u00e0cter propi del centre, si n&#8217;hi ha.<\/li>\n<\/ul>\n<p>Es poden incloure tamb\u00e9 en aquesta secci\u00f3 altres documents m\u00e9s espec\u00edfics que tamb\u00e9 formen part del projecte educatiu, com ara: Projecte de conviv\u00e8ncia, Pla TAC, Pla d&#8217;acollida, Projecte d&#8217;escola i fam\u00edlia, Comunitat d&#8217;aprenentatge, etc.<\/p>\n<p>Tamb\u00e9 pot ser interessant fer refer\u00e8ncia a altres projectes i activitats, com ara: Escola verda, R\u00e0dio a l&#8217;escola, Art a l&#8217;escola, Cinema en curs, Taller de rob\u00f2tica, Aprenentatge integrat de Continguts i Lleng\u00fces Estrangeres (AICLE), Revista de l&#8217;escola, Agenda 21, Hort, Patis oberts&#8230;<\/p>\n<p>Donada la diversitat de seccions possibles, s&#8217;ha cregut oport\u00fa no crear\u00a0cap p\u00e0gina espec\u00edfica en la maqueta inicial, deixant a criteri del centre la decisi\u00f3 sobre la millor manera\u00a0d&#8217;estructurar la descripci\u00f3 del seu projecte educatiu. En crear els apartats\u00a0\u00e9s\u00a0important que la caixa <em>Atributs de la p\u00e0gina<\/em>\u00a0tingui com a pare\/mare \u201c<em>Projecte educatiu<\/em>\u201c, i que se seleccioni com a plantilla l&#8217;opci\u00f3 \u201c<em>Men\u00fa lateral<\/em>\u201c.<\/p>\n<p>Els grans reptes de l&#8217;escola a la nostra societat fan que ens plantegem que els nostres alumnes siguin capa\u00e7os de:<\/p>\n<p>CONVIURE I HABITAR EL M\u00d3N<\/p>\n<p>DESCOBRIR I TENIR INICIATIVA<\/p>\n<p>INTEGRAR EL QUE APRENEN CADA DIA<\/p>\n<p>PENSAR I SABER COMUNICAR<\/p>\n<p>SER AUT\u00d2NOMS I SOLIDARIS<\/p>\n<p>&nbsp;<\/p>\n","protected":false},"excerpt":{"rendered":"<p>DOCUMENTS DE CENTRE:<br \/>\nA continuaci\u00f3 podeu consultar els diferents documents oficials del nostre centre:<br \/>\n<a href=\"https:\/\/agora.xtec.cat\/escsantnicolau\/wp-content\/uploads\/usu1034\/2019\/09\/Carta-comprom\u00eds-signada.pdf\">CARTA DE COMPROM\u00cdS<\/a><br \/>\n<a href=\"https:\/\/agora.xtec.cat\/escsantnicolau\/wp-content\/uploads\/usu1034\/2019\/03\/PROJECTE-EDUCATIU-escola-2018.pdf\">PROJECTE EDUCATIU <\/a><br \/>\n<a href=\"https:\/\/agora.xtec.cat\/escsantnicolau\/wp-content\/uploads\/usu1034\/2019\/03\/NOF-escola.pdf\">NOF ESCOLA<\/a><br \/>\n<a href=\"https:\/\/agora.xtec.cat\/escsantnicolau\/wp-content\/uploads\/usu1034\/2019\/03\/projecte-ling\u00fc\u00edstic-2009-REVISI\u00d3-1.pdf\">PROJECTE LING\u00dc\u00cdSTIC<\/a><br \/>\nEn aquesta secci\u00f3 cada centre pot crear les p\u00e0gines necess\u00e0ries per a descriure el seu projecte educatiu. D&#8217;acord amb la <a title=\"Article 91&hellip;  <a href=\"https:\/\/agora.xtec.cat\/escsantnicolau\/lescola\/oferta-educativa\/\" title=\"Read Projecte educatiu\">Llegeix m\u00e9s\u00bb<\/a><\/p>\n","protected":false},"author":2,"featured_media":0,"parent":22,"menu_order":60,"comment_status":"closed","ping_status":"closed","template":"page-templates\/side-menu.php","meta":{"_bbp_topic_count":0,"_bbp_reply_count":0,"_bbp_total_topic_count":0,"_bbp_total_reply_count":0,"_bbp_voice_count":0,"_bbp_anonymous_reply_count":0,"_bbp_topic_count_hidden":0,"_bbp_reply_count_hidden":0,"_bbp_forum_subforum_count":0,"footnotes":""},"class_list":["post-34","page","type-page","status-publish","hentry"],"post_mailing_queue_ids":[],"_links":{"self":[{"href":"https:\/\/agora.xtec.cat\/escsantnicolau\/wp-json\/wp\/v2\/pages\/34","targetHints":{"allow":["GET"]}}],"collection":[{"href":"https:\/\/agora.xtec.cat\/escsantnicolau\/wp-json\/wp\/v2\/pages"}],"about":[{"href":"https:\/\/agora.xtec.cat\/escsantnicolau\/wp-json\/wp\/v2\/types\/page"}],"author":[{"embeddable":true,"href":"https:\/\/agora.xtec.cat\/escsantnicolau\/wp-json\/wp\/v2\/users\/2"}],"replies":[{"embeddable":true,"href":"https:\/\/agora.xtec.cat\/escsantnicolau\/wp-json\/wp\/v2\/comments?post=34"}],"version-history":[{"count":3,"href":"https:\/\/agora.xtec.cat\/escsantnicolau\/wp-json\/wp\/v2\/pages\/34\/revisions"}],"predecessor-version":[{"id":2804,"href":"https:\/\/agora.xtec.cat\/escsantnicolau\/wp-json\/wp\/v2\/pages\/34\/revisions\/2804"}],"up":[{"embeddable":true,"href":"https:\/\/agora.xtec.cat\/escsantnicolau\/wp-json\/wp\/v2\/pages\/22"}],"wp:attachment":[{"href":"https:\/\/agora.xtec.cat\/escsantnicolau\/wp-json\/wp\/v2\/media?parent=34"}],"curies":[{"name":"wp","href":"https:\/\/api.w.org\/{rel}","templated":true}]}}

<p><strong>DOCUMENTS DE CENTRE:</strong></p>
<p>A continuació podeu consultar els diferents documents oficials del nostre centre:</p>
<p><a href="https://agora.xtec.cat/escsantnicolau/wp-content/uploads/usu1034/2019/09/Carta-compromís-signada.pdf">CARTA DE COMPROMÍS</a></p>
<p><a href="https://agora.xtec.cat/escsantnicolau/wp-content/uploads/usu1034/2019/03/PROJECTE-EDUCATIU-escola-2018.pdf">PROJECTE EDUCATIU </a></p>
<p><a href="https://agora.xtec.cat/escsantnicolau/wp-content/uploads/usu1034/2019/03/NOF-escola.pdf">NOF ESCOLA</a></p>
<p><a href="https://agora.xtec.cat/escsantnicolau/wp-content/uploads/usu1034/2019/03/projecte-lingüístic-2009-REVISIÓ-1.pdf">PROJECTE LINGÜÍSTIC</a></p>
<p>En aquesta secció cada centre pot crear les pàgines necessàries per a descriure el seu projecte educatiu. D&#8217;acord amb la <a title="Article 91 LEC" href="http://www20.gencat.cat/portal/site/portaljuridic/menuitem.d15a4e5dfb99396dc366ec10b0c0e1a0/?vgnextoid=b85297b5a87d6210VgnVCM1000000b0c1e0aRCRD&amp;vgnextchannel=b85297b5a87d6210VgnVCM1000000b0c1e0aRCRD&amp;vgnextfmt=default&amp;action=fitxa&amp;portalId=1&amp;documentId=480169&amp;newLang=ca_ES#fragment-1182442" target="_blank" rel="noopener">Llei d&#8217;Educació de Catalunya</a>, el projecte educatiu incorpora el caràcter propi del centre i ha de contenir com a mínim els elements següents:</p>
<ul>
<li>Criteris d&#8217;ordenació pedagògica, prioritats i plantejaments educatius, procediments d&#8217;inclusió i altres actuacions que caracteritzen el centre.</li>
<li>Indicadors de progrés.</li>
<li>Concreció i desenvolupament dels currículums.</li>
<li>Criteris que defineixen l&#8217;estructura organitzativa.</li>
<li>Projecte lingüístic.</li>
<li>Caràcter propi del centre, si n&#8217;hi ha.</li>
</ul>
<p>Es poden incloure també en aquesta secció altres documents més específics que també formen part del projecte educatiu, com ara: Projecte de convivència, Pla TAC, Pla d&#8217;acollida, Projecte d&#8217;escola i família, Comunitat d&#8217;aprenentatge, etc.</p>
<p>També pot ser interessant fer referència a altres projectes i activitats, com ara: Escola verda, Ràdio a l&#8217;escola, Art a l&#8217;escola, Cinema en curs, Taller de robòtica, Aprenentatge integrat de Continguts i Llengües Estrangeres (AICLE), Revista de l&#8217;escola, Agenda 21, Hort, Patis oberts&#8230;</p>
<p>Donada la diversitat de seccions possibles, s&#8217;ha cregut oportú no crear cap pàgina específica en la maqueta inicial, deixant a criteri del centre la decisió sobre la millor manera d&#8217;estructurar la descripció del seu projecte educatiu. En crear els apartats és important que la caixa <em>Atributs de la pàgina</em> tingui com a pare/mare “<em>Projecte educatiu</em>“, i que se seleccioni com a plantilla l&#8217;opció “<em>Menú lateral</em>“.</p>
<p>Els grans reptes de l&#8217;escola a la nostra societat fan que ens plantegem que els nostres alumnes siguin capaços de:</p>
<p>CONVIURE I HABITAR EL MÓN</p>
<p>DESCOBRIR I TENIR INICIATIVA</p>
<p>INTEGRAR EL QUE APRENEN CADA DIA</p>
<p>PENSAR I SABER COMUNICAR</p>
<p>SER AUTÒNOMS I SOLIDARIS</p>
<p>&nbsp;</p>

<p>DOCUMENTS DE CENTRE:<br />
A continuació podeu consultar els diferents documents oficials del nostre centre:<br />
<a href="https://agora.xtec.cat/escsantnicolau/wp-content/uploads/usu1034/2019/09/Carta-compromís-signada.pdf">CARTA DE COMPROMÍS</a><br />
<a href="https://agora.xtec.cat/escsantnicolau/wp-content/uploads/usu1034/2019/03/PROJECTE-EDUCATIU-escola-2018.pdf">PROJECTE EDUCATIU </a><br />
<a href="https://agora.xtec.cat/escsantnicolau/wp-content/uploads/usu1034/2019/03/NOF-escola.pdf">NOF ESCOLA</a><br />
<a href="https://agora.xtec.cat/escsantnicolau/wp-content/uploads/usu1034/2019/03/projecte-lingüístic-2009-REVISIÓ-1.pdf">PROJECTE LINGÜÍSTIC</a><br />
En aquesta secció cada centre pot crear les pàgines necessàries per a descriure el seu projecte educatiu. D&#8217;acord amb la <a title="Article 91&hellip;  <a href="https://agora.xtec.cat/escsantnicolau/lescola/oferta-educativa/" title="Read Projecte educatiu">Llegeix més»</a></p>
