{"id":32,"date":"2014-09-18T12:31:33","date_gmt":"2014-09-18T12:31:33","guid":{"rendered":"http:\/\/agora.xtec.cat\/escsantnicolau\/?page_id=32"},"modified":"2023-12-14T15:12:30","modified_gmt":"2023-12-14T14:12:30","slug":"calendari-del-curs","status":"publish","type":"page","link":"https:\/\/agora.xtec.cat\/escsantnicolau\/lescola\/calendari-del-curs\/","title":{"rendered":"Calendari del curs 2023-2024"},"content":{"rendered":"<p><a href=\"https:\/\/agora.xtec.cat\/escsantnicolau\/wp-content\/uploads\/usu1034\/2023\/09\/calendari-2023-2024.pdf\">calendari 2023-2024<\/a><\/p>\n<h4><strong>Inici de curs:<\/strong><\/h4>\n<p>6 de setembre de 2023<\/p>\n<h4>Fi de curs:<\/h4>\n<p>21 de juny de 2024<\/p>\n<h4><strong>Vacances:<\/strong><\/h4>\n<p><strong>NADAL:<\/strong> del 21 de desembre de 2023 al 7 de gener de 2024 \u00a0(ambd\u00f3s inclosos)<\/p>\n<p><strong>SETMANA SANTA:<\/strong> Del 25 de mar\u00e7 a l\u20191 d&#8217;abril de 2024 (ambd\u00f3s inclosos)<\/p>\n<h4><strong>Dies festius de lliure disposici\u00f3:<\/strong><\/h4>\n<p>13 d&#8217;octubre de 2023<\/p>\n<p>7 de desembre de 2023<\/p>\n<p>2 i 3 de maig de 2024<\/p>\n<h4><strong>Festes locals:<\/strong><\/h4>\n<p>12 i 13 de febrer de 2024<\/p>\n<h4><strong>Jornada intensiva:<\/strong><\/h4>\n<p>Del 5 al 21 de juny del 2024 (ambd\u00f3s inclosos)<\/p>\n<p>&nbsp;<\/p>\n<p><strong>L\u2019horari lectiu<\/strong> del centre \u00e9s de 9 a 12,30 h i de 15,00 a 16,30 h per a tot l&#8217;alumnat del centre.<\/p>\n<p>Els dies de jornada intensiva l&#8217;horari \u00e9s de 9:00 a 13:00h.<\/p>\n<p>Per a l&#8217;alumnat que inicien l\u2019escolaritzaci\u00f3 a P3, s\u2019organitza un per\u00edode d\u2019adaptaci\u00f3 d&#8217;una setmana que suposa una certa modificaci\u00f3 dels horaris dels primers dies de classe, i que es fa saber a les fam\u00edlies en les reunions pr\u00e8vies corresponents.<\/p>\n","protected":false},"excerpt":{"rendered":"<p><a href=\"https:\/\/agora.xtec.cat\/escsantnicolau\/wp-content\/uploads\/usu1034\/2023\/09\/calendari-2023-2024.pdf\">calendari 2023-2024<\/a><br \/>\nInici de curs:<br \/>\n6 de setembre de 2023<br \/>\nFi de curs:<br \/>\n21 de juny de 2024<br \/>\nVacances:<br \/>\nNADAL: del 21 de desembre de 2023 al 7 de gener de 2024 \u00a0(ambd\u00f3s inclosos)<br \/>\nSETMANA SANTA: Del 25 de mar\u00e7 a l\u20191 d&#8217;abril de 2024 (ambd\u00f3s inclosos)<br \/>\nDies festius de lliure disposici\u00f3:<br \/>\n13&hellip;  <a href=\"https:\/\/agora.xtec.cat\/escsantnicolau\/lescola\/calendari-del-curs\/\" title=\"Read Calendari del curs 2023-2024\">Llegeix m\u00e9s\u00bb<\/a><\/p>\n","protected":false},"author":2,"featured_media":0,"parent":22,"menu_order":50,"comment_status":"closed","ping_status":"closed","template":"page-templates\/side-menu.php","meta":{"_bbp_topic_count":0,"_bbp_reply_count":0,"_bbp_total_topic_count":0,"_bbp_total_reply_count":0,"_bbp_voice_count":0,"_bbp_anonymous_reply_count":0,"_bbp_topic_count_hidden":0,"_bbp_reply_count_hidden":0,"_bbp_forum_subforum_count":0,"footnotes":""},"class_list":["post-32","page","type-page","status-publish","hentry"],"post_mailing_queue_ids":[],"_links":{"self":[{"href":"https:\/\/agora.xtec.cat\/escsantnicolau\/wp-json\/wp\/v2\/pages\/32","targetHints":{"allow":["GET"]}}],"collection":[{"href":"https:\/\/agora.xtec.cat\/escsantnicolau\/wp-json\/wp\/v2\/pages"}],"about":[{"href":"https:\/\/agora.xtec.cat\/escsantnicolau\/wp-json\/wp\/v2\/types\/page"}],"author":[{"embeddable":true,"href":"https:\/\/agora.xtec.cat\/escsantnicolau\/wp-json\/wp\/v2\/users\/2"}],"replies":[{"embeddable":true,"href":"https:\/\/agora.xtec.cat\/escsantnicolau\/wp-json\/wp\/v2\/comments?post=32"}],"version-history":[{"count":8,"href":"https:\/\/agora.xtec.cat\/escsantnicolau\/wp-json\/wp\/v2\/pages\/32\/revisions"}],"predecessor-version":[{"id":2926,"href":"https:\/\/agora.xtec.cat\/escsantnicolau\/wp-json\/wp\/v2\/pages\/32\/revisions\/2926"}],"up":[{"embeddable":true,"href":"https:\/\/agora.xtec.cat\/escsantnicolau\/wp-json\/wp\/v2\/pages\/22"}],"wp:attachment":[{"href":"https:\/\/agora.xtec.cat\/escsantnicolau\/wp-json\/wp\/v2\/media?parent=32"}],"curies":[{"name":"wp","href":"https:\/\/api.w.org\/{rel}","templated":true}]}}

<p><a href="https://agora.xtec.cat/escsantnicolau/wp-content/uploads/usu1034/2023/09/calendari-2023-2024.pdf">calendari 2023-2024</a></p>
<h4><strong>Inici de curs:</strong></h4>
<p>6 de setembre de 2023</p>
<h4>Fi de curs:</h4>
<p>21 de juny de 2024</p>
<h4><strong>Vacances:</strong></h4>
<p><strong>NADAL:</strong> del 21 de desembre de 2023 al 7 de gener de 2024  (ambdós inclosos)</p>
<p><strong>SETMANA SANTA:</strong> Del 25 de març a l’1 d&#8217;abril de 2024 (ambdós inclosos)</p>
<h4><strong>Dies festius de lliure disposició:</strong></h4>
<p>13 d&#8217;octubre de 2023</p>
<p>7 de desembre de 2023</p>
<p>2 i 3 de maig de 2024</p>
<h4><strong>Festes locals:</strong></h4>
<p>12 i 13 de febrer de 2024</p>
<h4><strong>Jornada intensiva:</strong></h4>
<p>Del 5 al 21 de juny del 2024 (ambdós inclosos)</p>
<p>&nbsp;</p>
<p><strong>L’horari lectiu</strong> del centre és de 9 a 12,30 h i de 15,00 a 16,30 h per a tot l&#8217;alumnat del centre.</p>
<p>Els dies de jornada intensiva l&#8217;horari és de 9:00 a 13:00h.</p>
<p>Per a l&#8217;alumnat que inicien l’escolarització a P3, s’organitza un període d’adaptació d&#8217;una setmana que suposa una certa modificació dels horaris dels primers dies de classe, i que es fa saber a les famílies en les reunions prèvies corresponents.</p>

<p><a href="https://agora.xtec.cat/escsantnicolau/wp-content/uploads/usu1034/2023/09/calendari-2023-2024.pdf">calendari 2023-2024</a><br />
Inici de curs:<br />
6 de setembre de 2023<br />
Fi de curs:<br />
21 de juny de 2024<br />
Vacances:<br />
NADAL: del 21 de desembre de 2023 al 7 de gener de 2024  (ambdós inclosos)<br />
SETMANA SANTA: Del 25 de març a l’1 d&#8217;abril de 2024 (ambdós inclosos)<br />
Dies festius de lliure disposició:<br />
13&hellip;  <a href="https://agora.xtec.cat/escsantnicolau/lescola/calendari-del-curs/" title="Read Calendari del curs 2023-2024">Llegeix més»</a></p>
