{"id":2698,"date":"2022-09-09T12:06:09","date_gmt":"2022-09-09T10:06:09","guid":{"rendered":"https:\/\/agora.xtec.cat\/escsantnicolau\/?page_id=2698"},"modified":"2022-10-21T13:30:08","modified_gmt":"2022-10-21T11:30:08","slug":"guia-dinici-de-curs","status":"publish","type":"page","link":"https:\/\/agora.xtec.cat\/escsantnicolau\/guia-dinici-de-curs\/","title":{"rendered":"Guia d&#8217;inici de curs"},"content":{"rendered":"<p><u>Acc\u00e9s al centre<\/u><\/p>\n<p>L\u2019alumnat entrar\u00e0 i sortir\u00e0 per les portes que estan situades als patis.<\/p>\n<p>Les portes del centre s\u2019obriran a les hores d\u2019inici (9.00h i 15.00h), per tal que l\u2019alumnat pugui accedir al recinte escolar i es tancaran 5 minuts m\u00e9s tard. A l\u2019hora de sortir (12.30h i 16.30h), la porta d\u2019infantil s\u2019obrir\u00e0 5 minuts abans per tal de facilitar la recollida dels alumnes.<\/p>\n<p>Durant els mesos de Setembre i Juny les portes s\u2019obriran a les hores d\u2019inici (9.00h), per accedir al recinte escolar i es tancaran 5 minuts m\u00e9s tard. A l\u2019hora de sortir (13h), la porta d\u2019infantil s\u2019obrir\u00e0 tamb\u00e9 5 minuts abans.<\/p>\n<p>Les entrades i sortides de l\u2019alumnat un cop iniciades les classe s\u2019hauran de justificar per escrit als tutors o tutores.<\/p>\n<p>En cas d\u2019abs\u00e8ncia, caldr\u00e0 justificar-ne el motiu, trucant a l\u2019escola o a trav\u00e9s de Dinantia amb el codi PIN que permet signar a nivell legal.<\/p>\n<p>Us recordem que no es poden dur maletes de rodes al centre. En tot cas es permetr\u00e0 que un cop dins al centre la maleta es pugui penjar a l\u2019esquena.<\/p>\n<p>&nbsp;<\/p>\n<p><u>\u00das de l\u2019agenda \/ Dinantia<\/u><\/p>\n<p>\u00c9s important que qualsevol incid\u00e8ncia o canvi referent a l\u2019alumnat es notifiqui per Dinantia al tutor\/a.<\/p>\n<p>Donada la import\u00e0ncia de l\u2019agenda a Prim\u00e0ria, us aconsellem que tingueu en compte de revisar-la di\u00e0riament.<\/p>\n<p>Qualsevol canvi de tel\u00e8fon, domicili, etc\u2026 cal comunicar-ho a secretaria, a trav\u00e9s de l\u2019agenda o per Dinantia.<\/p>\n<p>L\u2019agenda tamb\u00e9 \u00e9s l\u2019eina on s\u2019anoten els deures i activitats escolars i s\u2019utilitza perqu\u00e8 l\u2019alumnat planifiquin la seva feina i la fam\u00edlia en pugui fer un seguiment.<\/p>\n<p>&nbsp;<\/p>\n<p><u>Ordre i higiene Personal<\/u><\/p>\n<p>L\u2019alumnat ha de tenir cura del seu aspecte personal, anar net i convenientment vestit.<\/p>\n<p>Cal que el cal\u00e7at sigui cordat, amb cinta adherent, sobretot pels m\u00e9s petits.<\/p>\n<p>Els dies d\u2019educaci\u00f3 f\u00edsica l\u2019alumnat ha de portar roba i cal\u00e7at esportiu.<\/p>\n<p>A Infantil l\u2019alumnat haur\u00e0 de dur sabatilles c\u00f2modes que es quedaran a l\u2019aula.<\/p>\n<p>&nbsp;<\/p>\n<p><u>Esmorzars<\/u><\/p>\n<p>A l\u2019escola han de portar l\u2019esmorzar que menjaran a l\u2019aula abans de l\u2019esbarjo. Recomanem fer \u00fas de carmanyoles per posar l\u2019esmorzar i evitar les bosses de pl\u00e0stic i sobretot l\u2019alumini. Recomanem portar fruita dimarts i dijous.<\/p>\n<p>Per q\u00fcestions relacionades amb el medi ambient i amb la salut no es podran dur sucs ni iogurts l\u00edquids.<\/p>\n<p>Us recordem que a partir de 3r de prim\u00e0ria no es celebren els aniversaris.<\/p>\n<p>&nbsp;<\/p>\n<p><u>Lliurament d\u2019informes i entrevistes<\/u><\/p>\n<p>A educaci\u00f3 infantil i prim\u00e0ria s\u2019enviaran informes durant el curs escolar per mitj\u00e0 de Dinantia.<\/p>\n<p>Per tal d\u2019aconseguir una informaci\u00f3 m\u00e9s completa de l\u2019alumnat, considerem necessaris els contactes amb les tutores i els tutors. Cadascun d\u2019elles i ells us comunicaran el dia i l\u2019hora a trav\u00e9s de Dinantia o amb l\u2019agenda. Tamb\u00e9 hi haur\u00e0 una reuni\u00f3 de grup a inici de curs per tal d\u2019explicar els objectius de l\u2019any, i una entrevista personal, com a m\u00ednim, durant el curs.<\/p>\n<p>&nbsp;<\/p>\n<p><u>Treballs per a casa<\/u><\/p>\n<p>Considerem que, si b\u00e9 l\u2019adquisici\u00f3 de coneixements s\u2019ha de fer dins l\u2019horari escolar, \u00e9s necess\u00e0ria la realitzaci\u00f3 d\u2019activitats complement\u00e0ries, fora de l\u2019escola, per afermar les destreses treballades. Aquestes activitats estan graduades segon l\u2019edat i curs de l\u2019alumnat i impliquen recerca d\u2019informaci\u00f3, realitzaci\u00f3 d\u2019exercicis i treball no acabat a l\u2019aula.<\/p>\n<p>&nbsp;<\/p>\n<p><u>Activitats complement\u00e0ries<\/u><\/p>\n<p>Les sortides que es fan al llarg del curs, siguin excursions, col\u00f2nies o sessions de teatre estan relacionades amb el curr\u00edculum escolar i per tant, \u00e9s molt aconsellable que tots els infants en puguin participar.<\/p>\n<p>Per raons evidents les activitats han de ser aprofitades pel m\u00e0xim nombre de l\u2019alumnat possible, i no es podran realitzar sortides o col\u00f2nies en els quals no hi participi la majoria de l\u2019alumnat.<\/p>\n<p>Les excursions impliquen un canvi en l\u2019horari habitual del centre i poden tenir tamb\u00e9 hores de sortida i arribada anteriors i posteriors a l\u2019habitual.<\/p>\n<p>El pagament de les sortides complement\u00e0ries es far\u00e0 trimestralment per Dinantia amb data l\u00edmit.<\/p>\n<p>Fora de termini no s\u2019admetr\u00e0 cap petici\u00f3 i caldr\u00e0 trucar a l\u2019escola per a casos personals.<\/p>\n<p>&nbsp;<\/p>\n<p><u>Medicaments<\/u><\/p>\n<p>El professorat del centre no administra medicaments llevat dels casos de malaltia cr\u00f2nica. En cas de ser necessari administrar algun medicament, cal portar la recepta del metge i una autoritzaci\u00f3 de la fam\u00edlia signada.<\/p>\n<p>En cas de diarrees, febre, polls\u2026 caldr\u00e0 que l\u2019alumnat es quedi a casa fins que s\u2019hagi solucionat del tot el problema.<\/p>\n<p>&nbsp;<\/p>\n","protected":false},"excerpt":{"rendered":"<p>Acc\u00e9s al centre<br \/>\nL\u2019alumnat entrar\u00e0 i sortir\u00e0 per les portes que estan situades als patis.<br \/>\nLes portes del centre s\u2019obriran a les hores d\u2019inici (9.00h i 15.00h), per tal que l\u2019alumnat pugui accedir al recinte escolar i es tancaran 5 minuts m\u00e9s tard. A l\u2019hora de sortir&hellip;  <a href=\"https:\/\/agora.xtec.cat\/escsantnicolau\/guia-dinici-de-curs\/\" title=\"Read Guia d&#8217;inici de curs\">Llegeix m\u00e9s\u00bb<\/a><\/p>\n","protected":false},"author":5,"featured_media":0,"parent":0,"menu_order":0,"comment_status":"closed","ping_status":"closed","template":"","meta":{"_bbp_topic_count":0,"_bbp_reply_count":0,"_bbp_total_topic_count":0,"_bbp_total_reply_count":0,"_bbp_voice_count":0,"_bbp_anonymous_reply_count":0,"_bbp_topic_count_hidden":0,"_bbp_reply_count_hidden":0,"_bbp_forum_subforum_count":0,"footnotes":""},"class_list":["post-2698","page","type-page","status-publish","hentry"],"post_mailing_queue_ids":[],"_links":{"self":[{"href":"https:\/\/agora.xtec.cat\/escsantnicolau\/wp-json\/wp\/v2\/pages\/2698","targetHints":{"allow":["GET"]}}],"collection":[{"href":"https:\/\/agora.xtec.cat\/escsantnicolau\/wp-json\/wp\/v2\/pages"}],"about":[{"href":"https:\/\/agora.xtec.cat\/escsantnicolau\/wp-json\/wp\/v2\/types\/page"}],"author":[{"embeddable":true,"href":"https:\/\/agora.xtec.cat\/escsantnicolau\/wp-json\/wp\/v2\/users\/5"}],"replies":[{"embeddable":true,"href":"https:\/\/agora.xtec.cat\/escsantnicolau\/wp-json\/wp\/v2\/comments?post=2698"}],"version-history":[{"count":2,"href":"https:\/\/agora.xtec.cat\/escsantnicolau\/wp-json\/wp\/v2\/pages\/2698\/revisions"}],"predecessor-version":[{"id":2709,"href":"https:\/\/agora.xtec.cat\/escsantnicolau\/wp-json\/wp\/v2\/pages\/2698\/revisions\/2709"}],"wp:attachment":[{"href":"https:\/\/agora.xtec.cat\/escsantnicolau\/wp-json\/wp\/v2\/media?parent=2698"}],"curies":[{"name":"wp","href":"https:\/\/api.w.org\/{rel}","templated":true}]}}

<p><u>Accés al centre</u></p>
<p>L’alumnat entrarà i sortirà per les portes que estan situades als patis.</p>
<p>Les portes del centre s’obriran a les hores d’inici (9.00h i 15.00h), per tal que l’alumnat pugui accedir al recinte escolar i es tancaran 5 minuts més tard. A l’hora de sortir (12.30h i 16.30h), la porta d’infantil s’obrirà 5 minuts abans per tal de facilitar la recollida dels alumnes.</p>
<p>Durant els mesos de Setembre i Juny les portes s’obriran a les hores d’inici (9.00h), per accedir al recinte escolar i es tancaran 5 minuts més tard. A l’hora de sortir (13h), la porta d’infantil s’obrirà també 5 minuts abans.</p>
<p>Les entrades i sortides de l’alumnat un cop iniciades les classe s’hauran de justificar per escrit als tutors o tutores.</p>
<p>En cas d’absència, caldrà justificar-ne el motiu, trucant a l’escola o a través de Dinantia amb el codi PIN que permet signar a nivell legal.</p>
<p>Us recordem que no es poden dur maletes de rodes al centre. En tot cas es permetrà que un cop dins al centre la maleta es pugui penjar a l’esquena.</p>
<p>&nbsp;</p>
<p><u>Ús de l’agenda / Dinantia</u></p>
<p>És important que qualsevol incidència o canvi referent a l’alumnat es notifiqui per Dinantia al tutor/a.</p>
<p>Donada la importància de l’agenda a Primària, us aconsellem que tingueu en compte de revisar-la diàriament.</p>
<p>Qualsevol canvi de telèfon, domicili, etc… cal comunicar-ho a secretaria, a través de l’agenda o per Dinantia.</p>
<p>L’agenda també és l’eina on s’anoten els deures i activitats escolars i s’utilitza perquè l’alumnat planifiquin la seva feina i la família en pugui fer un seguiment.</p>
<p>&nbsp;</p>
<p><u>Ordre i higiene Personal</u></p>
<p>L’alumnat ha de tenir cura del seu aspecte personal, anar net i convenientment vestit.</p>
<p>Cal que el calçat sigui cordat, amb cinta adherent, sobretot pels més petits.</p>
<p>Els dies d’educació física l’alumnat ha de portar roba i calçat esportiu.</p>
<p>A Infantil l’alumnat haurà de dur sabatilles còmodes que es quedaran a l’aula.</p>
<p>&nbsp;</p>
<p><u>Esmorzars</u></p>
<p>A l’escola han de portar l’esmorzar que menjaran a l’aula abans de l’esbarjo. Recomanem fer ús de carmanyoles per posar l’esmorzar i evitar les bosses de plàstic i sobretot l’alumini. Recomanem portar fruita dimarts i dijous.</p>
<p>Per qüestions relacionades amb el medi ambient i amb la salut no es podran dur sucs ni iogurts líquids.</p>
<p>Us recordem que a partir de 3r de primària no es celebren els aniversaris.</p>
<p>&nbsp;</p>
<p><u>Lliurament d’informes i entrevistes</u></p>
<p>A educació infantil i primària s’enviaran informes durant el curs escolar per mitjà de Dinantia.</p>
<p>Per tal d’aconseguir una informació més completa de l’alumnat, considerem necessaris els contactes amb les tutores i els tutors. Cadascun d’elles i ells us comunicaran el dia i l’hora a través de Dinantia o amb l’agenda. També hi haurà una reunió de grup a inici de curs per tal d’explicar els objectius de l’any, i una entrevista personal, com a mínim, durant el curs.</p>
<p>&nbsp;</p>
<p><u>Treballs per a casa</u></p>
<p>Considerem que, si bé l’adquisició de coneixements s’ha de fer dins l’horari escolar, és necessària la realització d’activitats complementàries, fora de l’escola, per afermar les destreses treballades. Aquestes activitats estan graduades segon l’edat i curs de l’alumnat i impliquen recerca d’informació, realització d’exercicis i treball no acabat a l’aula.</p>
<p>&nbsp;</p>
<p><u>Activitats complementàries</u></p>
<p>Les sortides que es fan al llarg del curs, siguin excursions, colònies o sessions de teatre estan relacionades amb el currículum escolar i per tant, és molt aconsellable que tots els infants en puguin participar.</p>
<p>Per raons evidents les activitats han de ser aprofitades pel màxim nombre de l’alumnat possible, i no es podran realitzar sortides o colònies en els quals no hi participi la majoria de l’alumnat.</p>
<p>Les excursions impliquen un canvi en l’horari habitual del centre i poden tenir també hores de sortida i arribada anteriors i posteriors a l’habitual.</p>
<p>El pagament de les sortides complementàries es farà trimestralment per Dinantia amb data límit.</p>
<p>Fora de termini no s’admetrà cap petició i caldrà trucar a l’escola per a casos personals.</p>
<p>&nbsp;</p>
<p><u>Medicaments</u></p>
<p>El professorat del centre no administra medicaments llevat dels casos de malaltia crònica. En cas de ser necessari administrar algun medicament, cal portar la recepta del metge i una autorització de la família signada.</p>
<p>En cas de diarrees, febre, polls… caldrà que l’alumnat es quedi a casa fins que s’hagi solucionat del tot el problema.</p>
<p>&nbsp;</p>

<p>Accés al centre<br />
L’alumnat entrarà i sortirà per les portes que estan situades als patis.<br />
Les portes del centre s’obriran a les hores d’inici (9.00h i 15.00h), per tal que l’alumnat pugui accedir al recinte escolar i es tancaran 5 minuts més tard. A l’hora de sortir&hellip;  <a href="https://agora.xtec.cat/escsantnicolau/guia-dinici-de-curs/" title="Read Guia d&#8217;inici de curs">Llegeix més»</a></p>
