{"id":9,"date":"2014-09-17T15:08:18","date_gmt":"2014-09-17T14:08:18","guid":{"rendered":"http:\/\/agora.xtec.cat\/escsantiagorates\/?page_id=9"},"modified":"2018-07-17T12:12:34","modified_gmt":"2018-07-17T10:12:34","slug":"pagina-dinici-buida","status":"publish","type":"page","link":"https:\/\/agora.xtec.cat\/escsantiagorates\/pagina-dinici-buida\/","title":{"rendered":"Nova web"},"content":{"rendered":"<h2>Benvolgudes fam\u00edlies,<\/h2>\n<p>Aquesta \u00e9s la nova web del centre on hi podreu consultar informacions v\u00e0ries del vostre inter\u00e8s.<\/p>\n<p>Poc a poc l&#8217;anirem actualitzant. Ara mateix, est\u00e0 en fase de construcci\u00f3.<\/p>\n<p>Per poder veure anteriors publicacions del blog de l&#8217;escola, visitar:\u00a0<a href=\"http:\/\/www.santiagorates.blogspot.com\">Blog<\/a><\/p>\n<p><a href=\"http:\/\/agora.xtec.cat\/escsantiagorates\/wp-content\/uploads\/usu1786\/2014\/09\/baixa.jpg\"><img loading=\"lazy\" decoding=\"async\" class=\"aligncenter size-full wp-image-827\" src=\"http:\/\/agora.xtec.cat\/escsantiagorates\/wp-content\/uploads\/usu1786\/2014\/09\/baixa.jpg\" alt=\"\" width=\"225\" height=\"224\" srcset=\"https:\/\/agora.xtec.cat\/escsantiagorates\/wp-content\/uploads\/usu1786\/2014\/09\/baixa.jpg 225w, https:\/\/agora.xtec.cat\/escsantiagorates\/wp-content\/uploads\/usu1786\/2014\/09\/baixa-150x150.jpg 150w\" sizes=\"auto, (max-width: 225px) 100vw, 225px\" \/><\/a><\/p>\n","protected":false},"excerpt":{"rendered":"<p>Benvolgudes fam\u00edlies,<br \/>\nAquesta \u00e9s la nova web del centre on hi podreu consultar informacions v\u00e0ries del vostre inter\u00e8s.<br \/>\nPoc a poc l&#8217;anirem actualitzant. Ara mateix, est\u00e0 en fase de construcci\u00f3.<br \/>\nPer poder veure anteriors publicacions del blog de l&#8217;escola, visitar:\u00a0<a href=\"http:\/\/www.santiagorates.blogspot.com\">Blog<\/a><br \/>\n<a href=\"http:\/\/agora.xtec.cat\/escsantiagorates\/wp-content\/uploads\/usu1786\/2014\/09\/baixa.jpg\"><\/a><\/p>\n","protected":false},"author":1,"featured_media":0,"parent":0,"menu_order":0,"comment_status":"closed","ping_status":"closed","template":"page-templates\/front-page.php","meta":{"_bbp_topic_count":0,"_bbp_reply_count":0,"_bbp_total_topic_count":0,"_bbp_total_reply_count":0,"_bbp_voice_count":0,"_bbp_anonymous_reply_count":0,"_bbp_topic_count_hidden":0,"_bbp_reply_count_hidden":0,"_bbp_forum_subforum_count":0,"footnotes":""},"class_list":["post-9","page","type-page","status-publish","hentry"],"post_mailing_queue_ids":[],"_links":{"self":[{"href":"https:\/\/agora.xtec.cat\/escsantiagorates\/wp-json\/wp\/v2\/pages\/9","targetHints":{"allow":["GET"]}}],"collection":[{"href":"https:\/\/agora.xtec.cat\/escsantiagorates\/wp-json\/wp\/v2\/pages"}],"about":[{"href":"https:\/\/agora.xtec.cat\/escsantiagorates\/wp-json\/wp\/v2\/types\/page"}],"author":[{"embeddable":true,"href":"https:\/\/agora.xtec.cat\/escsantiagorates\/wp-json\/wp\/v2\/users\/1"}],"replies":[{"embeddable":true,"href":"https:\/\/agora.xtec.cat\/escsantiagorates\/wp-json\/wp\/v2\/comments?post=9"}],"version-history":[{"count":4,"href":"https:\/\/agora.xtec.cat\/escsantiagorates\/wp-json\/wp\/v2\/pages\/9\/revisions"}],"predecessor-version":[{"id":904,"href":"https:\/\/agora.xtec.cat\/escsantiagorates\/wp-json\/wp\/v2\/pages\/9\/revisions\/904"}],"wp:attachment":[{"href":"https:\/\/agora.xtec.cat\/escsantiagorates\/wp-json\/wp\/v2\/media?parent=9"}],"curies":[{"name":"wp","href":"https:\/\/api.w.org\/{rel}","templated":true}]}}