{"id":4414,"date":"2025-02-21T20:08:57","date_gmt":"2025-02-21T19:08:57","guid":{"rendered":"https:\/\/agora.xtec.cat\/escsantiagorates\/?page_id=4414"},"modified":"2025-02-21T20:08:57","modified_gmt":"2025-02-21T19:08:57","slug":"preinscripcio-i-matricula","status":"publish","type":"page","link":"https:\/\/agora.xtec.cat\/escsantiagorates\/lescola\/preinscripcio-i-matricula\/","title":{"rendered":"Preinscripci\u00f3 i matr\u00edcula"},"content":{"rendered":"<h3><b><a href=\"https:\/\/agora.xtec.cat\/escsantiagorates\/wp-content\/uploads\/usu1786\/2025\/02\/JORNADA-PORTES-OBERTES.jpg\"><img loading=\"lazy\" decoding=\"async\" class=\"alignleft wp-image-4407 size-medium\" src=\"https:\/\/agora.xtec.cat\/escsantiagorates\/wp-content\/uploads\/usu1786\/2025\/02\/JORNADA-PORTES-OBERTES-212x300.jpg\" alt=\"\" width=\"212\" height=\"300\" srcset=\"https:\/\/agora.xtec.cat\/escsantiagorates\/wp-content\/uploads\/usu1786\/2025\/02\/JORNADA-PORTES-OBERTES-212x300.jpg 212w, https:\/\/agora.xtec.cat\/escsantiagorates\/wp-content\/uploads\/usu1786\/2025\/02\/JORNADA-PORTES-OBERTES-724x1024.jpg 724w, https:\/\/agora.xtec.cat\/escsantiagorates\/wp-content\/uploads\/usu1786\/2025\/02\/JORNADA-PORTES-OBERTES-768x1086.jpg 768w, https:\/\/agora.xtec.cat\/escsantiagorates\/wp-content\/uploads\/usu1786\/2025\/02\/JORNADA-PORTES-OBERTES-1086x1536.jpg 1086w, https:\/\/agora.xtec.cat\/escsantiagorates\/wp-content\/uploads\/usu1786\/2025\/02\/JORNADA-PORTES-OBERTES.jpg 1414w\" sizes=\"auto, (max-width: 212px) 100vw, 212px\" \/><\/a>CALENDARI PREINSCRIPCI\u00d3 2025-2026<\/b><\/h3>\n<ul style=\"list-style-type: disc;\">\n<li><span style=\"font-weight: 400;\"><strong>Presentaci\u00f3 de sol\u00b7licituds:<\/strong> del 12 al 26 de mar\u00e7 de 2025 (a partir de les 09:00h)<\/span><\/li>\n<li><span style=\"font-weight: 400;\"><strong>Presentaci\u00f3 de documentaci\u00f3<\/strong>: fins al 28 de mar\u00e7 de 2025<\/span><\/li>\n<li><span style=\"font-weight: 400;\"><strong>Publicaci\u00f3 de les llistes amb el barem provisional<\/strong>: 24 d&#8217;abril de 2025<\/span><\/li>\n<li><span style=\"font-weight: 400;\"><strong>Presentaci\u00f3 de reclamacions<\/strong>: del 24 al 29 d&#8217;abril de 2025<\/span><\/li>\n<li><span style=\"font-weight: 400;\"><strong>Publicaci\u00f3 de la llista de sol\u00b7licituds amb la puntuaci\u00f3 un cop resoltes les reclamacions<\/strong>: 5 de maig de 2025<\/span><\/li>\n<li><span style=\"font-weight: 400;\"><strong>Sorteig per resoldre les sol\u00b7licituds de preinscripci\u00f3 empatades en punts<\/strong>: 8 de maig de 2025<\/span><\/li>\n<li><strong>Llista ordenada<\/strong>: 9 de maig de 2025<\/li>\n<li><span style=\"font-weight: 400;\"><strong>Publicaci\u00f3 de la llista d\u2019admesos<\/strong>: <\/span>16 de juny de 2025<\/li>\n<li><span style=\"font-weight: 400;\"><strong>Matr\u00edcula<\/strong>: del 25 de juny al 3 de juliol de 2025<\/span><\/li>\n<\/ul>\n<p><strong>&#8211;&gt; M\u00c9S INFORMACI\u00d3<\/strong>: <a href=\"https:\/\/preinscripcio.gencat.cat\/ca\/inici\/index.html\">https:\/\/preinscripcio.gencat.cat\/ca\/inici\/index.html<\/a><\/p>\n<p><strong style=\"font-size: 1.4375em;\">PROCEDIMENT<\/strong><\/p>\n<div>\n<p>Les sol\u00b7licituds es presentaran en format telem\u00e0tic i es poden presentar de forma:<\/p>\n<ul>\n<li><strong>Electr\u00f2nica<\/strong>: cal identificaci\u00f3 digital<\/li>\n<li><strong>Suport inform\u00e0tic<\/strong>: sense identificaci\u00f3 digital<\/li>\n<\/ul>\n<p><strong>EN EL CAS QUE ES NECESSITI AJUDA: <\/strong>de dilluns a divendres de 08:30h a 09:30h (durant el per\u00edode de preinscripci\u00f3).<\/p>\n<\/div>\n","protected":false},"excerpt":{"rendered":"<p><a href=\"https:\/\/agora.xtec.cat\/escsantiagorates\/wp-content\/uploads\/usu1786\/2025\/02\/JORNADA-PORTES-OBERTES.jpg\"><\/a>CALENDARI PREINSCRIPCI\u00d3 2025-2026<\/p>\n<ul style=\"list-style-type: disc;\">\n<li>Presentaci\u00f3 de sol\u00b7licituds: del 12 al 26 de mar\u00e7 de 2025 (a partir de les 09:00h)<\/li>\n<li>Presentaci\u00f3 de documentaci\u00f3: fins al 28 de mar\u00e7 de 2025<\/li>\n<li>Publicaci\u00f3 de les llistes amb el barem provisional: 24 d&#8217;abril de 2025<\/li>\n<li>Presentaci\u00f3 de reclamacions: del 24&hellip;  <a href=\"https:\/\/agora.xtec.cat\/escsantiagorates\/lescola\/preinscripcio-i-matricula\/\" title=\"Read Preinscripci\u00f3 i matr\u00edcula\">Llegeix m\u00e9s\u00bb<\/a><br \/>\n","protected":false},"author":1,"featured_media":0,"parent":22,"menu_order":6,"comment_status":"closed","ping_status":"closed","template":"page-templates\/side-menu.php","meta":{"_bbp_topic_count":0,"_bbp_reply_count":0,"_bbp_total_topic_count":0,"_bbp_total_reply_count":0,"_bbp_voice_count":0,"_bbp_anonymous_reply_count":0,"_bbp_topic_count_hidden":0,"_bbp_reply_count_hidden":0,"_bbp_forum_subforum_count":0,"footnotes":""},"class_list":["post-4414","page","type-page","status-publish","hentry"],"post_mailing_queue_ids":[],"_links":{"self":[{"href":"https:\/\/agora.xtec.cat\/escsantiagorates\/wp-json\/wp\/v2\/pages\/4414","targetHints":{"allow":["GET"]}}],"collection":[{"href":"https:\/\/agora.xtec.cat\/escsantiagorates\/wp-json\/wp\/v2\/pages"}],"about":[{"href":"https:\/\/agora.xtec.cat\/escsantiagorates\/wp-json\/wp\/v2\/types\/page"}],"author":[{"embeddable":true,"href":"https:\/\/agora.xtec.cat\/escsantiagorates\/wp-json\/wp\/v2\/users\/1"}],"replies":[{"embeddable":true,"href":"https:\/\/agora.xtec.cat\/escsantiagorates\/wp-json\/wp\/v2\/comments?post=4414"}],"version-history":[{"count":1,"href":"https:\/\/agora.xtec.cat\/escsantiagorates\/wp-json\/wp\/v2\/pages\/4414\/revisions"}],"predecessor-version":[{"id":4415,"href":"https:\/\/agora.xtec.cat\/escsantiagorates\/wp-json\/wp\/v2\/pages\/4414\/revisions\/4415"}],"up":[{"embeddable":true,"href":"https:\/\/agora.xtec.cat\/escsantiagorates\/wp-json\/wp\/v2\/pages\/22"}],"wp:attachment":[{"href":"https:\/\/agora.xtec.cat\/escsantiagorates\/wp-json\/wp\/v2\/media?parent=4414"}],"curies":[{"name":"wp","href":"https:\/\/api.w.org\/{rel}","templated":true}]}}

Preinscripció i matrícula

<h3><b><a href="https://agora.xtec.cat/escsantiagorates/wp-content/uploads/usu1786/2025/02/JORNADA-PORTES-OBERTES.jpg"><img loading="lazy" decoding="async" class="alignleft wp-image-4407 size-medium" src="https://agora.xtec.cat/escsantiagorates/wp-content/uploads/usu1786/2025/02/JORNADA-PORTES-OBERTES-212x300.jpg" alt="" width="212" height="300" srcset="https://agora.xtec.cat/escsantiagorates/wp-content/uploads/usu1786/2025/02/JORNADA-PORTES-OBERTES-212x300.jpg 212w, https://agora.xtec.cat/escsantiagorates/wp-content/uploads/usu1786/2025/02/JORNADA-PORTES-OBERTES-724x1024.jpg 724w, https://agora.xtec.cat/escsantiagorates/wp-content/uploads/usu1786/2025/02/JORNADA-PORTES-OBERTES-768x1086.jpg 768w, https://agora.xtec.cat/escsantiagorates/wp-content/uploads/usu1786/2025/02/JORNADA-PORTES-OBERTES-1086x1536.jpg 1086w, https://agora.xtec.cat/escsantiagorates/wp-content/uploads/usu1786/2025/02/JORNADA-PORTES-OBERTES.jpg 1414w" sizes="auto, (max-width: 212px) 100vw, 212px" /></a>CALENDARI PREINSCRIPCIÓ 2025-2026</b></h3>
<ul style="list-style-type: disc;">
<li><span style="font-weight: 400;"><strong>Presentació de sol·licituds:</strong> del 12 al 26 de març de 2025 (a partir de les 09:00h)</span></li>
<li><span style="font-weight: 400;"><strong>Presentació de documentació</strong>: fins al 28 de març de 2025</span></li>
<li><span style="font-weight: 400;"><strong>Publicació de les llistes amb el barem provisional</strong>: 24 d&#8217;abril de 2025</span></li>
<li><span style="font-weight: 400;"><strong>Presentació de reclamacions</strong>: del 24 al 29 d&#8217;abril de 2025</span></li>
<li><span style="font-weight: 400;"><strong>Publicació de la llista de sol·licituds amb la puntuació un cop resoltes les reclamacions</strong>: 5 de maig de 2025</span></li>
<li><span style="font-weight: 400;"><strong>Sorteig per resoldre les sol·licituds de preinscripció empatades en punts</strong>: 8 de maig de 2025</span></li>
<li><strong>Llista ordenada</strong>: 9 de maig de 2025</li>
<li><span style="font-weight: 400;"><strong>Publicació de la llista d’admesos</strong>: </span>16 de juny de 2025</li>
<li><span style="font-weight: 400;"><strong>Matrícula</strong>: del 25 de juny al 3 de juliol de 2025</span></li>
</ul>
<p><strong>&#8211;&gt; MÉS INFORMACIÓ</strong>: <a href="https://preinscripcio.gencat.cat/ca/inici/index.html">https://preinscripcio.gencat.cat/ca/inici/index.html</a></p>
<p><strong style="font-size: 1.4375em;">PROCEDIMENT</strong></p>
<div>
<p>Les sol·licituds es presentaran en format telemàtic i es poden presentar de forma:</p>
<ul>
<li><strong>Electrònica</strong>: cal identificació digital</li>
<li><strong>Suport informàtic</strong>: sense identificació digital</li>
</ul>
<p><strong>EN EL CAS QUE ES NECESSITI AJUDA: </strong>de dilluns a divendres de 08:30h a 09:30h (durant el període de preinscripció).</p>
</div>

<p><a href="https://agora.xtec.cat/escsantiagorates/wp-content/uploads/usu1786/2025/02/JORNADA-PORTES-OBERTES.jpg"></a>CALENDARI PREINSCRIPCIÓ 2025-2026</p>
<ul style="list-style-type: disc;">
<li>Presentació de sol·licituds: del 12 al 26 de març de 2025 (a partir de les 09:00h)</li>
<li>Presentació de documentació: fins al 28 de març de 2025</li>
<li>Publicació de les llistes amb el barem provisional: 24 d&#8217;abril de 2025</li>
<li>Presentació de reclamacions: del 24&hellip;  <a href="https://agora.xtec.cat/escsantiagorates/lescola/preinscripcio-i-matricula/" title="Read Preinscripció i matrícula">Llegeix més»</a><br />
