{"id":30,"date":"2014-09-18T12:30:23","date_gmt":"2014-09-18T11:30:23","guid":{"rendered":"http:\/\/agora.xtec.cat\/escsantiagorates\/?page_id=30"},"modified":"2025-11-27T16:45:09","modified_gmt":"2025-11-27T15:45:09","slug":"instal%c2%b7lacions","status":"publish","type":"page","link":"https:\/\/agora.xtec.cat\/escsantiagorates\/lescola\/instal%c2%b7lacions\/","title":{"rendered":"Instal\u00b7lacions"},"content":{"rendered":"<p>El nostre centre consta d&#8217;un edifici, un pati per Educaci\u00f3 Infantil i un per Prim\u00e0ria.<\/p>\n<p>L&#8217;escola \u00e9s dins del nucli urb\u00e0 de Vilaju\u00efga, al tram final del carrer de Sant Sebasti\u00e0, via d&#8217;acc\u00e9s al ve\u00efnat de Dalt de la poblaci\u00f3, davant de les antigues escoles.<sup id=\"cite_ref-patmapa_1-0\" class=\"reference\"><\/sup><\/p>\n<p style=\"text-align: justify;\">L&#8217;edifici \u00e9s de planta rectangular, amb un altre cos adossat posteriorment d&#8217;una sola planta. La part original est\u00e0 formada per dos cossos allargats disposats en paral\u00b7lel, amb la coberta a dues vessants de teula, i distribu\u00efts en planta baixa i pis. S&#8217;ordena en dues ales unides per un vest\u00edbul central, amb el cos d&#8217;escala i el distribu\u00efdor en el pis superior. La fa\u00e7ana principal presenta dues portes d&#8217;acc\u00e9s des del pati, situades a banda i banda del cos central ocupat pel vest\u00edbul i l&#8217;escala. Tamb\u00e9 hi ha una gran porta amb reixa, amb acc\u00e9s directe des del carrer a trav\u00e9s d&#8217;unes escales. La fa\u00e7ana posterior es caracteritza pels grans finestrals que abasteixen de llum natural les aules. Al mig hi ha tres grans obertures rectangulars, a manera de\u00a0porxo, per entrar a l&#8217;edifici. Les fa\u00e7anes nord i sud, les curtes, presenten un punt d&#8217;inflexi\u00f3 a les cantonades, a manera de tancament i emmarcament de l&#8217;edifici. Els acabats exteriors s\u00f3n\u00a0arrebossats\u00a0i pintats.<\/p>\n<p>Organitzaci\u00f3 del curs 2025-2026:<br \/>\n&#8211; 1 Aula d&#8217;Infantil Verd<br \/>\n&#8211; 1 Aula d&#8217;Infantil Taronja<br \/>\n&#8211; 1 Aula de Cicle Inicial<br \/>\n&#8211; 1 Aula de Cicle Mitj\u00e0<br \/>\n&#8211; 1 Aula de 5\u00e8<br \/>\n&#8211; 1 Aula de 6\u00e8<\/p>\n","protected":false},"excerpt":{"rendered":"<p>El nostre centre consta d&#8217;un edifici, un pati per Educaci\u00f3 Infantil i un per Prim\u00e0ria.<br \/>\nL&#8217;escola \u00e9s dins del nucli urb\u00e0 de Vilaju\u00efga, al tram final del carrer de Sant Sebasti\u00e0, via d&#8217;acc\u00e9s al ve\u00efnat de Dalt de la poblaci\u00f3, davant de les antigues escoles.<br \/>\nL&#8217;edifici \u00e9s&hellip;  <a href=\"https:\/\/agora.xtec.cat\/escsantiagorates\/lescola\/instal%c2%b7lacions\/\" title=\"Read Instal\u00b7lacions\">Llegeix m\u00e9s\u00bb<\/a><\/p>\n","protected":false},"author":1,"featured_media":0,"parent":22,"menu_order":4,"comment_status":"closed","ping_status":"closed","template":"page-templates\/side-menu.php","meta":{"_bbp_topic_count":0,"_bbp_reply_count":0,"_bbp_total_topic_count":0,"_bbp_total_reply_count":0,"_bbp_voice_count":0,"_bbp_anonymous_reply_count":0,"_bbp_topic_count_hidden":0,"_bbp_reply_count_hidden":0,"_bbp_forum_subforum_count":0,"footnotes":""},"class_list":["post-30","page","type-page","status-publish","hentry"],"post_mailing_queue_ids":[],"_links":{"self":[{"href":"https:\/\/agora.xtec.cat\/escsantiagorates\/wp-json\/wp\/v2\/pages\/30","targetHints":{"allow":["GET"]}}],"collection":[{"href":"https:\/\/agora.xtec.cat\/escsantiagorates\/wp-json\/wp\/v2\/pages"}],"about":[{"href":"https:\/\/agora.xtec.cat\/escsantiagorates\/wp-json\/wp\/v2\/types\/page"}],"author":[{"embeddable":true,"href":"https:\/\/agora.xtec.cat\/escsantiagorates\/wp-json\/wp\/v2\/users\/1"}],"replies":[{"embeddable":true,"href":"https:\/\/agora.xtec.cat\/escsantiagorates\/wp-json\/wp\/v2\/comments?post=30"}],"version-history":[{"count":6,"href":"https:\/\/agora.xtec.cat\/escsantiagorates\/wp-json\/wp\/v2\/pages\/30\/revisions"}],"predecessor-version":[{"id":4874,"href":"https:\/\/agora.xtec.cat\/escsantiagorates\/wp-json\/wp\/v2\/pages\/30\/revisions\/4874"}],"up":[{"embeddable":true,"href":"https:\/\/agora.xtec.cat\/escsantiagorates\/wp-json\/wp\/v2\/pages\/22"}],"wp:attachment":[{"href":"https:\/\/agora.xtec.cat\/escsantiagorates\/wp-json\/wp\/v2\/media?parent=30"}],"curies":[{"name":"wp","href":"https:\/\/api.w.org\/{rel}","templated":true}]}}

<p>El nostre centre consta d&#8217;un edifici, un pati per Educació Infantil i un per Primària.</p>
<p>L&#8217;escola és dins del nucli urbà de Vilajuïga, al tram final del carrer de Sant Sebastià, via d&#8217;accés al veïnat de Dalt de la població, davant de les antigues escoles.<sup id="cite_ref-patmapa_1-0" class="reference"></sup></p>
<p style="text-align: justify;">L&#8217;edifici és de planta rectangular, amb un altre cos adossat posteriorment d&#8217;una sola planta. La part original està formada per dos cossos allargats disposats en paral·lel, amb la coberta a dues vessants de teula, i distribuïts en planta baixa i pis. S&#8217;ordena en dues ales unides per un vestíbul central, amb el cos d&#8217;escala i el distribuïdor en el pis superior. La façana principal presenta dues portes d&#8217;accés des del pati, situades a banda i banda del cos central ocupat pel vestíbul i l&#8217;escala. També hi ha una gran porta amb reixa, amb accés directe des del carrer a través d&#8217;unes escales. La façana posterior es caracteritza pels grans finestrals que abasteixen de llum natural les aules. Al mig hi ha tres grans obertures rectangulars, a manera de porxo, per entrar a l&#8217;edifici. Les façanes nord i sud, les curtes, presenten un punt d&#8217;inflexió a les cantonades, a manera de tancament i emmarcament de l&#8217;edifici. Els acabats exteriors són arrebossats i pintats.</p>
<p>Organització del curs 2025-2026:<br />
&#8211; 1 Aula d&#8217;Infantil Verd<br />
&#8211; 1 Aula d&#8217;Infantil Taronja<br />
&#8211; 1 Aula de Cicle Inicial<br />
&#8211; 1 Aula de Cicle Mitjà<br />
&#8211; 1 Aula de 5è<br />
&#8211; 1 Aula de 6è</p>

<p>El nostre centre consta d&#8217;un edifici, un pati per Educació Infantil i un per Primària.<br />
L&#8217;escola és dins del nucli urbà de Vilajuïga, al tram final del carrer de Sant Sebastià, via d&#8217;accés al veïnat de Dalt de la població, davant de les antigues escoles.<br />
L&#8217;edifici és&hellip;  <a href="https://agora.xtec.cat/escsantiagorates/lescola/instal%c2%b7lacions/" title="Read Instal·lacions">Llegeix més»</a></p>
