{"id":26,"date":"2014-09-18T12:24:32","date_gmt":"2014-09-18T11:24:32","guid":{"rendered":"http:\/\/agora.xtec.cat\/escsantiagorates\/?page_id=26"},"modified":"2025-02-21T13:44:29","modified_gmt":"2025-02-21T12:44:29","slug":"historia","status":"publish","type":"page","link":"https:\/\/agora.xtec.cat\/escsantiagorates\/lescola\/historia\/","title":{"rendered":"Hist\u00f2ria"},"content":{"rendered":"<p>L&#8217;<b>escola Santiago Rat\u00e9s<\/b>\u00a0de\u00a0Vilaju\u00efga\u00a0(Alt Empord\u00e0) \u00e9s inclosa a l&#8217;<a title=\"Inventari del Patrimoni Arquitect\u00f2nic de Catalunya\" href=\"https:\/\/ca.wikipedia.org\/wiki\/Inventari_del_Patrimoni_Arquitect%C3%B2nic_de_Catalunya\">Inventari del Patrimoni Arquitect\u00f2nic de Catalunya, <\/a>obra de l&#8217;arquitecte giron\u00ed Josep Claret i Rovira (1908-1988). Aquest, va construir, en el mateix per\u00edode, tot un seguit d&#8217;escoles que presenten una forma i estil semblant. A l&#8217;Alt Empord\u00e0 hom pot trobar les seg\u00fcents: Escola Comarcal de la Jonquera, Col\u00b7legi P\u00fablic Emp\u00faries\u00a0(l&#8217;Escala), Escoles de Vilamalla \/ CEIP Josep de Ribot i Olivas (Vilamalla), Escoles Unit\u00e0ries \/ CEIP Marinada (Ordis), Escoles de nens i nenes (Terrades), Escola Unit\u00e0ria (Campmany),\u00a0Escoles Nacionals \/ CEIP Pau\u00a0(Pau), Escoles de Vila-sacra \/ Sala Polivalent (Vila-sacra), Escoles Noves \/ Escoles Nacionals (Portbou), Escola de Verges (Verges), Escola de Llan\u00e7\u00e0 (Llan\u00e7\u00e0),\u00a0Escoles d&#8217;Espolla\u00a0(Espolla), les Escoles i cases dels mestres (la Selva de Mar).<\/p>\n<p>&nbsp;<\/p>\n","protected":false},"excerpt":{"rendered":"<p>L&#8217;escola Santiago Rat\u00e9s\u00a0de\u00a0Vilaju\u00efga\u00a0(Alt Empord\u00e0) \u00e9s inclosa a l&#8217;<a title=\"Inventari del Patrimoni Arquitect\u00f2nic de Catalunya\" href=\"https:\/\/ca.wikipedia.org\/wiki\/Inventari_del_Patrimoni_Arquitect%C3%B2nic_de_Catalunya\">Inventari del Patrimoni Arquitect\u00f2nic de Catalunya, <\/a>obra de l&#8217;arquitecte giron\u00ed Josep Claret i Rovira (1908-1988). Aquest, va construir, en el mateix per\u00edode, tot un seguit d&#8217;escoles que presenten una forma i&hellip;  <a href=\"https:\/\/agora.xtec.cat\/escsantiagorates\/lescola\/historia\/\" title=\"Read Hist\u00f2ria\">Llegeix m\u00e9s\u00bb<\/a><\/p>\n","protected":false},"author":1,"featured_media":0,"parent":22,"menu_order":2,"comment_status":"closed","ping_status":"closed","template":"page-templates\/side-menu.php","meta":{"_bbp_topic_count":0,"_bbp_reply_count":0,"_bbp_total_topic_count":0,"_bbp_total_reply_count":0,"_bbp_voice_count":0,"_bbp_anonymous_reply_count":0,"_bbp_topic_count_hidden":0,"_bbp_reply_count_hidden":0,"_bbp_forum_subforum_count":0,"footnotes":""},"class_list":["post-26","page","type-page","status-publish","hentry"],"post_mailing_queue_ids":[],"_links":{"self":[{"href":"https:\/\/agora.xtec.cat\/escsantiagorates\/wp-json\/wp\/v2\/pages\/26","targetHints":{"allow":["GET"]}}],"collection":[{"href":"https:\/\/agora.xtec.cat\/escsantiagorates\/wp-json\/wp\/v2\/pages"}],"about":[{"href":"https:\/\/agora.xtec.cat\/escsantiagorates\/wp-json\/wp\/v2\/types\/page"}],"author":[{"embeddable":true,"href":"https:\/\/agora.xtec.cat\/escsantiagorates\/wp-json\/wp\/v2\/users\/1"}],"replies":[{"embeddable":true,"href":"https:\/\/agora.xtec.cat\/escsantiagorates\/wp-json\/wp\/v2\/comments?post=26"}],"version-history":[{"count":3,"href":"https:\/\/agora.xtec.cat\/escsantiagorates\/wp-json\/wp\/v2\/pages\/26\/revisions"}],"predecessor-version":[{"id":2445,"href":"https:\/\/agora.xtec.cat\/escsantiagorates\/wp-json\/wp\/v2\/pages\/26\/revisions\/2445"}],"up":[{"embeddable":true,"href":"https:\/\/agora.xtec.cat\/escsantiagorates\/wp-json\/wp\/v2\/pages\/22"}],"wp:attachment":[{"href":"https:\/\/agora.xtec.cat\/escsantiagorates\/wp-json\/wp\/v2\/media?parent=26"}],"curies":[{"name":"wp","href":"https:\/\/api.w.org\/{rel}","templated":true}]}}

Història

<p>L&#8217;<b>escola Santiago Ratés</b> de Vilajuïga (Alt Empordà) és inclosa a l&#8217;<a title="Inventari del Patrimoni Arquitectònic de Catalunya" href="https://ca.wikipedia.org/wiki/Inventari_del_Patrimoni_Arquitect%C3%B2nic_de_Catalunya">Inventari del Patrimoni Arquitectònic de Catalunya, </a>obra de l&#8217;arquitecte gironí Josep Claret i Rovira (1908-1988). Aquest, va construir, en el mateix període, tot un seguit d&#8217;escoles que presenten una forma i estil semblant. A l&#8217;Alt Empordà hom pot trobar les següents: Escola Comarcal de la Jonquera, Col·legi Públic Empúries (l&#8217;Escala), Escoles de Vilamalla / CEIP Josep de Ribot i Olivas (Vilamalla), Escoles Unitàries / CEIP Marinada (Ordis), Escoles de nens i nenes (Terrades), Escola Unitària (Campmany), Escoles Nacionals / CEIP Pau (Pau), Escoles de Vila-sacra / Sala Polivalent (Vila-sacra), Escoles Noves / Escoles Nacionals (Portbou), Escola de Verges (Verges), Escola de Llançà (Llançà), Escoles d&#8217;Espolla (Espolla), les Escoles i cases dels mestres (la Selva de Mar).</p>
<p>&nbsp;</p>

<p>L&#8217;escola Santiago Ratés de Vilajuïga (Alt Empordà) és inclosa a l&#8217;<a title="Inventari del Patrimoni Arquitectònic de Catalunya" href="https://ca.wikipedia.org/wiki/Inventari_del_Patrimoni_Arquitect%C3%B2nic_de_Catalunya">Inventari del Patrimoni Arquitectònic de Catalunya, </a>obra de l&#8217;arquitecte gironí Josep Claret i Rovira (1908-1988). Aquest, va construir, en el mateix període, tot un seguit d&#8217;escoles que presenten una forma i&hellip;  <a href="https://agora.xtec.cat/escsantiagorates/lescola/historia/" title="Read Història">Llegeix més»</a></p>
