{"id":64,"date":"2014-09-18T12:39:08","date_gmt":"2014-09-18T11:39:08","guid":{"rendered":"http:\/\/agora.xtec.cat\/escsantesteve\/?page_id=64"},"modified":"2017-07-07T15:27:01","modified_gmt":"2017-07-07T13:27:01","slug":"projecte-educatiu","status":"publish","type":"page","link":"https:\/\/agora.xtec.cat\/escsantesteve\/projecte-educatiu\/","title":{"rendered":"Projectes d&#8217;escola"},"content":{"rendered":"<p><span style=\"color: #008080;\"><strong>&#8211; PROJECTE PELE: <\/strong><\/span><\/p>\n<p style=\"text-align: justify;\">Gr\u00e0cies a la participaci\u00f3 del centre en aquest projecte, avui dia l\u2019escola ofereix 3hores setmanals d\u2019angl\u00e8s a tots els alumnes de Prim\u00e0ria. Tamb\u00e9 s\u2019ha innovat introduint l\u2019aprenentatge de l\u2019angl\u00e8s a partir de P3.<\/p>\n<p style=\"text-align: justify;\">Per tant, es treballa la llengua anglesa des de P3 fins a 6<sup>\u00e8<\/sup>.<\/p>\n<p style=\"text-align: justify;\">A partir del curs 2017-2018 s\u2019iniciar\u00e0 l\u2019Educaci\u00f3 F\u00edsica en Llengua Anglesa.<\/p>\n<p style=\"text-align: justify;\">D\u2019altra banda, per tal de consolidar l\u2019aprenentatge de la llengua estrangera, anualment participem als concursos <em>The Fonix<\/em> i al concurs d\u2019<em>Orat\u00f2ria de La Selva.<\/em><\/p>\n<p style=\"text-align: justify;\">A nivell comarcal participem al projecte <em>English Day <\/em>amb l\u2019alumnat de 6<sup>\u00e8.<\/sup><\/p>\n<p style=\"text-align: justify;\">Els mestres d\u2019angl\u00e8s participen al Seminari de mestres d\u2019angl\u00e8s de la comarca de La Selva.<\/p>\n<p style=\"text-align: justify;\">Anualment l\u2019escola sol\u00b7licita una auxiliar de conversa en angl\u00e8s per refor\u00e7ar l\u2019aprenentatge de la llengua oral i adquirir flu\u00efdesa verbal.<\/p>\n<p><span style=\"color: #008080;\"><strong>&#8211; PROJECTE DE RUTES PER CALDES:<\/strong><\/span><\/p>\n<p style=\"text-align: justify;\">El projecte de Rutes per Caldes neix el curs 2009-2010 arran d&#8217;una necessitat que es manifesta cada vegada m\u00e9s significativa a la realitat del nostre alumnat.<\/p>\n<p style=\"text-align: justify;\">La poblaci\u00f3 caldenca es troba distribu\u00efda de manera que m\u00e9s de la meitat de la poblaci\u00f3 viu en urbanitzacions, algunes molt allunyades del nucli urb\u00e0. Aquest fet fa que la vida relacional i social de les fam\u00edlies disti molt de la vida de poble i es concentri b\u00e0sicament a la seva urbanitzaci\u00f3 que acaba essent el referent urb\u00e0 per l&#8217;alumnat de l&#8217;escola. Aix\u00f2 desemboca en un desarrelament molt profund de l&#8217;alumnat que d&#8217;una banda desconeix la cultura, les tradicions, la quotidianitat, la hist\u00f2ria i la vida actual del seu municipi i que d&#8217;altra banda, aquest desconeixement causa una manca de participaci\u00f3 en la vida caldenca que els condueix a un desarrelament molt profund del seu municipi.<\/p>\n<p style=\"text-align: justify;\">El Claustre de mestres del curs 2009-2010 va decidir que calia fer quelcom i utilitzar totes les eines que ten\u00edem al nostre abast per comprometre l&#8217;alumne amb el seu poble i per intentar que el sentiment de pertinen\u00e7a an\u00e9s guanyant cam\u00ed. Aquest va ser el punt de partida d&#8217;aquest projecte que s&#8217;ha anat revisant i ha anat creixent de manera que actualment compta amb la participaci\u00f3 de fam\u00edlies, Ajuntament, entitats i empreses privades que han fet que esdevingui per a nosaltres un exemple de cohesi\u00f3 social i de comunitat educativa.<\/p>\n<p style=\"text-align: justify;\">&#8211; Fomentar la creaci\u00f3 d\u2019un sentiment de comunitat educativa que superi el de comunitat escolar.<\/p>\n<p style=\"text-align: justify;\">&#8211; Donar a con\u00e8ixer els elements principals del municipi de Caldes de Malavella a l&#8217;alumnat.<\/p>\n<p style=\"text-align: justify;\">&#8211; Treballar els elements principals de la cultura, la hist\u00f2ria, el folklore i les llegendes de Caldes.<\/p>\n<p style=\"text-align: justify;\">&#8211; Investigar sobre la tradici\u00f3 termal del poble.<\/p>\n<p style=\"text-align: justify;\">&#8211; Con\u00e8ixer els elements geol\u00f2gics i ambientals del poble de Caldes.<\/p>\n<p style=\"text-align: justify;\">&#8211; Analitzar el municipi, la poblaci\u00f3, la comarca i els elements vinculats.<\/p>\n<p style=\"text-align: justify;\">&#8211; Propiciar l\u2019arrelament dels nens i nenes de Caldes al seu poble.<\/p>\n<p style=\"text-align: justify;\">&#8211; Desenvolupar el sentiment de pertinen\u00e7a com a caldencs i caldenques m\u00e9s enll\u00e0 de la urbanitzaci\u00f3.<\/p>\n<p style=\"text-align: justify;\">&#8211; Promoure un treball en xarxa entre diferents entitats, empreses i institucions caldenques.<\/p>\n<p style=\"text-align: justify;\">&#8211; Cercar la implicaci\u00f3 d\u2019entitats, empreses i institucions amb l\u2019escola i a la inversa.<\/p>\n<p style=\"text-align: justify;\">&#8211; Cercar la implicaci\u00f3 i el comprom\u00eds dels nens i nenes amb el seu poble.<\/p>\n<p style=\"text-align: justify;\">&#8211; Promoure el desenvolupament d\u2019actituds c\u00edviques, responsables i respectuoses amb el seu poble.<\/p>\n<p style=\"text-align: justify;\">&#8211; Treballar un projecte interdisciplinar des de totes les \u00e0rees d\u2019aprenentatge i seguint la mateixa temporitzaci\u00f3.<\/p>\n<p><span style=\"color: #008080;\"><strong>&#8211; PROJECTE ILEC D\u2019IMPULS DE LA LECTURA:<\/strong><\/span><\/p>\n<p style=\"text-align: justify;\">El Claustre de l\u2019escola va dur a terme una formaci\u00f3 de tres cursos sobre el treball de la lectura i sobre com donar un nou impuls, noves estrat\u00e8gies i maneres de treballar la lectura des de totes les \u00e0rees d\u2019aprenentatge.<\/p>\n<p style=\"text-align: justify;\">Aquesta formaci\u00f3 va canviar l\u2019enfocament i la metodologia de treball de la lectura i va derivar en uns acords de Claustre que es desenvolupen a l\u2019apartat curricular d\u2019acords curriculars de centre.<\/p>\n<p style=\"text-align: justify;\">L\u2019escola parteix d\u2019un treball sistem\u00e0tic de la llengua organitzat i seq\u00fcenciat per a tota la Prim\u00e0ria. \u00c9s un treball sense llibre de text amb un enfocament competencial.<\/p>\n<p style=\"text-align: justify;\">L\u2019escola participa a concursos literaris com el Concurs <em>Joaquim Carb\u00f3<\/em> o el <em>Certamen de lectura en Veu Alta<\/em> de La Selva.<\/p>\n<p style=\"text-align: justify;\">A Infantil es fan proves de consci\u00e8ncia fonol\u00f2gica i a Prim\u00e0ria les ACL.<\/p>\n<p><span style=\"color: #008080;\"><strong>&#8211; PLA LECTOR:<\/strong><\/span><\/p>\n<p style=\"text-align: justify;\">L\u2019escola aposta per donar la import\u00e0ncia que mereix a la Biblioteca Escolar. Per aix\u00f2 fa uns anys va participar al programa<strong> Puntedu<\/strong> d\u2019impuls de les biblioteques escolars. Aquest programa t\u00e9 per objectiu potenciar la biblioteca escolar de tots els centres educatius com un espai de recursos on tant els alumnes com els professors, i tota la comunitat educativa en general puguin trobar informaci\u00f3 en diversos suports. S&#8217;ent\u00e9n la biblioteca com un recurs fonamental per a l\u2019adquisici\u00f3 de les compet\u00e8ncies b\u00e0siques i el desplegament dels continguts curriculars, i com un element clau en l\u2019assoliment de l\u2019h\u00e0bit lector, la compet\u00e8ncia informacional i l\u2019adquisici\u00f3 d\u2019aprenentatges aut\u00f2noms.<\/p>\n<p style=\"text-align: justify;\">El programa d\u00f3na suport a les biblioteques escolars amb diverses accions i amb l\u2019elaboraci\u00f3 i difusi\u00f3 de materials i recursos espec\u00edfics que es troben enlla\u00e7ats o referenciats en aquesta secci\u00f3.<\/p>\n<p style=\"text-align: justify;\">La biblioteca del centre s\u2019obre a les hores d\u2019esbarjo o de menjador pels alumnes que hi volen anar.<\/p>\n<p style=\"text-align: justify;\"><span style=\"color: #008080;\"><strong>&#8211; APADRINAMENT LECTOR:<\/strong><\/span><\/p>\n<p style=\"text-align: justify;\">Projecte de promoci\u00f3 de la lectura que t\u00e9 per objectiu donar protagonisme als alumnes de final d\u2019Infantil i de Prim\u00e0ria que comparteixen uns espais de temps dedicats a la lectura, al seu aprenentatge i al plaer de compartir-la.<\/p>\n<p><span style=\"color: #008080;\"><strong>&#8211; PROJECTE MATEM\u00c0TICA COMPETENCIAL:<\/strong><\/span><\/p>\n<p style=\"text-align: justify;\">L\u2019escola ha establert una l\u00ednia d\u2019escola pel treball de la Matem\u00e0tica. Aquest nou enfocament se segueix de P3 a 6<sup>\u00e8<\/sup> i es basa en donar a les Matem\u00e0tiques un enfocament competencial, vivencial i basat en una matem\u00e0tica per a la vida.<\/p>\n<p style=\"text-align: justify;\">Tamb\u00e9 s\u2019ha introdu\u00eft dins l\u2019horari de l\u2019alumnat la Matem\u00e0tica manipulativa per a tots els nivells.<\/p>\n<p style=\"text-align: justify;\"><span style=\"color: #008080;\"><strong>&#8211; PROJECTE DE PATI:<\/strong><\/span><\/p>\n<p style=\"text-align: justify;\">Durant l\u2019hora d\u2019esbarjo els alumnes tenen un material alternatiu de casa Milanta per a Infantil i de jocs tradicionals per a Prim\u00e0ria. Els objectius d\u2019aquest projecte s\u00f3n:<\/p>\n<ul style=\"text-align: justify;\">\n<li>Oferir a l&#8217;alumnat jocs alternatius per a ocupar l&#8217;estona d&#8217;esbarjo.<\/li>\n<li>Minimitzar els conflictes que ocasionen certs esports com el futbol.<\/li>\n<li>Donar la possibilitat als alumnes que els costa provar coses noves que experimentin amb noves maneres de distreure&#8217;s durant l&#8217;estona d&#8217;esbarjo.<\/li>\n<li>Mantenir l&#8217;ordre i la cura d&#8217;un material d&#8217;\u00fas com\u00fa.<\/li>\n<li>Fomentar els valors de col\u00b7laboraci\u00f3, cooperaci\u00f3 i companyerisme.<\/li>\n<\/ul>\n<p style=\"text-align: justify;\"><span style=\"color: #008080;\"><strong>&#8211; MEDI: <\/strong><\/span><\/p>\n<p style=\"text-align: justify;\">A banda del projecte de <em>Rutes per Caldes<\/em> l\u2019escola aposta per una metodologia competencial i vivencial a l\u2019\u00e0rea de Coneixement del Medi. \u00c9s un enfocament basat en l\u2019observaci\u00f3, la curiositat i l\u2019experimentaci\u00f3.<\/p>\n<p style=\"text-align: justify;\">Es fa un treball per projectes de P3 a 2<sup>n<\/sup> i de 3<sup>r<\/sup> a 6<sup>\u00e8<\/sup> seguim la mateixa metodologia de treball competencial i comprom\u00e8s amb l\u2019entorn, el municipi i la comarca.<\/p>\n<p style=\"text-align: justify;\">Es participa a activitats com l\u2019Experimenta la ci\u00e8ncia de la comarca de La Selva.<\/p>\n<p style=\"text-align: justify;\"><span style=\"color: #008080;\"><strong>&#8211; HORT ESCOLAR: <\/strong><\/span><\/p>\n<p style=\"text-align: justify;\">L\u2019escola disposa d\u2019un hort escolar com a projecte d\u2019AMPA, d\u2019escola, d\u2019Ajuntament i de menjador. Es realitza durant l\u2019estona de menjador i compta amb un espai de compostatge.<\/p>\n<p style=\"text-align: justify;\"><span style=\"color: #008080;\"><strong>&#8211; TAC I ROB\u00d2TICA: <\/strong><\/span><\/p>\n<p style=\"text-align: justify;\">S\u2019est\u00e0 iniciant un projecte de Rob\u00f2tica a l\u2019escola. L\u2019\u00fas de les tecnologies est\u00e0 present a la pr\u00e0ctica di\u00e0ria de l\u2019escola i \u00e9s una eina de treball habitual i quotidi\u00e0 que pret\u00e9n formar alumnes competencials en noves tecnologies.<\/p>\n<p style=\"text-align: justify;\"><span style=\"color: #008080;\"><strong>&#8211; PROJECTE ESCOLA ART\u00cdSTICA:<\/strong><\/span><\/p>\n<p style=\"text-align: justify;\">L\u2019escola valora la import\u00e0ncia que t\u00e9 per a la formaci\u00f3 integral de l\u2019alumnat l\u2019\u00e0rea d\u2019Educaci\u00f3 Art\u00edstica. Per aquest motiu basa la seva metodologia en la pedagogia Musical Activa i aposta per una pr\u00e0ctica competencial que fomenta el gaudi.<\/p>\n<p style=\"text-align: justify;\">A nivell d\u2019Educaci\u00f3 Visual i Pl\u00e0stica s\u2019aposta pel coneixement en primera persona de les obres dels artistes locals.<\/p>\n<p style=\"text-align: justify;\">L\u2019escola participa en activitats de renom com la Trobada de Cants Corals de La Selva o el Cant\u00e0nia a l\u2019Auditori de Barcelona.<\/p>\n<p style=\"text-align: justify;\">Participem tamb\u00e9 a concursos com el Canicaldes o la Festa de la Malavella.<\/p>\n<p style=\"text-align: justify;\">El mestre de M\u00fasica participa al Seminari de Mestres de M\u00fasica de La Selva.<\/p>\n<p style=\"text-align: justify;\"><span style=\"color: #008080;\"><strong>&#8211; EDUCACI\u00d3 F\u00cdSICA:<\/strong><\/span><\/p>\n<p style=\"text-align: justify;\">L\u2019escola aposta per donar la import\u00e0ncia necess\u00e0ria als bons h\u00e0bits de salut i a l\u2019activitat motriu. \u00c9s per aix\u00f2 que fem dues hores setmanals d\u2019Educaci\u00f3 F\u00edsica a tots els nivells de Prim\u00e0ria.<\/p>\n<p style=\"text-align: justify;\">Es participa tamb\u00e9 al projecte de la <em>Jornada esportiva<\/em> de La Selva i es col\u00b7labora en l\u2019organitzaci\u00f3 d\u2019aquesta des del Seminari de Mestres d\u2019Educaci\u00f3 F\u00edsica.<\/p>\n<p style=\"text-align: justify;\"><span style=\"color: #008080;\"><strong>&#8211; SEP D\u2019ALTES CAPACITATS:<\/strong><\/span><\/p>\n<p style=\"text-align: justify;\">L\u2019escola aposta per donar una atenci\u00f3 personalitzada a totes i cadascuna de les necessitats de l\u2019alumnat. \u00c9s per aix\u00f2 que a banda del Suport Escolar Personalitzat normatiu, hem introdu\u00eft un Suport per a l\u2019alumnat amb Altes Capacitats.<\/p>\n<p style=\"text-align: justify;\"><span style=\"color: #008080;\"><strong>&#8211; REVISTA ESPIETA: <\/strong><\/span><\/p>\n<p style=\"text-align: justify;\">L\u2019escola publica anualment una revista in\u00e8dita feta pels alumnes que ofereix a tota la comunitat educativa.<\/p>\n<p style=\"text-align: justify;\"><span style=\"color: #008080;\"><strong>&#8211; PROJECTE DE COHESI\u00d3 SOCIAL: <\/strong><\/span><\/p>\n<p style=\"text-align: justify;\">Aquest \u00e9s un dels projectes m\u00e9s importants de l\u2019escola. Es basa en fer part\u00edcips a les fam\u00edlies dels alumnes de les festes escolars i de diferents activitats pensades per ser compartides entre tots. Aquest projecte es concreta en diferents festes, activitats i tallers pensats per gaudir i participar plegats de la vida del centre.<\/p>\n<p style=\"text-align: justify;\">* CANTADA DE NADALES PEL POBLE<\/p>\n<p style=\"text-align: justify;\">* PESSEBRE VIVENT (cada dos anys)<\/p>\n<p style=\"text-align: justify;\">* TALLERS DE MURALS FAMILIARS<\/p>\n<p style=\"text-align: justify;\">* RUA DE CARNAVAL<\/p>\n<p style=\"text-align: justify;\">* FESTA DE PRIMAVERA<\/p>\n<p style=\"text-align: justify;\">* EXPOSICI\u00d3 DE SANT JORDI<\/p>\n<p style=\"text-align: justify;\">* PORTES OBERTES<\/p>\n<p style=\"text-align: justify;\">* DIA DE LA M\u00daSICA<\/p>\n<p style=\"text-align: justify;\">* FESTA DE l\u2019ESCOLA<\/p>\n<p style=\"text-align: justify;\">* GRADUACI\u00d3 DE SIS\u00c8<\/p>\n<p style=\"text-align: justify;\">* ALTRES ACTIVITATS PUNTUALS: pintura del pati en comunitat, etc.<\/p>\n<p style=\"text-align: justify;\"><span style=\"color: #008080;\"><strong>&#8211; PLA EXPERIMENTAL DE FRUITA\u00a0 A LES ESCOLES: <\/strong><\/span><\/p>\n<p style=\"text-align: justify;\">Cada curs l\u2019escola participa al pla de consum de fruita per a una alimentaci\u00f3 sana. Es reparteix fruita i verdura fresca durant una setmana al mes i es treballen les propietats de cada fruita que es d\u00f3na.<\/p>\n<p style=\"text-align: justify;\">Cada any s\u2019elabora la mem\u00f2ria corresponent.<\/p>\n<p style=\"text-align: justify;\"><span style=\"color: #008080;\"><strong>\u00a0<\/strong><strong>&#8211; EDUCACI\u00d3 PER A LA SALUT:<\/strong><\/span><\/p>\n<p style=\"text-align: justify;\">* Projecte de Salut bucodental<\/p>\n<p style=\"text-align: justify;\">* Vacunacions a l\u2019escola<\/p>\n<p style=\"text-align: justify;\">* Activitats de salut: xerrada Diabetis, Mosquit tigre, etc.<\/p>\n","protected":false},"excerpt":{"rendered":"<p>&#8211; PROJECTE PELE:<br \/>\nGr\u00e0cies a la participaci\u00f3 del centre en aquest projecte, avui dia l\u2019escola ofereix 3hores setmanals d\u2019angl\u00e8s a tots els alumnes de Prim\u00e0ria. Tamb\u00e9 s\u2019ha innovat introduint l\u2019aprenentatge de l\u2019angl\u00e8s a partir de P3.<br \/>\nPer tant, es treballa la llengua anglesa des de P3&hellip;  <a href=\"https:\/\/agora.xtec.cat\/escsantesteve\/projecte-educatiu\/\" title=\"Read Projectes d&#8217;escola\">Llegeix m\u00e9s\u00bb<\/a><\/p>\n","protected":false},"author":1,"featured_media":0,"parent":0,"menu_order":0,"comment_status":"closed","ping_status":"closed","template":"page-templates\/side-menu.php","meta":{"_bbp_topic_count":0,"_bbp_reply_count":0,"_bbp_total_topic_count":0,"_bbp_total_reply_count":0,"_bbp_voice_count":0,"_bbp_anonymous_reply_count":0,"_bbp_topic_count_hidden":0,"_bbp_reply_count_hidden":0,"_bbp_forum_subforum_count":0,"footnotes":""},"class_list":["post-64","page","type-page","status-publish","hentry"],"post_mailing_queue_ids":[],"_links":{"self":[{"href":"https:\/\/agora.xtec.cat\/escsantesteve\/wp-json\/wp\/v2\/pages\/64","targetHints":{"allow":["GET"]}}],"collection":[{"href":"https:\/\/agora.xtec.cat\/escsantesteve\/wp-json\/wp\/v2\/pages"}],"about":[{"href":"https:\/\/agora.xtec.cat\/escsantesteve\/wp-json\/wp\/v2\/types\/page"}],"author":[{"embeddable":true,"href":"https:\/\/agora.xtec.cat\/escsantesteve\/wp-json\/wp\/v2\/users\/1"}],"replies":[{"embeddable":true,"href":"https:\/\/agora.xtec.cat\/escsantesteve\/wp-json\/wp\/v2\/comments?post=64"}],"version-history":[{"count":3,"href":"https:\/\/agora.xtec.cat\/escsantesteve\/wp-json\/wp\/v2\/pages\/64\/revisions"}],"predecessor-version":[{"id":585,"href":"https:\/\/agora.xtec.cat\/escsantesteve\/wp-json\/wp\/v2\/pages\/64\/revisions\/585"}],"wp:attachment":[{"href":"https:\/\/agora.xtec.cat\/escsantesteve\/wp-json\/wp\/v2\/media?parent=64"}],"curies":[{"name":"wp","href":"https:\/\/api.w.org\/{rel}","templated":true}]}}