{"id":32,"date":"2014-09-18T12:31:33","date_gmt":"2014-09-18T11:31:33","guid":{"rendered":"http:\/\/agora.xtec.cat\/escsantesteve\/?page_id=32"},"modified":"2025-06-20T14:05:48","modified_gmt":"2025-06-20T12:05:48","slug":"calendari-del-curs","status":"publish","type":"page","link":"https:\/\/agora.xtec.cat\/escsantesteve\/lescola\/calendari-del-curs\/","title":{"rendered":"Calendari del curs"},"content":{"rendered":"<h4><strong>Inici de curs:<\/strong><\/h4>\n<p>8 de setembre de 2025<\/p>\n<h4><strong>Vacances:<\/strong><\/h4>\n<p>Del 20 de desembre de 2025 al 7 de gener de 2026 (ambd\u00f3s inclosos)<\/p>\n<p>Del 28 al 6 d\u2019abril de 2026 (ambd\u00f3s inclosos)<\/p>\n<p>A partir del 20 de juny de 2026<\/p>\n<h4><strong>Dies festius de lliure disposici\u00f3:<\/strong><\/h4>\n<p>31 d&#8217;octubre de 2025<\/p>\n<p>13 i 16 de febrer de 2026<\/p>\n<p>30 d&#8217;abril de 2026<\/p>\n<p>4 de maig de 2026<\/p>\n<p><strong>Jornada compactada:<\/strong><\/p>\n<p>El 19 de desembre de 2025 i del 8 al 19 de juny de 2026 (ambd\u00f3s inclosos)<\/p>\n<p>L\u2019<b>horari lectiu<\/b> del centre \u00e9s de 9 a 12,30 h i de 15,00 a 16,30 h per a tots els alumnes del centre. Durant la jornada compactada l&#8217;horari \u00e9s de 9 a 13h.<\/p>\n<p>Per als alumnes que inicien l\u2019escolaritzaci\u00f3 a I3 s\u2019organitza un breu per\u00edode d\u2019adaptaci\u00f3 que suposa una certa modificaci\u00f3 dels horaris dels dos primers dies de classe, i que es fa saber a les fam\u00edlies en les reunions pr\u00e8vies corresponents.<\/p>\n<p><a href=\"https:\/\/agora.xtec.cat\/escsantesteve\/wp-content\/uploads\/usu1619\/2025\/06\/3-Calendari-escolar-25-26_page-0001.jpg\"><img loading=\"lazy\" decoding=\"async\" class=\"aligncenter wp-image-2022 size-large\" src=\"https:\/\/agora.xtec.cat\/escsantesteve\/wp-content\/uploads\/usu1619\/2025\/06\/3-Calendari-escolar-25-26_page-0001-724x1024.jpg\" alt=\"\" width=\"724\" height=\"1024\" srcset=\"https:\/\/agora.xtec.cat\/escsantesteve\/wp-content\/uploads\/usu1619\/2025\/06\/3-Calendari-escolar-25-26_page-0001-724x1024.jpg 724w, https:\/\/agora.xtec.cat\/escsantesteve\/wp-content\/uploads\/usu1619\/2025\/06\/3-Calendari-escolar-25-26_page-0001-212x300.jpg 212w, https:\/\/agora.xtec.cat\/escsantesteve\/wp-content\/uploads\/usu1619\/2025\/06\/3-Calendari-escolar-25-26_page-0001-768x1086.jpg 768w, https:\/\/agora.xtec.cat\/escsantesteve\/wp-content\/uploads\/usu1619\/2025\/06\/3-Calendari-escolar-25-26_page-0001-1086x1536.jpg 1086w, https:\/\/agora.xtec.cat\/escsantesteve\/wp-content\/uploads\/usu1619\/2025\/06\/3-Calendari-escolar-25-26_page-0001.jpg 1241w\" sizes=\"auto, (max-width: 724px) 100vw, 724px\" \/><\/a><\/p>\n<p>&nbsp;<\/p>\n<p>&nbsp;<\/p>\n<p>&nbsp;<\/p>\n<p>&nbsp;<\/p>\n","protected":false},"excerpt":{"rendered":"<p>Inici de curs:<br \/>\n8 de setembre de 2025<br \/>\nVacances:<br \/>\nDel 20 de desembre de 2025 al 7 de gener de 2026 (ambd\u00f3s inclosos)<br \/>\nDel 28 al 6 d\u2019abril de 2026 (ambd\u00f3s inclosos)<br \/>\nA partir del 20 de juny de 2026<br \/>\nDies festius de lliure disposici\u00f3:<br \/>\n31 d&#8217;octubre de 2025<br \/>\n13 i 16 de&hellip;  <a href=\"https:\/\/agora.xtec.cat\/escsantesteve\/lescola\/calendari-del-curs\/\" title=\"Read Calendari del curs\">Llegeix m\u00e9s\u00bb<\/a><\/p>\n","protected":false},"author":1,"featured_media":0,"parent":22,"menu_order":60,"comment_status":"closed","ping_status":"closed","template":"page-templates\/side-menu.php","meta":{"_bbp_topic_count":0,"_bbp_reply_count":0,"_bbp_total_topic_count":0,"_bbp_total_reply_count":0,"_bbp_voice_count":0,"_bbp_anonymous_reply_count":0,"_bbp_topic_count_hidden":0,"_bbp_reply_count_hidden":0,"_bbp_forum_subforum_count":0,"footnotes":""},"class_list":["post-32","page","type-page","status-publish","hentry"],"post_mailing_queue_ids":[],"_links":{"self":[{"href":"https:\/\/agora.xtec.cat\/escsantesteve\/wp-json\/wp\/v2\/pages\/32","targetHints":{"allow":["GET"]}}],"collection":[{"href":"https:\/\/agora.xtec.cat\/escsantesteve\/wp-json\/wp\/v2\/pages"}],"about":[{"href":"https:\/\/agora.xtec.cat\/escsantesteve\/wp-json\/wp\/v2\/types\/page"}],"author":[{"embeddable":true,"href":"https:\/\/agora.xtec.cat\/escsantesteve\/wp-json\/wp\/v2\/users\/1"}],"replies":[{"embeddable":true,"href":"https:\/\/agora.xtec.cat\/escsantesteve\/wp-json\/wp\/v2\/comments?post=32"}],"version-history":[{"count":6,"href":"https:\/\/agora.xtec.cat\/escsantesteve\/wp-json\/wp\/v2\/pages\/32\/revisions"}],"predecessor-version":[{"id":2024,"href":"https:\/\/agora.xtec.cat\/escsantesteve\/wp-json\/wp\/v2\/pages\/32\/revisions\/2024"}],"up":[{"embeddable":true,"href":"https:\/\/agora.xtec.cat\/escsantesteve\/wp-json\/wp\/v2\/pages\/22"}],"wp:attachment":[{"href":"https:\/\/agora.xtec.cat\/escsantesteve\/wp-json\/wp\/v2\/media?parent=32"}],"curies":[{"name":"wp","href":"https:\/\/api.w.org\/{rel}","templated":true}]}}

<h4><strong>Inici de curs:</strong></h4>
<p>8 de setembre de 2025</p>
<h4><strong>Vacances:</strong></h4>
<p>Del 20 de desembre de 2025 al 7 de gener de 2026 (ambdós inclosos)</p>
<p>Del 28 al 6 d’abril de 2026 (ambdós inclosos)</p>
<p>A partir del 20 de juny de 2026</p>
<h4><strong>Dies festius de lliure disposició:</strong></h4>
<p>31 d&#8217;octubre de 2025</p>
<p>13 i 16 de febrer de 2026</p>
<p>30 d&#8217;abril de 2026</p>
<p>4 de maig de 2026</p>
<p><strong>Jornada compactada:</strong></p>
<p>El 19 de desembre de 2025 i del 8 al 19 de juny de 2026 (ambdós inclosos)</p>
<p>L’<b>horari lectiu</b> del centre és de 9 a 12,30 h i de 15,00 a 16,30 h per a tots els alumnes del centre. Durant la jornada compactada l&#8217;horari és de 9 a 13h.</p>
<p>Per als alumnes que inicien l’escolarització a I3 s’organitza un breu període d’adaptació que suposa una certa modificació dels horaris dels dos primers dies de classe, i que es fa saber a les famílies en les reunions prèvies corresponents.</p>
<p><a href="https://agora.xtec.cat/escsantesteve/wp-content/uploads/usu1619/2025/06/3-Calendari-escolar-25-26_page-0001.jpg"><img loading="lazy" decoding="async" class="aligncenter wp-image-2022 size-large" src="https://agora.xtec.cat/escsantesteve/wp-content/uploads/usu1619/2025/06/3-Calendari-escolar-25-26_page-0001-724x1024.jpg" alt="" width="724" height="1024" srcset="https://agora.xtec.cat/escsantesteve/wp-content/uploads/usu1619/2025/06/3-Calendari-escolar-25-26_page-0001-724x1024.jpg 724w, https://agora.xtec.cat/escsantesteve/wp-content/uploads/usu1619/2025/06/3-Calendari-escolar-25-26_page-0001-212x300.jpg 212w, https://agora.xtec.cat/escsantesteve/wp-content/uploads/usu1619/2025/06/3-Calendari-escolar-25-26_page-0001-768x1086.jpg 768w, https://agora.xtec.cat/escsantesteve/wp-content/uploads/usu1619/2025/06/3-Calendari-escolar-25-26_page-0001-1086x1536.jpg 1086w, https://agora.xtec.cat/escsantesteve/wp-content/uploads/usu1619/2025/06/3-Calendari-escolar-25-26_page-0001.jpg 1241w" sizes="auto, (max-width: 724px) 100vw, 724px" /></a></p>
<p>&nbsp;</p>
<p>&nbsp;</p>
<p>&nbsp;</p>
<p>&nbsp;</p>

<p>Inici de curs:<br />
8 de setembre de 2025<br />
Vacances:<br />
Del 20 de desembre de 2025 al 7 de gener de 2026 (ambdós inclosos)<br />
Del 28 al 6 d’abril de 2026 (ambdós inclosos)<br />
A partir del 20 de juny de 2026<br />
Dies festius de lliure disposició:<br />
31 d&#8217;octubre de 2025<br />
13 i 16 de&hellip;  <a href="https://agora.xtec.cat/escsantesteve/lescola/calendari-del-curs/" title="Read Calendari del curs">Llegeix més»</a></p>
