{"id":28,"date":"2014-09-18T12:29:35","date_gmt":"2014-09-18T11:29:35","guid":{"rendered":"http:\/\/agora.xtec.cat\/escsantesteve\/?page_id=28"},"modified":"2023-11-30T10:51:24","modified_gmt":"2023-11-30T09:51:24","slug":"consell-escolar","status":"publish","type":"page","link":"https:\/\/agora.xtec.cat\/escsantesteve\/lescola\/consell-escolar\/","title":{"rendered":"Consell escolar"},"content":{"rendered":"<p style=\"text-align: center;\">Curs 2023-2024<\/p>\n<table style=\"height: 235px; background-color: #f7e79c;\" width=\"740\">\n<tbody>\n<tr>\n<td style=\"width: 366px;\"><strong>PRESIDENTA &#8211; DIRECTORA<\/strong><\/td>\n<td style=\"width: 366px;\">Sandra P\u00e1ez Morales<\/td>\n<\/tr>\n<tr>\n<td style=\"width: 366px;\"><strong>CAP D&#8217;ESTUDIS<\/strong><\/td>\n<td style=\"width: 366px;\">Mari L\u00f3pez Mor\u00e1guez<\/td>\n<\/tr>\n<tr>\n<td style=\"width: 366px;\"><strong>REPRESENTANT DE L&#8217;AJUNTAMENT<\/strong><\/td>\n<td style=\"width: 366px;\">Encarna Quesada Molinero<\/td>\n<\/tr>\n<tr>\n<td style=\"width: 366px;\"><strong>REPRESENTANTS DEL PROFESSORAT<\/strong><\/td>\n<td style=\"width: 366px;\">Betlem Serra Sol\u00e9, Laura Brugulat Frigol\u00e9, M\u00f2nica Rodr\u00edguez Bargallo, Laia Capdeferro Mundet, Toni Marin\u00e9 Sanz, Cristina G\u00e1lvez Gatius<\/td>\n<\/tr>\n<tr>\n<td style=\"width: 366px;\"><strong>REPRESENTANTS DELS PARES<\/strong><\/td>\n<td style=\"width: 366px;\">Susana Sempere S\u00e1nchez, Elena Xicr\u00e9s Casta\u00f1er, Mireia Bayer Maicas, Nat\u00e0lia R\u00f3denas Capella, Francesc Sidera Caballero<\/td>\n<\/tr>\n<tr>\n<td style=\"width: 366px;\"><strong>REPRESENTANT DE L&#8217;AFA<\/strong><\/td>\n<td style=\"width: 366px;\">Gemma Oriol Romaguera<\/td>\n<\/tr>\n<tr>\n<td style=\"width: 366px;\"><strong>REPRESENTANT DEL PERSONAL D&#8217;ADMINISTRACI\u00d3 I SERVEIS<\/strong><\/td>\n<td style=\"width: 366px;\">M\u00f2nica Espigul\u00e9 Serrano<\/td>\n<\/tr>\n<tr>\n<td style=\"width: 366px;\"><strong>SECRET\u00c0RIA<\/strong><\/td>\n<td style=\"width: 366px;\">Gl\u00f2ria Sams\u00f3 Juli\u00e0<\/td>\n<\/tr>\n<\/tbody>\n<\/table>\n","protected":false},"excerpt":{"rendered":"<p>Curs 2023-2024<\/p>\n<p>PRESIDENTA &#8211; DIRECTORA<br \/>\nSandra P\u00e1ez Morales<\/p>\n<p>CAP D&#8217;ESTUDIS<br \/>\nMari L\u00f3pez Mor\u00e1guez<\/p>\n<p>REPRESENTANT DE L&#8217;AJUNTAMENT<br \/>\nEncarna Quesada Molinero<\/p>\n<p>REPRESENTANTS DEL PROFESSORAT<br \/>\nBetlem Serra Sol\u00e9, Laura Brugulat Frigol\u00e9, M\u00f2nica Rodr\u00edguez Bargallo, Laia Capdeferro Mundet, Toni Marin\u00e9 Sanz, Cristina G\u00e1lvez Gatius<\/p>\n<p>REPRESENTANTS DELS PARES<br \/>\nSusana Sempere S\u00e1nchez, Elena Xicr\u00e9s Casta\u00f1er, Mireia Bayer Maicas, Nat\u00e0lia R\u00f3denas Capella,&hellip;  <a href=\"https:\/\/agora.xtec.cat\/escsantesteve\/lescola\/consell-escolar\/\" title=\"Read Consell escolar\">Llegeix m\u00e9s\u00bb<\/a><\/p>\n","protected":false},"author":1,"featured_media":0,"parent":22,"menu_order":40,"comment_status":"closed","ping_status":"closed","template":"page-templates\/side-menu.php","meta":{"_bbp_topic_count":0,"_bbp_reply_count":0,"_bbp_total_topic_count":0,"_bbp_total_reply_count":0,"_bbp_voice_count":0,"_bbp_anonymous_reply_count":0,"_bbp_topic_count_hidden":0,"_bbp_reply_count_hidden":0,"_bbp_forum_subforum_count":0,"footnotes":""},"class_list":["post-28","page","type-page","status-publish","hentry"],"post_mailing_queue_ids":[],"_links":{"self":[{"href":"https:\/\/agora.xtec.cat\/escsantesteve\/wp-json\/wp\/v2\/pages\/28","targetHints":{"allow":["GET"]}}],"collection":[{"href":"https:\/\/agora.xtec.cat\/escsantesteve\/wp-json\/wp\/v2\/pages"}],"about":[{"href":"https:\/\/agora.xtec.cat\/escsantesteve\/wp-json\/wp\/v2\/types\/page"}],"author":[{"embeddable":true,"href":"https:\/\/agora.xtec.cat\/escsantesteve\/wp-json\/wp\/v2\/users\/1"}],"replies":[{"embeddable":true,"href":"https:\/\/agora.xtec.cat\/escsantesteve\/wp-json\/wp\/v2\/comments?post=28"}],"version-history":[{"count":5,"href":"https:\/\/agora.xtec.cat\/escsantesteve\/wp-json\/wp\/v2\/pages\/28\/revisions"}],"predecessor-version":[{"id":1798,"href":"https:\/\/agora.xtec.cat\/escsantesteve\/wp-json\/wp\/v2\/pages\/28\/revisions\/1798"}],"up":[{"embeddable":true,"href":"https:\/\/agora.xtec.cat\/escsantesteve\/wp-json\/wp\/v2\/pages\/22"}],"wp:attachment":[{"href":"https:\/\/agora.xtec.cat\/escsantesteve\/wp-json\/wp\/v2\/media?parent=28"}],"curies":[{"name":"wp","href":"https:\/\/api.w.org\/{rel}","templated":true}]}}

<p style="text-align: center;">Curs 2023-2024</p>
<table style="height: 235px; background-color: #f7e79c;" width="740">
<tbody>
<tr>
<td style="width: 366px;"><strong>PRESIDENTA &#8211; DIRECTORA</strong></td>
<td style="width: 366px;">Sandra Páez Morales</td>
</tr>
<tr>
<td style="width: 366px;"><strong>CAP D&#8217;ESTUDIS</strong></td>
<td style="width: 366px;">Mari López Moráguez</td>
</tr>
<tr>
<td style="width: 366px;"><strong>REPRESENTANT DE L&#8217;AJUNTAMENT</strong></td>
<td style="width: 366px;">Encarna Quesada Molinero</td>
</tr>
<tr>
<td style="width: 366px;"><strong>REPRESENTANTS DEL PROFESSORAT</strong></td>
<td style="width: 366px;">Betlem Serra Solé, Laura Brugulat Frigolé, Mònica Rodríguez Bargallo, Laia Capdeferro Mundet, Toni Mariné Sanz, Cristina Gálvez Gatius</td>
</tr>
<tr>
<td style="width: 366px;"><strong>REPRESENTANTS DELS PARES</strong></td>
<td style="width: 366px;">Susana Sempere Sánchez, Elena Xicrés Castañer, Mireia Bayer Maicas, Natàlia Ródenas Capella, Francesc Sidera Caballero</td>
</tr>
<tr>
<td style="width: 366px;"><strong>REPRESENTANT DE L&#8217;AFA</strong></td>
<td style="width: 366px;">Gemma Oriol Romaguera</td>
</tr>
<tr>
<td style="width: 366px;"><strong>REPRESENTANT DEL PERSONAL D&#8217;ADMINISTRACIÓ I SERVEIS</strong></td>
<td style="width: 366px;">Mònica Espigulé Serrano</td>
</tr>
<tr>
<td style="width: 366px;"><strong>SECRETÀRIA</strong></td>
<td style="width: 366px;">Glòria Samsó Julià</td>
</tr>
</tbody>
</table>

<p>Curs 2023-2024</p>
<p>PRESIDENTA &#8211; DIRECTORA<br />
Sandra Páez Morales</p>
<p>CAP D&#8217;ESTUDIS<br />
Mari López Moráguez</p>
<p>REPRESENTANT DE L&#8217;AJUNTAMENT<br />
Encarna Quesada Molinero</p>
<p>REPRESENTANTS DEL PROFESSORAT<br />
Betlem Serra Solé, Laura Brugulat Frigolé, Mònica Rodríguez Bargallo, Laia Capdeferro Mundet, Toni Mariné Sanz, Cristina Gálvez Gatius</p>
<p>REPRESENTANTS DELS PARES<br />
Susana Sempere Sánchez, Elena Xicrés Castañer, Mireia Bayer Maicas, Natàlia Ródenas Capella,&hellip;  <a href="https://agora.xtec.cat/escsantesteve/lescola/consell-escolar/" title="Read Consell escolar">Llegeix més»</a></p>
