{"id":1565,"date":"2022-06-22T10:06:33","date_gmt":"2022-06-22T08:06:33","guid":{"rendered":"https:\/\/agora.xtec.cat\/escsantesteve\/?page_id=1565"},"modified":"2025-06-27T10:46:38","modified_gmt":"2025-06-27T08:46:38","slug":"afa","status":"publish","type":"page","link":"https:\/\/agora.xtec.cat\/escsantesteve\/afa\/","title":{"rendered":"AFA"},"content":{"rendered":"<h2><span style=\"font-weight: 400; color: #4eb1ba;\"><span style=\"color: #3b9aa3;\">Associaci\u00f3 de fam\u00edlies d\u2019alumnes Escola Sant Esteve (AFA)<\/span><a href=\"https:\/\/agora.xtec.cat\/escsantesteve\/wp-content\/uploads\/usu1619\/2024\/08\/LOGO-AFA-ST-ESTEVE-.jpg\"><img loading=\"lazy\" decoding=\"async\" class=\"size-thumbnail wp-image-1903 alignright\" src=\"https:\/\/agora.xtec.cat\/escsantesteve\/wp-content\/uploads\/usu1619\/2024\/08\/LOGO-AFA-ST-ESTEVE--150x150.jpg\" alt=\"\" width=\"150\" height=\"150\" srcset=\"https:\/\/agora.xtec.cat\/escsantesteve\/wp-content\/uploads\/usu1619\/2024\/08\/LOGO-AFA-ST-ESTEVE--150x150.jpg 150w, https:\/\/agora.xtec.cat\/escsantesteve\/wp-content\/uploads\/usu1619\/2024\/08\/LOGO-AFA-ST-ESTEVE--300x300.jpg 300w, https:\/\/agora.xtec.cat\/escsantesteve\/wp-content\/uploads\/usu1619\/2024\/08\/LOGO-AFA-ST-ESTEVE--1024x1024.jpg 1024w, https:\/\/agora.xtec.cat\/escsantesteve\/wp-content\/uploads\/usu1619\/2024\/08\/LOGO-AFA-ST-ESTEVE--768x768.jpg 768w, https:\/\/agora.xtec.cat\/escsantesteve\/wp-content\/uploads\/usu1619\/2024\/08\/LOGO-AFA-ST-ESTEVE-.jpg 1181w\" sizes=\"auto, (max-width: 150px) 100vw, 150px\" \/><\/a><\/span><\/h2>\n<p><span style=\"font-weight: 400;\">L\u2019Associaci\u00f3 de Fam\u00edlies d\u2019Alumnes de l\u2019Escola Sant Esteve \u00e9s una associaci\u00f3 sense \u00e0nim de lucre que agrupa a les fam\u00edlies dels alumnes de l\u2019escola, per donar suport a l\u2019escola, tot afavorint la relaci\u00f3 entre fam\u00edlies i escola, oferint serveis per a la conciliaci\u00f3 familiar i laboral, i promovent diferents activitats que ajuden i donen visibilitat al projecte del centre, sempre sota el nostre lema: <\/span><b>Les fam\u00edlies, fem escola<\/b><span style=\"font-weight: 400;\">.\u00a0<\/span><\/p>\n<p><span style=\"font-weight: 400;\">Per a m\u00e9s informaci\u00f3 sobre l\u2019actual <\/span><b>projecte de l\u2019AFA<\/b><span style=\"font-weight: 400;\"> podeu consultar el <\/span><a href=\"https:\/\/drive.google.com\/file\/d\/1MXPRdEkKkOFY8SogHzWbDk1HA4QhvzUC\/view?usp=drive_link\" target=\"_blank\" rel=\"noopener\"><span style=\"font-weight: 400;\">seg\u00fcent enlla\u00e7<\/span><\/a><span style=\"font-weight: 400;\">.<\/span><\/p>\n<h3><b>Com fer-se fam\u00edlia s\u00f2cia?<\/b><\/h3>\n<h4><b>Cal fer dues (2) coses:<\/b><\/h4>\n<ol>\n<li style=\"font-weight: 400;\" aria-level=\"1\"><span style=\"font-weight: 400;\">Facilitar les vostres dades a trav\u00e9s d\u2019<\/span><a href=\"https:\/\/docs.google.com\/forms\/d\/e\/1FAIpQLSdxHrEt1s5042dn1J6oZOqtcrpTdGaiJ2fa2l8WOGmFQj-z4A\/viewform\" target=\"_blank\" rel=\"noopener\"><span style=\"font-weight: 400;\">aquest formulari<\/span><\/a> <span style=\"font-weight: 400;\">(\u00fanicament en cas que no en f\u00f3ssiu socis\/es el curs anterior).<\/span><\/li>\n<\/ol>\n<p><span style=\"font-weight: 400;\">\u00a02. <\/span><span style=\"font-weight: 400;\">Fer el pagament de la quota de fam\u00edlia s\u00f2cia (un \u00fanic pagament de car\u00e0cter anual), amb <\/span><b style=\"font-family: inherit; font-size: 1em;\">transfer\u00e8ncia banc\u00e0ria<\/b><span style=\"font-weight: 400;\"> al compte de l\u2019AFA: CaixaBank ES02 2100 8181 7023 0002 9682<\/span><\/p>\n<p><b>\u00a0 \u00a0 \u00a0 a) Molt important: <\/b><span style=\"font-weight: 400;\">Recordeu posar el<\/span><b> nom i cognoms<\/b><b> i <\/b><b>curs que faran els infants el 2025\/26<\/b>\u00a0<span style=\"font-weight: 400;\">en el concepte de la transfer\u00e8ncia<\/span><b>.\u00a0\u00a0<\/b><\/p>\n<p><span style=\"font-weight: 400;\">\u00a0 \u00a0 \u00a0 \u00a0b) Quant costa?<\/span><\/p>\n<ol>\n<li style=\"list-style-type: none;\">\n<ol>\n<li style=\"list-style-type: none;\">\n<ol>\n<li style=\"font-weight: 400;\" aria-level=\"3\"><span style=\"font-weight: 400;\">25 euros \u2192 un infant<\/span><\/li>\n<li style=\"font-weight: 400;\" aria-level=\"3\"><span style=\"font-weight: 400;\">35 euros \u2192 dos o m\u00e9s infants<\/span><\/li>\n<\/ol>\n<\/li>\n<\/ol>\n<\/li>\n<\/ol>\n<h3><b>Extraescolars<\/b><\/h3>\n<ol>\n<li style=\"font-weight: 400;\" aria-level=\"1\"><span style=\"font-weight: 400;\">Per a dur a terme les activitats<\/span><b> la fam\u00edlia ha de ser s\u00f2cia de l&#8217;AFA<\/b><\/li>\n<li style=\"font-weight: 400;\" aria-level=\"1\"><span style=\"font-weight: 400;\">S&#8217;ha d&#8217;omplir el <\/span><a href=\"https:\/\/forms.gle\/QqzoMDRHzoLZzkJG9\" target=\"_blank\" rel=\"noopener\"><span style=\"font-weight: 400;\">seg\u00fcent formulari<\/span><\/a><span style=\"font-weight: 400;\"> per a cada alumne\/a.<\/span><\/li>\n<li style=\"font-weight: 400;\" aria-level=\"1\"><span style=\"font-weight: 400;\">En l&#8217;enlla\u00e7 seg\u00fcent podreu consultar tota <\/span><a href=\"https:\/\/drive.google.com\/file\/d\/1yPxEWVPPz8K2y0Z3W4BknFB-0Fl2uNVM\/view\" target=\"_blank\" rel=\"noopener\"><span style=\"font-weight: 400;\">la informaci\u00f3 de les extraescolars<\/span><\/a><\/li>\n<li style=\"font-weight: 400;\" aria-level=\"1\"><span style=\"font-weight: 400;\">El per\u00edode d&#8217;inscripci\u00f3 a les extraescolars \u00e9s fins al 31 de juliol. Fora d\u2019aquest termini s\u2019ha d&#8217;enviar un e-mail a l\u2019AFA per demanar la disponibilitat abans del dia 25 de cada mes.<\/span><\/li>\n<li style=\"font-weight: 400;\" aria-level=\"1\"><span style=\"font-weight: 400;\">Les activitats comen\u00e7aran el 15 de setembre de 2025 (excepte escacs que comen\u00e7ar\u00e0 l\u20191 d&#8217;octubre).<\/span><\/li>\n<\/ol>\n<h3><b>Servei Acollida Matinal<\/b><\/h3>\n<p><span style=\"font-weight: 400;\">L\u2019AFA organitza en col\u00b7laboraci\u00f3 amb l\u2019empresa Tot Oci, el servei d\u2019acollida matinal.<\/span><\/p>\n<p><b>Horari<\/b><span style=\"font-weight: 400;\">: de 7:30 a 9\u202fh (entrada d\u2019infants fins a les 8:40 h).<\/span><\/p>\n<p><b>IMPORTANT<\/b><span style=\"font-weight: 400;\">: Heu d&#8217;acompanyar el vostre fill\/a i assegurar-vos que entra al servei d&#8217;acollida matinal.<\/span><\/p>\n<p><b>Quota fixa mensual:<\/b><span style=\"font-weight: 400;\"> \u00a0 19\u202f\u20ac (nom\u00e9s per fam\u00edlies associades)<\/span><\/p>\n<p><span style=\"font-weight: 400;\">La quota mensual es girar\u00e0 mitjan\u00e7ant rebut bancari de manera<\/span><b> bimensual<\/b><span style=\"font-weight: 400;\"> (en cas que el <\/span><b>rebut sigui retornat, haureu d&#8217;assumir l&#8217;import del retorn<\/b><span style=\"font-weight: 400;\">).\u00a0<\/span><\/p>\n<p><span style=\"font-weight: 400;\">Per apuntar-se com a fix mensual al servei d\u2019acollida matinal cal indicar-ho al formulari per associar-se l\u2019AFA. Si ja heu omplert el formulari i us voleu apuntar posteriorment heu d\u2019enviar un correu a l\u2019AFA.<\/span><\/p>\n<p><span style=\"font-weight: 400;\">Si una temporada no s\u2019utilitza el servei no es cobra res, nom\u00e9s cal avisar l\u2019equip de monitoratge perqu\u00e8 n\u2019estiguin al cas.<\/span><\/p>\n<p><b>Entrades d&#8217;un dia:<\/b><\/p>\n<ul>\n<li style=\"font-weight: 400;\" aria-level=\"1\"><span style=\"font-weight: 400;\">fam\u00edlies associades a l&#8217;AFA:\u00a0 \u00a04\u202f\u20ac\u00a0<\/span><\/li>\n<li style=\"font-weight: 400;\" aria-level=\"1\"><span style=\"font-weight: 400;\">fam\u00edlies no associades a l&#8217;AFA:\u00a0 \u00a06\u202f\u20ac<\/span><\/li>\n<\/ul>\n<p><span style=\"font-weight: 400;\">Les entrades d&#8217;un dia es pagaran en efectiu a la monitora del servei.<\/span><\/p>\n<p><span style=\"font-weight: 400;\">IMPORTANT! Per a verificar que sou membres de l\u2019AFA haureu d\u2019identificar-vos amb el DNI de la mare\/pare o tutor.<\/span><\/p>\n<h3><b>Servei de menjador<\/b><\/h3>\n<p><span style=\"font-weight: 400;\">El servei de menjador\u00a0<\/span><span style=\"font-weight: 400;\">\u00e9s un servei que supervisa l\u2019AFA i que actualment gestionen les empreses CapGir i Tot Oci.<\/span><\/p>\n<p><span style=\"font-weight: 400;\">L\u2019<\/span><b>horari del servei<\/b><span style=\"font-weight: 400;\"> \u00e9s de 12.30 a 15\u202fh, excepte en per\u00edodes de jornada intensiva que ser\u00e0 de 13 a 15 h.\u00a0<\/span><\/p>\n<p><span style=\"font-weight: 400;\">Els<\/span><b> preus<\/b><span style=\"font-weight: 400;\"> del Servei de Menjador amb IVA Incl\u00f2s pel curs 2025\/26 s\u00f3n:<\/span><\/p>\n<ul>\n<li style=\"font-weight: 400;\" aria-level=\"1\"><span style=\"font-weight: 400;\">Alumne\/a fix (m\u00ednim 3 o m\u00e9s dies a la setmana): 6,30 \u20ac<\/span><\/li>\n<li style=\"font-weight: 400;\" aria-level=\"1\"><span style=\"font-weight: 400;\">Alumnes eventuals (menys de 3 dies a la setmana): 6,85 \u20ac<\/span><\/li>\n<\/ul>\n<h3><b>Inscripcions fixes i puntuals<\/b><\/h3>\n<p><span style=\"font-weight: 400;\">Les fam\u00edlies d\u2019alumnes <\/span><b>nous <\/b><span style=\"font-weight: 400;\">que facin \u00fas del Servei de Menjador escolar de <\/span><b>manera regular<\/b><span style=\"font-weight: 400;\"> durant tot el curs escolar han de formalitzar la<\/span><b> inscripci\u00f3 a trav\u00e9s d\u2019<\/b><a href=\"http:\/\/www.inscripcionsipagaments.cat\/formulari\/36\" target=\"_blank\" rel=\"noopener\"><b>aquest formulari<\/b><\/a><span style=\"font-weight: 400;\">.<\/span><\/p>\n<p><span style=\"font-weight: 400;\">Per a les <\/span><b>inscripcions puntuals<\/b><span style=\"font-weight: 400;\">, es garanteix una atenci\u00f3 personalitzada di\u00e0riament de 9 a 9.30 h al porxo de l\u2019escola, al costat de l\u2019entrada de cicle infantil, on s&#8217;haur\u00e0 d&#8217;abonar el preu del men\u00fa diari (pagament en efectiu o targeta banc\u00e0ria).<\/span><\/p>\n<p><span style=\"font-weight: 400;\">La responsable del Servei de Menjador (Ariadna Palah\u00ed) atendr\u00e0 les fam\u00edlies per tel\u00e8fon al 616.333.176<\/span> o a l&#8217;e-mail ariadna@totoci.net, <span style=\"font-weight: 400;\">per tal d\u2019aclarir dubtes o consultes, informar o concertar una trobada presencial, si s\u2019escau.<\/span><\/p>\n<p><span style=\"font-weight: 400;\">Cap alumne podr\u00e0 sortir de l\u2019escola en horari de menjador. Si ha de fer-ho per qualsevol motiu s\u2019haur\u00e0 de comunicar per escrit a la tutora o al conserge.<\/span><\/p>\n<p><span style=\"font-weight: 400;\">Mensualment, es far\u00e0 arribar el full de men\u00fas a les fam\u00edlies per correu electr\u00f2nic. Els men\u00fas estant revisats per una professional <\/span><b>dietista &#8211; nutricionista col\u00b7legiada<\/b><span style=\"font-weight: 400;\">.<\/span><\/p>\n<p><span style=\"font-weight: 400;\">Contemplen adaptacions per a infants amb<\/span><b> intoler\u00e0ncies i\/ al\u00b7l\u00e8rgies aliment\u00e0ries<\/b><span style=\"font-weight: 400;\">.<\/span><\/p>\n<p><span style=\"font-weight: 400;\">El servei inclou <\/span><b>dinamitzaci\u00f3 amb activitats i tallers.<\/b><\/p>\n<h3><b>Com donar un cop de m\u00e0? Com puc col\u00b7laborar amb l\u2019AFA?\u00a0<\/b><\/h3>\n<ol>\n<li style=\"font-weight: 400;\" aria-level=\"1\"><span style=\"font-weight: 400;\">Formar part de la<\/span><b> junta de l\u2019AFA<\/b><span style=\"font-weight: 400;\"> implica:\u00a0<\/span>\n<ol style=\"list-style-type: lower-alpha;\">\n<li style=\"font-weight: 400;\" aria-level=\"2\"><span style=\"font-weight: 400;\">Participar en les reunions de la Junta o en alguna de les seves comissions. A m\u00e9s d\u2019assistir en les assemblees.\u00a0<\/span><\/li>\n<li style=\"font-weight: 400;\" aria-level=\"2\"><span style=\"font-weight: 400;\">Organitzar, directament o donant suport, en algun dels temes a gestionar.<\/span><\/li>\n<\/ol>\n<\/li>\n<li style=\"font-weight: 400;\" aria-level=\"1\"><span style=\"font-weight: 400;\">Fer-se <\/span><b>fam\u00edlia col\u00b7laboradora<\/b><span style=\"font-weight: 400;\"> implica:\u00a0<\/span>\n<ol style=\"list-style-type: lower-alpha;\">\n<li style=\"font-weight: 400;\" aria-level=\"2\"><span style=\"font-weight: 400;\">Col\u00b7laborar, puntualment, en alguna de les activitats que es duen a terme.<\/span><\/li>\n<\/ol>\n<\/li>\n<\/ol>\n<h4><b>Qu\u00e8 fer, si hi tenim inter\u00e8s?\u00a0<\/b><\/h4>\n<ol>\n<li style=\"font-weight: 400;\" aria-level=\"1\"><b>Indicar-ho en el formulari de fam\u00edlia s\u00f2cia<\/b><span style=\"font-weight: 400;\"> o b\u00e9\u00a0<\/span><\/li>\n<li style=\"font-weight: 400;\" aria-level=\"1\"><b>Contactar amb nosaltres<\/b><span style=\"font-weight: 400;\">, personalment o b\u00e9 escrivint un correu a <\/span><a href=\"mailto:info@afasantesteve.com\"><span style=\"font-weight: 400;\">info@afasantesteve.com<\/span><\/a><span style=\"font-weight: 400;\">, fent constar si voleu ser membres de la Junta o fam\u00edlia col\u00b7laboradora<\/span><\/li>\n<\/ol>\n<h3><b>Com contactar amb la junta de l\u2019AFA?<\/b><\/h3>\n<p><span style=\"font-weight: 400;\">Per contactar amb la junta de l\u2019AFA podeu escriure un correu electr\u00f2nic a: <\/span><a href=\"mailto:info@afasantesteve.com\"><span style=\"font-weight: 400;\">info@afasantesteve.com<\/span><\/a><span style=\"font-weight: 400;\">.<\/span><\/p>\n<p><span style=\"font-weight: 400;\">Podeu seguir els esdeveniments de l\u2019AFA via <\/span><b>Instagram <\/b><span style=\"font-weight: 400;\">(@afasantesteve), tot i que la junta no l\u2019utilitzem com a canal de comunicaci\u00f3.<\/span><\/p>\n<p>&nbsp;<\/p>\n<p style=\"text-align: center;\"><span style=\"font-weight: 400;\">Associaci\u00f3 de Fam\u00edlies d\u2019Alumnes de l\u2019Escola Sant Esteve &#8211; C\/ Vall-Llobera,62 &#8211; 17455\u00a0<\/span><\/p>\n<p style=\"text-align: center;\"><span style=\"font-weight: 400;\">Caldes de Malavella &#8211; <\/span><a href=\"mailto:info@afasantesteve.com\"><span style=\"font-weight: 400;\">info@afasantesteve.com<\/span><\/a><\/p>\n<h1 style=\"text-align: center;\"><strong><em>Les fam\u00edlies fem escola.<\/em><\/strong><\/h1>\n<div><\/div>\n","protected":false},"excerpt":{"rendered":"<p>Associaci\u00f3 de fam\u00edlies d\u2019alumnes Escola Sant Esteve (AFA)<a href=\"https:\/\/agora.xtec.cat\/escsantesteve\/wp-content\/uploads\/usu1619\/2024\/08\/LOGO-AFA-ST-ESTEVE-.jpg\"><\/a><br \/>\nL\u2019Associaci\u00f3 de Fam\u00edlies d\u2019Alumnes de l\u2019Escola Sant Esteve \u00e9s una associaci\u00f3 sense \u00e0nim de lucre que agrupa a les fam\u00edlies dels alumnes de l\u2019escola, per donar suport a l\u2019escola, tot afavorint la relaci\u00f3 entre fam\u00edlies i escola,&hellip;  <a href=\"https:\/\/agora.xtec.cat\/escsantesteve\/afa\/\" title=\"Read AFA\">Llegeix m\u00e9s\u00bb<\/a><\/p>\n","protected":false},"author":1,"featured_media":0,"parent":0,"menu_order":0,"comment_status":"closed","ping_status":"closed","template":"","meta":{"_bbp_topic_count":0,"_bbp_reply_count":0,"_bbp_total_topic_count":0,"_bbp_total_reply_count":0,"_bbp_voice_count":0,"_bbp_anonymous_reply_count":0,"_bbp_topic_count_hidden":0,"_bbp_reply_count_hidden":0,"_bbp_forum_subforum_count":0,"footnotes":""},"class_list":["post-1565","page","type-page","status-publish","hentry"],"post_mailing_queue_ids":[],"_links":{"self":[{"href":"https:\/\/agora.xtec.cat\/escsantesteve\/wp-json\/wp\/v2\/pages\/1565","targetHints":{"allow":["GET"]}}],"collection":[{"href":"https:\/\/agora.xtec.cat\/escsantesteve\/wp-json\/wp\/v2\/pages"}],"about":[{"href":"https:\/\/agora.xtec.cat\/escsantesteve\/wp-json\/wp\/v2\/types\/page"}],"author":[{"embeddable":true,"href":"https:\/\/agora.xtec.cat\/escsantesteve\/wp-json\/wp\/v2\/users\/1"}],"replies":[{"embeddable":true,"href":"https:\/\/agora.xtec.cat\/escsantesteve\/wp-json\/wp\/v2\/comments?post=1565"}],"version-history":[{"count":6,"href":"https:\/\/agora.xtec.cat\/escsantesteve\/wp-json\/wp\/v2\/pages\/1565\/revisions"}],"predecessor-version":[{"id":2034,"href":"https:\/\/agora.xtec.cat\/escsantesteve\/wp-json\/wp\/v2\/pages\/1565\/revisions\/2034"}],"wp:attachment":[{"href":"https:\/\/agora.xtec.cat\/escsantesteve\/wp-json\/wp\/v2\/media?parent=1565"}],"curies":[{"name":"wp","href":"https:\/\/api.w.org\/{rel}","templated":true}]}}