{"id":1187,"date":"2020-05-08T12:00:44","date_gmt":"2020-05-08T10:00:44","guid":{"rendered":"http:\/\/agora.xtec.cat\/escsantesteve\/?page_id=1187"},"modified":"2023-03-06T09:39:19","modified_gmt":"2023-03-06T08:39:19","slug":"preinscripcio-curs-2020-2021","status":"publish","type":"page","link":"https:\/\/agora.xtec.cat\/escsantesteve\/lescola\/preinscripcio-curs-2020-2021\/","title":{"rendered":"Preinscripci\u00f3 curs 2023-2024"},"content":{"rendered":"<p><strong>Per\u00edode: <\/strong>del 6 al 20 de mar\u00e7 de 2023<\/p>\n<p><strong>Sol\u00b7licitud: <\/strong><a href=\"https:\/\/educacio.gencat.cat\/ca\/tramits\/tramits-temes\/20483-obligatoris?moda=1\" target=\"_blank\" rel=\"noopener\">Sol\u00b7licitud de preinscripci\u00f3<\/a><\/p>\n<p>Primer trobareu un v\u00eddeo explicatiu i m\u00e9s avall de p\u00e0gina, a la dreta, hi ha l&#8217;enlla\u00e7 a la sol\u00b7licitud.<\/p>\n<p><strong>Novetats:<\/strong><\/p>\n<ul>\n<li>Igual que el curs passat, totes les sol\u00b7licituds s\u00f3n en format telem\u00e0tic, per tant, <strong style=\"font-family: inherit; font-size: 1em;\"><u>no<\/u><\/strong><u style=\"font-family: inherit; font-size: 1em;\"> <strong>hi ha la possibilitat de full de preinscripci\u00f3 en paper<\/strong><\/u><span style=\"font-family: inherit; font-size: 1em;\">.<\/span><\/li>\n<\/ul>\n<ul>\n<li>No cal lliurar cap documentaci\u00f3 presencialment al centre educatiu que indiqueu en primera opci\u00f3.<\/li>\n<li>Hi ha dos tipus de sol\u00b7licitud:\n<ul>\n<li><u>Electr\u00f2nica<\/u>: cal identificaci\u00f3 digital<\/li>\n<li><u>Suport inform\u00e0tic<\/u>: sense identificaci\u00f3 digital<\/li>\n<\/ul>\n<\/li>\n<\/ul>\n<p><strong>IMPORTANT! : LA PERSONA SOL.LICITANT SEMPRE \u00e9s l\u2019alumne\/a, malgrat s\u2019identifiquin amb un certificat digital d\u2019algun dels progenitors o tutors.<\/strong><\/p>\n<h4><\/h4>\n<h4><span style=\"color: #ff6600;\">Qu\u00e8 em cal per omplir la sol\u00b7licitud?<\/span><\/h4>\n<p><strong>\u00a0<\/strong>Hi ha dues opcions:<\/p>\n<ol>\n<li><span style=\"color: #ff6600;\"><strong><u>SOL\u00b7LICITUD ELECTR\u00d2NICA<\/u><\/strong><\/span>: Mitjan\u00e7ant certificat digital, com DNI electr\u00f2nic, Cl@ve, idCat, etc. Si no es disposa de cap certificat, us en podeu generar un de forma f\u00e0cil, l\u2019idCat M\u00f2bil, us expliquem com:<\/li>\n<\/ol>\n<p>Cal complir els requisits seg\u00fcents:<\/p>\n<ul>\n<li>Ser major de 16 anys<\/li>\n<li>Disposar de DNI\/NIE\/Passaport\/Doc identificador d\u2019un pa\u00eds de la UE o targeta de resid\u00e8ncia comunit\u00e0ria<\/li>\n<li>Disposar d\u2019adre\u00e7a de correu electr\u00f2nic i un tel\u00e8fon m\u00f2bil a efectes d\u2019identificaci\u00f3 i contacte<\/li>\n<li>Targeta sanit\u00e0ria per la teva identificaci\u00f3<\/li>\n<\/ul>\n<p>Accediu a l\u2019adre\u00e7a <a href=\"https:\/\/idcatmobil.seu.cat\/\" target=\"_blank\" rel=\"noopener noreferrer\"><u>https:\/\/idcatmobil.seu.cat\/<\/u><\/a> i trobareu les instruccions pas a pas de com fer-ho.<\/p>\n<p>Per utilitzar l\u2019idCAT M\u00f2bil nom\u00e9s cal introduir el n\u00famero de document d\u2019identitat i el n\u00famero de tel\u00e8fon m\u00f2bil en el web on calgui identificar-se electr\u00f2nicament per fer un tr\u00e0mit. Tot seguit es rep un missatge al tel\u00e8fon, que cont\u00e9 una clau d\u2019acc\u00e9s per introduir-la en el web. En aquest cas, al tr\u00e0mit de sol\u00b7licitud de preinscripci\u00f3.<\/p>\n<p>&nbsp;<\/p>\n<p>Una vegada identificats, caldr\u00e0 entrar el <em>n\u00famero d\u2019identificaci\u00f3 de l\u2019alumne\/a a RALC (el podeu trobar a l\u2019informe de final de curs o consultar-lo al gencat.cat) per poder recuperar les s<\/em>eves dades personals i acad\u00e8miques. Els alumnes que facin la preinscripci\u00f3 a P3 o que hagin estat escolaritzats fora de Catalunya, no tenen aquest n\u00famero, deixar en blanc.<\/p>\n<p>Omplir les prefer\u00e8ncies i enviar la sol\u00b7licitud. En la majoria de casos no caldr\u00e0 fer res m\u00e9s ni adjuntar cap tipus de documentaci\u00f3, donat que s\u2019haur\u00e0 fet l\u2019intercanvi de validaci\u00f3 de les vostres dades amb totes les administracions implicades.<\/p>\n<p>&nbsp;<\/p>\n<ol start=\"2\">\n<li><span style=\"color: #ff6600;\"><strong><u>SOL\u00b7LICITUD EN SUPORT INFORM\u00c0TIC<\/u><\/strong>:<\/span> Caldr\u00e0 identificar l\u2019alumne\/a amb el seu <em>n\u00fam. d\u2019Identificaci\u00f3 d\u2019alumne <\/em>i omplir el formulari, a l\u2019enviar-ho es far\u00e0 l\u2019intercanvi de dades amb les administracions implicades i adjuntar escanejada o fotografiada la documentaci\u00f3 d\u2019identificaci\u00f3 i filiaci\u00f3 (DNI, llibre de fam\u00edlia, etc), juntament amb la que al\u00b7legueu a efectes de barems i que no s\u2019hagi pogut validar.<\/li>\n<\/ol>\n<p>&nbsp;<\/p>\n<h4>Puc presentar dues sol\u00b7licituds a dos centres diferents per uns mateixos estudis?<\/h4>\n<p><strong>\u00a0<\/strong>No, en cap cas. S\u2019ha de presentar una sola sol\u00b7licitud i indicar-hi per ordre de prefer\u00e8ncia els diferents centres als que us interessa inscriure la vostra filla o fill.<\/p>\n<h4>Si tinc dubtes omplint la sol\u00b7licitud on em puc adre\u00e7ar?<\/h4>\n<p><strong>\u00a0<\/strong>Podeu posar-vos en contacte telef\u00f2nic amb el centre que escolliu inscriure el vostre fill o filla en primera opci\u00f3, en horari d\u2019oficina, i us ajudaran a complimentar el proc\u00e9s.<\/p>\n<h4>Com puc saber els criteris pels barems i la seva puntuaci\u00f3?<\/h4>\n<p><strong>\u00a0<\/strong>Trobareu tota la informaci\u00f3 sobre criteris, calendari i la resta d\u2019informaci\u00f3 respecte el proc\u00e9s de preinscripci\u00f3 a la p\u00e0gina web<\/p>\n<p><a href=\"https:\/\/preinscripcio.gencat.cat\/ca\/inici\" target=\"_blank\" rel=\"noopener noreferrer\"><u>https:\/\/preinscripcio.gencat.cat\/ca\/inici<\/u><\/a><\/p>\n<p>&nbsp;<\/p>\n<h4><span style=\"color: #ff6600;\">INFORMACIONS I\/O RECOMANACIONS:<\/span><strong>\u00a0<\/strong><\/h4>\n<ul>\n<li>Tenir fotografiada o escanejada la documentaci\u00f3 en el mateix dispositiu des d\u2019on es fa la sol\u00b7licitud.<\/li>\n<li>El codi de centre del nostre centre \u00e9s 17000676, el necessitareu per indicar a quin centre voleu preinscriure-us.<\/li>\n<li>Cenyiu-vos al calendari establert, lliurar la sol\u00b7licitud o la documentaci\u00f3 fora de termini us fa perdre tots els drets d\u2019adscripci\u00f3 amb el risc que aix\u00f2 comporta de quedar-se sense pla\u00e7a al centre.<\/li>\n<\/ul>\n<p>&nbsp;<\/p>\n","protected":false},"excerpt":{"rendered":"<p>Per\u00edode: del 6 al 20 de mar\u00e7 de 2023<br \/>\nSol\u00b7licitud: <a href=\"https:\/\/educacio.gencat.cat\/ca\/tramits\/tramits-temes\/20483-obligatoris?moda=1\" target=\"_blank\" rel=\"noopener\">Sol\u00b7licitud de preinscripci\u00f3<\/a><br \/>\nPrimer trobareu un v\u00eddeo explicatiu i m\u00e9s avall de p\u00e0gina, a la dreta, hi ha l&#8217;enlla\u00e7 a la sol\u00b7licitud.<br \/>\nNovetats:<\/p>\n<ul>\n<li>Igual que el curs passat, totes les sol\u00b7licituds s\u00f3n en format telem\u00e0tic, per&hellip;  <a href=\"https:\/\/agora.xtec.cat\/escsantesteve\/lescola\/preinscripcio-curs-2020-2021\/\" title=\"Read Preinscripci\u00f3 curs 2023-2024\">Llegeix m\u00e9s\u00bb<\/a><br \/>\n","protected":false},"author":1,"featured_media":0,"parent":22,"menu_order":80,"comment_status":"closed","ping_status":"closed","template":"","meta":{"_bbp_topic_count":0,"_bbp_reply_count":0,"_bbp_total_topic_count":0,"_bbp_total_reply_count":0,"_bbp_voice_count":0,"_bbp_anonymous_reply_count":0,"_bbp_topic_count_hidden":0,"_bbp_reply_count_hidden":0,"_bbp_forum_subforum_count":0,"footnotes":""},"class_list":["post-1187","page","type-page","status-publish","hentry"],"post_mailing_queue_ids":[],"_links":{"self":[{"href":"https:\/\/agora.xtec.cat\/escsantesteve\/wp-json\/wp\/v2\/pages\/1187","targetHints":{"allow":["GET"]}}],"collection":[{"href":"https:\/\/agora.xtec.cat\/escsantesteve\/wp-json\/wp\/v2\/pages"}],"about":[{"href":"https:\/\/agora.xtec.cat\/escsantesteve\/wp-json\/wp\/v2\/types\/page"}],"author":[{"embeddable":true,"href":"https:\/\/agora.xtec.cat\/escsantesteve\/wp-json\/wp\/v2\/users\/1"}],"replies":[{"embeddable":true,"href":"https:\/\/agora.xtec.cat\/escsantesteve\/wp-json\/wp\/v2\/comments?post=1187"}],"version-history":[{"count":4,"href":"https:\/\/agora.xtec.cat\/escsantesteve\/wp-json\/wp\/v2\/pages\/1187\/revisions"}],"predecessor-version":[{"id":1709,"href":"https:\/\/agora.xtec.cat\/escsantesteve\/wp-json\/wp\/v2\/pages\/1187\/revisions\/1709"}],"up":[{"embeddable":true,"href":"https:\/\/agora.xtec.cat\/escsantesteve\/wp-json\/wp\/v2\/pages\/22"}],"wp:attachment":[{"href":"https:\/\/agora.xtec.cat\/escsantesteve\/wp-json\/wp\/v2\/media?parent=1187"}],"curies":[{"name":"wp","href":"https:\/\/api.w.org\/{rel}","templated":true}]}}

Preinscripció curs 2023-2024

<p><strong>Període: </strong>del 6 al 20 de març de 2023</p>
<p><strong>Sol·licitud: </strong><a href="https://educacio.gencat.cat/ca/tramits/tramits-temes/20483-obligatoris?moda=1" target="_blank" rel="noopener">Sol·licitud de preinscripció</a></p>
<p>Primer trobareu un vídeo explicatiu i més avall de pàgina, a la dreta, hi ha l&#8217;enllaç a la sol·licitud.</p>
<p><strong>Novetats:</strong></p>
<ul>
<li>Igual que el curs passat, totes les sol·licituds són en format telemàtic, per tant, <strong style="font-family: inherit; font-size: 1em;"><u>no</u></strong><u style="font-family: inherit; font-size: 1em;"> <strong>hi ha la possibilitat de full de preinscripció en paper</strong></u><span style="font-family: inherit; font-size: 1em;">.</span></li>
</ul>
<ul>
<li>No cal lliurar cap documentació presencialment al centre educatiu que indiqueu en primera opció.</li>
<li>Hi ha dos tipus de sol·licitud:
<ul>
<li><u>Electrònica</u>: cal identificació digital</li>
<li><u>Suport informàtic</u>: sense identificació digital</li>
</ul>
</li>
</ul>
<p><strong>IMPORTANT! : LA PERSONA SOL.LICITANT SEMPRE és l’alumne/a, malgrat s’identifiquin amb un certificat digital d’algun dels progenitors o tutors.</strong></p>
<h4></h4>
<h4><span style="color: #ff6600;">Què em cal per omplir la sol·licitud?</span></h4>
<p><strong> </strong>Hi ha dues opcions:</p>
<ol>
<li><span style="color: #ff6600;"><strong><u>SOL·LICITUD ELECTRÒNICA</u></strong></span>: Mitjançant certificat digital, com DNI electrònic, Cl@ve, idCat, etc. Si no es disposa de cap certificat, us en podeu generar un de forma fàcil, l’idCat Mòbil, us expliquem com:</li>
</ol>
<p>Cal complir els requisits següents:</p>
<ul>
<li>Ser major de 16 anys</li>
<li>Disposar de DNI/NIE/Passaport/Doc identificador d’un país de la UE o targeta de residència comunitària</li>
<li>Disposar d’adreça de correu electrònic i un telèfon mòbil a efectes d’identificació i contacte</li>
<li>Targeta sanitària per la teva identificació</li>
</ul>
<p>Accediu a l’adreça <a href="https://idcatmobil.seu.cat/" target="_blank" rel="noopener noreferrer"><u>https://idcatmobil.seu.cat/</u></a> i trobareu les instruccions pas a pas de com fer-ho.</p>
<p>Per utilitzar l’idCAT Mòbil només cal introduir el número de document d’identitat i el número de telèfon mòbil en el web on calgui identificar-se electrònicament per fer un tràmit. Tot seguit es rep un missatge al telèfon, que conté una clau d’accés per introduir-la en el web. En aquest cas, al tràmit de sol·licitud de preinscripció.</p>
<p>&nbsp;</p>
<p>Una vegada identificats, caldrà entrar el <em>número d’identificació de l’alumne/a a RALC (el podeu trobar a l’informe de final de curs o consultar-lo al gencat.cat) per poder recuperar les s</em>eves dades personals i acadèmiques. Els alumnes que facin la preinscripció a P3 o que hagin estat escolaritzats fora de Catalunya, no tenen aquest número, deixar en blanc.</p>
<p>Omplir les preferències i enviar la sol·licitud. En la majoria de casos no caldrà fer res més ni adjuntar cap tipus de documentació, donat que s’haurà fet l’intercanvi de validació de les vostres dades amb totes les administracions implicades.</p>
<p>&nbsp;</p>
<ol start="2">
<li><span style="color: #ff6600;"><strong><u>SOL·LICITUD EN SUPORT INFORMÀTIC</u></strong>:</span> Caldrà identificar l’alumne/a amb el seu <em>núm. d’Identificació d’alumne </em>i omplir el formulari, a l’enviar-ho es farà l’intercanvi de dades amb les administracions implicades i adjuntar escanejada o fotografiada la documentació d’identificació i filiació (DNI, llibre de família, etc), juntament amb la que al·legueu a efectes de barems i que no s’hagi pogut validar.</li>
</ol>
<p>&nbsp;</p>
<h4>Puc presentar dues sol·licituds a dos centres diferents per uns mateixos estudis?</h4>
<p><strong> </strong>No, en cap cas. S’ha de presentar una sola sol·licitud i indicar-hi per ordre de preferència els diferents centres als que us interessa inscriure la vostra filla o fill.</p>
<h4>Si tinc dubtes omplint la sol·licitud on em puc adreçar?</h4>
<p><strong> </strong>Podeu posar-vos en contacte telefònic amb el centre que escolliu inscriure el vostre fill o filla en primera opció, en horari d’oficina, i us ajudaran a complimentar el procés.</p>
<h4>Com puc saber els criteris pels barems i la seva puntuació?</h4>
<p><strong> </strong>Trobareu tota la informació sobre criteris, calendari i la resta d’informació respecte el procés de preinscripció a la pàgina web</p>
<p><a href="https://preinscripcio.gencat.cat/ca/inici" target="_blank" rel="noopener noreferrer"><u>https://preinscripcio.gencat.cat/ca/inici</u></a></p>
<p>&nbsp;</p>
<h4><span style="color: #ff6600;">INFORMACIONS I/O RECOMANACIONS:</span><strong> </strong></h4>
<ul>
<li>Tenir fotografiada o escanejada la documentació en el mateix dispositiu des d’on es fa la sol·licitud.</li>
<li>El codi de centre del nostre centre és 17000676, el necessitareu per indicar a quin centre voleu preinscriure-us.</li>
<li>Cenyiu-vos al calendari establert, lliurar la sol·licitud o la documentació fora de termini us fa perdre tots els drets d’adscripció amb el risc que això comporta de quedar-se sense plaça al centre.</li>
</ul>
<p>&nbsp;</p>

<p>Període: del 6 al 20 de març de 2023<br />
Sol·licitud: <a href="https://educacio.gencat.cat/ca/tramits/tramits-temes/20483-obligatoris?moda=1" target="_blank" rel="noopener">Sol·licitud de preinscripció</a><br />
Primer trobareu un vídeo explicatiu i més avall de pàgina, a la dreta, hi ha l&#8217;enllaç a la sol·licitud.<br />
Novetats:</p>
<ul>
<li>Igual que el curs passat, totes les sol·licituds són en format telemàtic, per&hellip;  <a href="https://agora.xtec.cat/escsantesteve/lescola/preinscripcio-curs-2020-2021/" title="Read Preinscripció curs 2023-2024">Llegeix més»</a><br />
