{"id":530,"date":"2016-07-26T00:16:17","date_gmt":"2016-07-25T23:16:17","guid":{"rendered":"http:\/\/agora.xtec.cat\/escsantamaria\/?page_id=530"},"modified":"2019-07-08T11:39:15","modified_gmt":"2019-07-08T09:39:15","slug":"coral-escola-santa-maria-del-mar","status":"publish","type":"page","link":"https:\/\/agora.xtec.cat\/escsantamaria\/projectes\/coral-escola-santa-maria-del-mar\/","title":{"rendered":"Coral Escola Santa Maria del Mar"},"content":{"rendered":"<p style=\"text-align: justify;\"><strong>Qu\u00e8 fa la m\u00fasica al nostre cervell?<\/strong><\/p>\n<p style=\"text-align: justify;\">Des del camp de la neuroci\u00e8ncia s\u2019ha formulat aquesta pregunta. La m\u00fasica\u00a0 \u00e9s un Art que ens estimula i ens emociona, per aquest motiu, activa i produeix tots els mecanismes \u00a0neuronals.<\/p>\n<p style=\"text-align: justify;\"><strong>Canvia el nostre cervell amb una educaci\u00f3 musical<\/strong>?<\/p>\n<p style=\"text-align: justify;\">Doncs la resposta \u00e9s S\u00cd. Aquesta pregunta s\u2019ha pogut respondre afirmativament gr\u00e0cies a recents investigacions de Neurologia amb les seg\u00fcents t\u00e9cniques: Magneto Encefalograma (MEG), la Tomografia per emissi\u00f3 de Positrons (PET) i tamb\u00e9 amb la imatge de Resson\u00e0ncia Funcional (FMRI).<\/p>\n<p style=\"text-align: justify;\">Les imatges mostren com la pr\u00e0ctica musical activa els patrons cerebrals i estimula totes les seves conexions. Es poden veure petites taques en totes les \u00e0rees del cervell. L\u2019estudi i la pr\u00e0ctica de la m\u00fasica pot arribar a modificar el cervell, \u00f2rgan pl\u00e0stic i susceptible d\u2019adaptaci\u00f3, per aconseguir que els seus dos hemisferis funcionin amb m\u00e9s agilitat i integraci\u00f3&#8230;no nom\u00e9s en les funcions musicals, sin\u00f2 tamb\u00e9 en els dominis de la mem\u00f2ria, la matem\u00e0tica i el llenguatge.<\/p>\n<p style=\"text-align: justify;\">Afirmen que l\u2019activitat musical t\u00e9 uns efectes de nivell tan alts, profunds i duraders que pot organtitzar tot el processament de la informaci\u00f3 de l\u2019\u00e9sser hum\u00e0.<\/p>\n<p style=\"text-align: justify;\">La m\u00fasica cl\u00e0ssica, tan rica de timbres i matissos, \u00e9s molt beneficiosa. Estudis recents han demostrat com els estudiants que escoltaven regularment m\u00fasica cl\u00e0ssica, com per exemple, les sonates de Mozart, van\u00a0 enfortir el raonament espai-temporal.<\/p>\n<p style=\"text-align: justify;\"><strong>Els nens i les nenes que canten en una coral es formen en valors<\/strong> i tamb\u00e9 descobreixen la m\u00fasica en tota la seva profunditat. Aquests nens potencien la part creativa personal i s\u2019eduquen en el respecte, l\u2019esfor\u00e7, l\u2019atenci\u00f3, el treball en equip i en els valors de responsabilitat i \u00a0comprom\u00eds.<\/p>\n<p style=\"text-align: justify;\">Cantar en una coral \u00e9s descobrir la veu, reeducar-la i modular-la en tota la seva extensi\u00f3 perqu\u00e8 si se li d\u00f3na a l\u2019o\u00efda la possibilitat d\u2019escoltar correctament, la veu millora instant\u00e0niament.<\/p>\n<p style=\"text-align: justify;\">El cant coral ajuda a apreciar la bellesa de la m\u00fasica com a Art i \u00a0va m\u00e9s enll\u00e0 dels grups medi\u00e0tics amb finalitats comercials.<\/p>\n<p style=\"text-align: justify;\">Em deixo molt\u00edssimes aportacions que fa una bona educaci\u00f3 musical i el cant coral en el desenvolupament integral de la persona&#8230;com poden ser en el tractament de la diversitat, en la rehabilitaci\u00f3 motora, en les alteracions de la fonaci\u00f3 , en el d\u00e8ficit \u00a0de l\u2019atenci\u00f3 i en l\u2019ajuda a persones que pateixen una alteraci\u00f3 sensorial, com pot ser una ceguera&#8230;<\/p>\n<p style=\"text-align: justify;\">S\u00f3c conscient de la import\u00e0ncia de la m\u00fasica i del seu poder&#8230;al llarg dels anys he pogut experimentar la seva m\u00e0gia quan veig i sento els meus alumnes cantar i emocionar-se al voltant de les vibracions del piano.<\/p>\n<p style=\"text-align: justify;\">No \u00e9s meravell\u00f3s? La nostra societat necessita de l\u2019Art i de la M\u00fasica.<\/p>\n<p>&nbsp;<\/p>\n<p style=\"text-align: right;\">Maria Aranda<\/p>\n<p style=\"text-align: right;\">Mestra especialista en educaci\u00f3 musical<\/p>\n<p><a href=\"http:\/\/agora.xtec.cat\/escsantamaria\/wp-content\/uploads\/usu1256\/2016\/07\/IMG-20161220-WA0006.jpg\"><img loading=\"lazy\" decoding=\"async\" class=\"aligncenter wp-image-1638\" src=\"http:\/\/agora.xtec.cat\/escsantamaria\/wp-content\/uploads\/usu1256\/2016\/07\/IMG-20161220-WA0006-1024x576.jpg\" alt=\"img-20161220-wa0006\" width=\"750\" height=\"422\" srcset=\"https:\/\/agora.xtec.cat\/escsantamaria\/wp-content\/uploads\/usu1256\/2016\/07\/IMG-20161220-WA0006-1024x576.jpg 1024w, https:\/\/agora.xtec.cat\/escsantamaria\/wp-content\/uploads\/usu1256\/2016\/07\/IMG-20161220-WA0006-300x169.jpg 300w, https:\/\/agora.xtec.cat\/escsantamaria\/wp-content\/uploads\/usu1256\/2016\/07\/IMG-20161220-WA0006-768x432.jpg 768w, https:\/\/agora.xtec.cat\/escsantamaria\/wp-content\/uploads\/usu1256\/2016\/07\/IMG-20161220-WA0006.jpg 1600w\" sizes=\"auto, (max-width: 750px) 100vw, 750px\" \/><\/a><\/p>\n<p style=\"text-align: center;\"><em>Actuaci\u00f3 de 4t A a la Llar d&#8217;Infants Cavallet de Mar\u00a0<\/em><\/p>\n<p style=\"text-align: center;\"><a href=\"http:\/\/agora.xtec.cat\/escsantamaria\/wp-content\/uploads\/usu1256\/2016\/07\/IMG_20161219_103027.jpg\"><img loading=\"lazy\" decoding=\"async\" class=\"aligncenter wp-image-1641\" src=\"http:\/\/agora.xtec.cat\/escsantamaria\/wp-content\/uploads\/usu1256\/2016\/07\/IMG_20161219_103027-1024x768.jpg\" alt=\"img_20161219_103027\" width=\"750\" height=\"563\" srcset=\"https:\/\/agora.xtec.cat\/escsantamaria\/wp-content\/uploads\/usu1256\/2016\/07\/IMG_20161219_103027-1024x768.jpg 1024w, https:\/\/agora.xtec.cat\/escsantamaria\/wp-content\/uploads\/usu1256\/2016\/07\/IMG_20161219_103027-300x225.jpg 300w, https:\/\/agora.xtec.cat\/escsantamaria\/wp-content\/uploads\/usu1256\/2016\/07\/IMG_20161219_103027-768x576.jpg 768w, https:\/\/agora.xtec.cat\/escsantamaria\/wp-content\/uploads\/usu1256\/2016\/07\/IMG_20161219_103027-200x150.jpg 200w\" sizes=\"auto, (max-width: 750px) 100vw, 750px\" \/><\/a><\/p>\n<p style=\"text-align: center;\"><em>Actuaci\u00f3 de 4t B a la Llar d&#8217;Infants Balena Blava<\/em><\/p>\n<p>&nbsp;<\/p>\n<p><iframe loading=\"lazy\" title=\"Sonet de Paper\" width=\"500\" height=\"281\" src=\"https:\/\/www.youtube.com\/embed\/0Lj8A_-ERyQ?start=191&#038;feature=oembed\" frameborder=\"0\" allow=\"accelerometer; autoplay; clipboard-write; encrypted-media; gyroscope; picture-in-picture; web-share\" referrerpolicy=\"strict-origin-when-cross-origin\" allowfullscreen><\/iframe><\/p>\n<p style=\"text-align: left;\"><em>Participaci\u00f3 a &#8220;Cant\u00e0nia 2019&#8221; (Auditori de Barcelona)<\/em><\/p>\n<p>&nbsp;<\/p>\n","protected":false},"excerpt":{"rendered":"<p>Qu\u00e8 fa la m\u00fasica al nostre cervell?<br \/>\nDes del camp de la neuroci\u00e8ncia s\u2019ha formulat aquesta pregunta. La m\u00fasica\u00a0 \u00e9s un Art que ens estimula i ens emociona, per aquest motiu, activa i produeix tots els mecanismes \u00a0neuronals.<br \/>\nCanvia el nostre cervell amb una educaci\u00f3 musical?<br \/>\nDoncs la&hellip;  <a href=\"https:\/\/agora.xtec.cat\/escsantamaria\/projectes\/coral-escola-santa-maria-del-mar\/\" title=\"Read Coral Escola Santa Maria del Mar\">Llegeix m\u00e9s\u00bb<\/a><\/p>\n","protected":false},"author":3,"featured_media":0,"parent":1501,"menu_order":6,"comment_status":"closed","ping_status":"closed","template":"page-templates\/side-menu.php","meta":{"_bbp_topic_count":0,"_bbp_reply_count":0,"_bbp_total_topic_count":0,"_bbp_total_reply_count":0,"_bbp_voice_count":0,"_bbp_anonymous_reply_count":0,"_bbp_topic_count_hidden":0,"_bbp_reply_count_hidden":0,"_bbp_forum_subforum_count":0,"footnotes":""},"class_list":["post-530","page","type-page","status-publish","hentry"],"post_mailing_queue_ids":[],"_links":{"self":[{"href":"https:\/\/agora.xtec.cat\/escsantamaria\/wp-json\/wp\/v2\/pages\/530","targetHints":{"allow":["GET"]}}],"collection":[{"href":"https:\/\/agora.xtec.cat\/escsantamaria\/wp-json\/wp\/v2\/pages"}],"about":[{"href":"https:\/\/agora.xtec.cat\/escsantamaria\/wp-json\/wp\/v2\/types\/page"}],"author":[{"embeddable":true,"href":"https:\/\/agora.xtec.cat\/escsantamaria\/wp-json\/wp\/v2\/users\/3"}],"replies":[{"embeddable":true,"href":"https:\/\/agora.xtec.cat\/escsantamaria\/wp-json\/wp\/v2\/comments?post=530"}],"version-history":[{"count":4,"href":"https:\/\/agora.xtec.cat\/escsantamaria\/wp-json\/wp\/v2\/pages\/530\/revisions"}],"predecessor-version":[{"id":11151,"href":"https:\/\/agora.xtec.cat\/escsantamaria\/wp-json\/wp\/v2\/pages\/530\/revisions\/11151"}],"up":[{"embeddable":true,"href":"https:\/\/agora.xtec.cat\/escsantamaria\/wp-json\/wp\/v2\/pages\/1501"}],"wp:attachment":[{"href":"https:\/\/agora.xtec.cat\/escsantamaria\/wp-json\/wp\/v2\/media?parent=530"}],"curies":[{"name":"wp","href":"https:\/\/api.w.org\/{rel}","templated":true}]}}