{"id":521,"date":"2016-07-26T00:14:45","date_gmt":"2016-07-25T23:14:45","guid":{"rendered":"http:\/\/agora.xtec.cat\/escsantamaria\/?page_id=521"},"modified":"2019-07-08T18:32:28","modified_gmt":"2019-07-08T16:32:28","slug":"hortescolar","status":"publish","type":"page","link":"https:\/\/agora.xtec.cat\/escsantamaria\/projectes\/hortescolar\/","title":{"rendered":"Hort escolar"},"content":{"rendered":"<p style=\"text-align: justify;\">Des de l\u2019escola veiem la necessitat d\u2019introduir noves activitats i estrat\u00e8gies que permetin millorar i ampliar el contacte dels nostres alumnes amb l\u2019entorn i la natura, alhora que ajudin a potenciar l\u2019educaci\u00f3 ambiental. Creiem que la possibilitat de tenir un hort a l\u2019escola pot ajudar els nostres alumnes a prendre consci\u00e8ncia de la import\u00e0ncia de con\u00e8ixer i protegir els diversos ecosistemes naturals i a valorar l\u2019esfor\u00e7 i la responsabilitat personals. L\u2019hort aporta una s\u00e8rie d\u2019estrat\u00e8gies gratificants i \u00faniques per a l\u2019alumnat i permet fer-lo servir per treballar amb alumnes de diferents edats i en diferents \u00e0rees curriculars.<\/p>\n<p style=\"text-align: justify;\">L\u2019hort ecol\u00f2gic \u00e9s un projecte de centre, amb l\u2019objectiu fonamental d\u2019educar en els valors de progr\u00e9s sostenible i de respecte a la natura. Les activitats a l\u2019hort ens permeten aprendre a valorar el treball del que hi ha darrera de la producci\u00f3, l\u2019agricultura.<\/p>\n<p style=\"text-align: justify;\"><em>Qu\u00e8 volem? Que els infants cuidin, estimin i protegeixin la natura.<\/em><\/p>\n<p><img loading=\"lazy\" decoding=\"async\" class=\"aligncenter wp-image-11157\" src=\"https:\/\/agora.xtec.cat\/escsantamaria\/wp-content\/uploads\/usu1256\/2019\/07\/20190522_155835-1024x576.jpg\" alt=\"\" width=\"770\" height=\"433\" srcset=\"https:\/\/agora.xtec.cat\/escsantamaria\/wp-content\/uploads\/usu1256\/2019\/07\/20190522_155835-1024x576.jpg 1024w, https:\/\/agora.xtec.cat\/escsantamaria\/wp-content\/uploads\/usu1256\/2019\/07\/20190522_155835-300x169.jpg 300w, https:\/\/agora.xtec.cat\/escsantamaria\/wp-content\/uploads\/usu1256\/2019\/07\/20190522_155835-768x432.jpg 768w, https:\/\/agora.xtec.cat\/escsantamaria\/wp-content\/uploads\/usu1256\/2019\/07\/20190522_155835.jpg 1081w\" sizes=\"auto, (max-width: 770px) 100vw, 770px\" \/><\/p>\n<p style=\"text-align: justify;\"><strong><em>Al nostre hort cavarem, regarem i aprendrem, perqu\u00e8 veure cr\u00e9ixer una planta, veure cr\u00e9ixer una flor, o sentir la seva olor s\u00f3n coses molt petites que omplen el cor de deb\u00f2.<\/em><\/strong><\/p>\n<div class=\"addtoany_share_save_container addtoany_content_bottom\">\n<div class=\"a2a_kit a2a_kit_size_32 addtoany_list\" data-a2a-url=\"https:\/\/agora.xtec.cat\/escsantamaria\/hort\/\" data-a2a-title=\"Hort\"><img loading=\"lazy\" decoding=\"async\" class=\"aligncenter wp-image-11158\" src=\"https:\/\/agora.xtec.cat\/escsantamaria\/wp-content\/uploads\/usu1256\/2019\/07\/20190313_153124-1024x576.jpg\" alt=\"\" width=\"770\" height=\"433\" srcset=\"https:\/\/agora.xtec.cat\/escsantamaria\/wp-content\/uploads\/usu1256\/2019\/07\/20190313_153124-1024x576.jpg 1024w, https:\/\/agora.xtec.cat\/escsantamaria\/wp-content\/uploads\/usu1256\/2019\/07\/20190313_153124-300x169.jpg 300w, https:\/\/agora.xtec.cat\/escsantamaria\/wp-content\/uploads\/usu1256\/2019\/07\/20190313_153124-768x432.jpg 768w, https:\/\/agora.xtec.cat\/escsantamaria\/wp-content\/uploads\/usu1256\/2019\/07\/20190313_153124.jpg 1168w\" sizes=\"auto, (max-width: 770px) 100vw, 770px\" \/><\/div>\n<\/div>\n","protected":false},"excerpt":{"rendered":"<p>Des de l\u2019escola veiem la necessitat d\u2019introduir noves activitats i estrat\u00e8gies que permetin millorar i ampliar el contacte dels nostres alumnes amb l\u2019entorn i la natura, alhora que ajudin a potenciar l\u2019educaci\u00f3 ambiental. Creiem que la possibilitat de tenir un hort a l\u2019escola pot ajudar&hellip;  <a href=\"https:\/\/agora.xtec.cat\/escsantamaria\/projectes\/hortescolar\/\" title=\"Read Hort escolar\">Llegeix m\u00e9s\u00bb<\/a><\/p>\n","protected":false},"author":3,"featured_media":0,"parent":1501,"menu_order":2,"comment_status":"closed","ping_status":"closed","template":"page-templates\/side-menu.php","meta":{"_bbp_topic_count":0,"_bbp_reply_count":0,"_bbp_total_topic_count":0,"_bbp_total_reply_count":0,"_bbp_voice_count":0,"_bbp_anonymous_reply_count":0,"_bbp_topic_count_hidden":0,"_bbp_reply_count_hidden":0,"_bbp_forum_subforum_count":0,"footnotes":""},"class_list":["post-521","page","type-page","status-publish","hentry"],"post_mailing_queue_ids":[],"_links":{"self":[{"href":"https:\/\/agora.xtec.cat\/escsantamaria\/wp-json\/wp\/v2\/pages\/521","targetHints":{"allow":["GET"]}}],"collection":[{"href":"https:\/\/agora.xtec.cat\/escsantamaria\/wp-json\/wp\/v2\/pages"}],"about":[{"href":"https:\/\/agora.xtec.cat\/escsantamaria\/wp-json\/wp\/v2\/types\/page"}],"author":[{"embeddable":true,"href":"https:\/\/agora.xtec.cat\/escsantamaria\/wp-json\/wp\/v2\/users\/3"}],"replies":[{"embeddable":true,"href":"https:\/\/agora.xtec.cat\/escsantamaria\/wp-json\/wp\/v2\/comments?post=521"}],"version-history":[{"count":3,"href":"https:\/\/agora.xtec.cat\/escsantamaria\/wp-json\/wp\/v2\/pages\/521\/revisions"}],"predecessor-version":[{"id":11167,"href":"https:\/\/agora.xtec.cat\/escsantamaria\/wp-json\/wp\/v2\/pages\/521\/revisions\/11167"}],"up":[{"embeddable":true,"href":"https:\/\/agora.xtec.cat\/escsantamaria\/wp-json\/wp\/v2\/pages\/1501"}],"wp:attachment":[{"href":"https:\/\/agora.xtec.cat\/escsantamaria\/wp-json\/wp\/v2\/media?parent=521"}],"curies":[{"name":"wp","href":"https:\/\/api.w.org\/{rel}","templated":true}]}}