{"id":26,"date":"2014-09-18T12:24:32","date_gmt":"2014-09-18T11:24:32","guid":{"rendered":"http:\/\/agora.xtec.cat\/escsantamaria\/?page_id=26"},"modified":"2017-11-22T23:10:25","modified_gmt":"2017-11-22T22:10:25","slug":"historia","status":"publish","type":"page","link":"https:\/\/agora.xtec.cat\/escsantamaria\/lescola\/historia\/","title":{"rendered":"Hist\u00f2ria"},"content":{"rendered":"<p><strong>LA NOSTRA HIST\u00d2RIA<\/strong><\/p>\n<p style=\"text-align: justify;\">La data exacta de la creaci\u00f3 de la nostra escola no consta en cap dels arxius del Departament d\u2019Ensenyament ni de l\u2019Ajuntament de Salou o Vila-seca, per\u00f2 el que s\u00ed sabem \u00e9s que va ser la primera escola del nostre municipi. Hi ha antics alumnes que parlen de qu\u00e8 l\u2019any 1937 a Salou ja hi havia una escola. I si anem m\u00e9s enrere, a l\u2019any 1889, la Junta d\u2019Instrucci\u00f3 P\u00fablica de Vila-seca ja havia pres l\u2019acord de mantenir una escola p\u00fablica a Salou.<\/p>\n<p style=\"text-align: justify;\">Tot i aix\u00f2, la documentaci\u00f3 oficial de l\u2019escola est\u00e0 datada l\u2019any 1967, per la qual cosa hem escollit aquesta data per comen\u00e7ar a celebrar el nostre 50\u00e8 aniversari. L\u2019escola s\u2019anomenava &#8220;Escuela Nacional Graduada&#8221;, i estava ubicada en uns pisos del carrer Barcelona. Al 1r pis hi havia les nenes i al 2n pis els nens.<\/p>\n<p style=\"text-align: justify;\">M\u00e9s endavant es va construir un edifici al carrer Val\u00e8ncia on hi havia dues aules i tamb\u00e9 es continuava fent servir el pis del carrer Barcelona. A finals de la d\u00e8cada dels 60 es va inaugurar el primer edifici dins dels terrenys actuals de l\u2019escola. Es tracta de l\u2019edifici que est\u00e0 tocant al carrer Ciutat de Reus. Aquest edifici va substituir l\u2019\u00fas dels pisos del carrer Barcelona, tot i que es continuava utilitzant l\u2019edifici del carrer Val\u00e8ncia.<\/p>\n<p style=\"text-align: justify;\">No va ser fins a l\u2019any 1975 quan l\u2019escola va passar a anomenar-se \u201cColegio Nacional Mixto Santa Maria del Mar\u201d. M\u00e9s endavant es va construir la primera fase de l\u2019escola actual i es continuava utilitzant l\u2019edifici del carrer Val\u00e8ncia. L\u2019any 1978, a causa d\u2019un gran augment de la poblaci\u00f3, es van haver d\u2019habilitar diversos locals, dues aules a Via Roma i sis aules al Carrer Barcelona. Les hores d\u2019esbarjo les passaven als terrenys on actualment trobem la Pla\u00e7a de la Pau.<\/p>\n<p style=\"text-align: justify;\">A la meitat dels anys 80 es va construir la segona fase de l\u2019actual escola, annexa a la primera fase. Al llarg d\u2019aquests anys es van anar realitzant diferents reestructuracions i millores al centre. L\u2019any 1996 es va inaugurar el gimn\u00e0s actual, ja que es va deixar de fer 7\u00e8 i 8\u00e8 al centre i aix\u00f2 va permetre la modificaci\u00f3 dels espais.<\/p>\n<p style=\"text-align: justify;\">A la d\u00e8cada del 2000 hi va tornar a haver un augment demogr\u00e0fic important; es van haver d\u2019instal\u00b7lar uns m\u00f2duls prefabricats al pati i es van construir dues escoles m\u00e9s al municipi de Salou.<\/p>\n<p style=\"text-align: justify;\">La darrera modificaci\u00f3 de l\u2019escola s\u2019ha realitzat l\u2019aquest 2017, any en qu\u00e8 s\u2019han incorporat a l\u2019edifici central les aules de P4 i P5, deixant les aules auxiliars en la fase m\u00e9s antiga de l\u2019escola.<\/p>\n<p><a href=\"http:\/\/agora.xtec.cat\/escsantamaria\/wp-content\/uploads\/usu1256\/2014\/09\/xaletet-e1511375033306.jpg\"><img loading=\"lazy\" decoding=\"async\" class=\"aligncenter size-large wp-image-9154\" src=\"http:\/\/agora.xtec.cat\/escsantamaria\/wp-content\/uploads\/usu1256\/2014\/09\/xaletet-e1511375033306-1024x725.jpg\" alt=\"\" width=\"1024\" height=\"725\" srcset=\"https:\/\/agora.xtec.cat\/escsantamaria\/wp-content\/uploads\/usu1256\/2014\/09\/xaletet-e1511375033306-1024x725.jpg 1024w, https:\/\/agora.xtec.cat\/escsantamaria\/wp-content\/uploads\/usu1256\/2014\/09\/xaletet-e1511375033306-300x212.jpg 300w, https:\/\/agora.xtec.cat\/escsantamaria\/wp-content\/uploads\/usu1256\/2014\/09\/xaletet-e1511375033306-768x544.jpg 768w\" sizes=\"auto, (max-width: 1024px) 100vw, 1024px\" \/><\/a><\/p>\n<p>&nbsp;<\/p>\n<p><a href=\"http:\/\/agora.xtec.cat\/escsantamaria\/wp-content\/uploads\/usu1256\/2014\/09\/xaletet-2-e1511375085314.jpg\"><img loading=\"lazy\" decoding=\"async\" class=\"aligncenter size-large wp-image-9155\" src=\"http:\/\/agora.xtec.cat\/escsantamaria\/wp-content\/uploads\/usu1256\/2014\/09\/xaletet-2-e1511375085314-1024x725.jpg\" alt=\"\" width=\"1024\" height=\"725\" srcset=\"https:\/\/agora.xtec.cat\/escsantamaria\/wp-content\/uploads\/usu1256\/2014\/09\/xaletet-2-e1511375085314-1024x725.jpg 1024w, https:\/\/agora.xtec.cat\/escsantamaria\/wp-content\/uploads\/usu1256\/2014\/09\/xaletet-2-e1511375085314-300x212.jpg 300w, https:\/\/agora.xtec.cat\/escsantamaria\/wp-content\/uploads\/usu1256\/2014\/09\/xaletet-2-e1511375085314-768x544.jpg 768w\" sizes=\"auto, (max-width: 1024px) 100vw, 1024px\" \/><\/a><\/p>\n<p>&nbsp;<\/p>\n","protected":false},"excerpt":{"rendered":"<p>LA NOSTRA HIST\u00d2RIA<br \/>\nLa data exacta de la creaci\u00f3 de la nostra escola no consta en cap dels arxius del Departament d\u2019Ensenyament ni de l\u2019Ajuntament de Salou o Vila-seca, per\u00f2 el que s\u00ed sabem \u00e9s que va ser la primera escola del nostre municipi. Hi ha&hellip;  <a href=\"https:\/\/agora.xtec.cat\/escsantamaria\/lescola\/historia\/\" title=\"Read Hist\u00f2ria\">Llegeix m\u00e9s\u00bb<\/a><\/p>\n","protected":false},"author":1,"featured_media":0,"parent":22,"menu_order":2,"comment_status":"closed","ping_status":"closed","template":"page-templates\/side-menu.php","meta":{"_bbp_topic_count":0,"_bbp_reply_count":0,"_bbp_total_topic_count":0,"_bbp_total_reply_count":0,"_bbp_voice_count":0,"_bbp_anonymous_reply_count":0,"_bbp_topic_count_hidden":0,"_bbp_reply_count_hidden":0,"_bbp_forum_subforum_count":0,"footnotes":""},"class_list":["post-26","page","type-page","status-publish","hentry"],"post_mailing_queue_ids":[],"_links":{"self":[{"href":"https:\/\/agora.xtec.cat\/escsantamaria\/wp-json\/wp\/v2\/pages\/26","targetHints":{"allow":["GET"]}}],"collection":[{"href":"https:\/\/agora.xtec.cat\/escsantamaria\/wp-json\/wp\/v2\/pages"}],"about":[{"href":"https:\/\/agora.xtec.cat\/escsantamaria\/wp-json\/wp\/v2\/types\/page"}],"author":[{"embeddable":true,"href":"https:\/\/agora.xtec.cat\/escsantamaria\/wp-json\/wp\/v2\/users\/1"}],"replies":[{"embeddable":true,"href":"https:\/\/agora.xtec.cat\/escsantamaria\/wp-json\/wp\/v2\/comments?post=26"}],"version-history":[{"count":4,"href":"https:\/\/agora.xtec.cat\/escsantamaria\/wp-json\/wp\/v2\/pages\/26\/revisions"}],"predecessor-version":[{"id":9158,"href":"https:\/\/agora.xtec.cat\/escsantamaria\/wp-json\/wp\/v2\/pages\/26\/revisions\/9158"}],"up":[{"embeddable":true,"href":"https:\/\/agora.xtec.cat\/escsantamaria\/wp-json\/wp\/v2\/pages\/22"}],"wp:attachment":[{"href":"https:\/\/agora.xtec.cat\/escsantamaria\/wp-json\/wp\/v2\/media?parent=26"}],"curies":[{"name":"wp","href":"https:\/\/api.w.org\/{rel}","templated":true}]}}