{"id":2127,"date":"2017-06-08T14:42:40","date_gmt":"2017-06-08T12:42:40","guid":{"rendered":"http:\/\/agora.xtec.cat\/escsantamaria\/?page_id=2127"},"modified":"2025-07-17T10:01:00","modified_gmt":"2025-07-17T08:01:00","slug":"llistat-de-llibres-i-material","status":"publish","type":"page","link":"https:\/\/agora.xtec.cat\/escsantamaria\/secretaria\/llistat-de-llibres-i-material\/","title":{"rendered":"Llistat de llibres i material 2025-26"},"content":{"rendered":"<h6 style=\"text-align: justify;\"><strong>QUADERN I MATERIAL EDUCACI\u00d3 INFANTIL<\/strong><\/h6>\n<p>&nbsp;<\/p>\n<h6><\/h6>\n<p><a href=\"https:\/\/agora.xtec.cat\/escsantamaria\/wp-content\/uploads\/usu1256\/2025\/06\/Material-i-llibre-I3-25-26.pdf\" target=\"_blank\" rel=\"noopener\">QUADERN I MATERIAL I3 2025-26<\/a><\/p>\n<p><a href=\"https:\/\/agora.xtec.cat\/escsantamaria\/wp-content\/uploads\/usu1256\/2025\/06\/Material-i-llibre-I4-25-26.pdf\" target=\"_blank\" rel=\"noopener\">QUADERN I MATERIAL I4 2025-26<\/a><\/p>\n<p><a href=\"https:\/\/agora.xtec.cat\/escsantamaria\/wp-content\/uploads\/usu1256\/2025\/06\/Material-i-llibre-I5-25-26.pdf\" target=\"_blank\" rel=\"noopener\">QUADERN I MATERIAL I5 2025-26<\/a><\/p>\n<p>&nbsp;<\/p>\n<h6 style=\"text-align: justify;\"><strong>LLIBRES EDUCACI\u00d3 PRIM\u00c0RIA<\/strong><\/h6>\n<p>&nbsp;<\/p>\n<p style=\"text-align: justify;\">*Els alumnes que tinguin adaptacions curriculars i\/o metodol\u00f2giques, tindran un llistat de llibres personalitzat. Aquest llistat no es publicar\u00e0, i se li entregar\u00e0 a cada fam\u00edlia a final de curs (amb el sobre de l&#8217;informe).<\/p>\n<p style=\"text-align: justify;\"><a href=\"https:\/\/agora.xtec.cat\/escsantamaria\/wp-content\/uploads\/usu1256\/2025\/06\/Llibres-1r-25-26.pdf\" target=\"_blank\" rel=\"noopener\">LLIBRES DE 1r CURS 25-26<\/a><\/p>\n<p style=\"text-align: justify;\"><a href=\"https:\/\/agora.xtec.cat\/escsantamaria\/wp-content\/uploads\/usu1256\/2025\/06\/Llibres-2n-25-26.pdf\" target=\"_blank\" rel=\"noopener\">LLIBRES DE 2n CURS 25-26<\/a><\/p>\n<p style=\"text-align: justify;\"><a href=\"https:\/\/agora.xtec.cat\/escsantamaria\/wp-content\/uploads\/usu1256\/2025\/07\/Llibres-3r-25-26.pdf\" target=\"_blank\" rel=\"noopener\">LLIBRES DE 3r CURS 25-26<\/a><\/p>\n<p style=\"text-align: justify;\"><a href=\"https:\/\/agora.xtec.cat\/escsantamaria\/wp-content\/uploads\/usu1256\/2025\/06\/Llibres-4t-25.26-1.pdf\" target=\"_blank\" rel=\"noopener\">LLIBRES DE 4t CURS 25-26<\/a><\/p>\n<p style=\"text-align: justify;\"><a href=\"https:\/\/agora.xtec.cat\/escsantamaria\/wp-content\/uploads\/usu1256\/2025\/06\/Llibres-5e-25-26.pdf\" target=\"_blank\" rel=\"noopener\">LLIBRES DE 5\u00e8 CURS 25-26<\/a><\/p>\n<p style=\"text-align: justify;\"><a href=\"https:\/\/agora.xtec.cat\/escsantamaria\/wp-content\/uploads\/usu1256\/2025\/06\/Llibres-6e-25.26.pdf\" target=\"_blank\" rel=\"noopener\">LLIBRES DE 6\u00e8 CURS 25-26<\/a><\/p>\n<p><a href=\"http:\/\/agora.xtec.cat\/escsantamaria\/wp-content\/uploads\/usu1256\/2017\/06\/image.jpg\"><img loading=\"lazy\" decoding=\"async\" class=\"size-full wp-image-2168 alignleft\" src=\"http:\/\/agora.xtec.cat\/escsantamaria\/wp-content\/uploads\/usu1256\/2017\/06\/image.jpg\" alt=\"image\" width=\"465\" height=\"350\" srcset=\"https:\/\/agora.xtec.cat\/escsantamaria\/wp-content\/uploads\/usu1256\/2017\/06\/image.jpg 465w, https:\/\/agora.xtec.cat\/escsantamaria\/wp-content\/uploads\/usu1256\/2017\/06\/image-300x226.jpg 300w, https:\/\/agora.xtec.cat\/escsantamaria\/wp-content\/uploads\/usu1256\/2017\/06\/image-200x150.jpg 200w\" sizes=\"auto, (max-width: 465px) 100vw, 465px\" \/><\/a><\/p>\n<p>&nbsp;<\/p>\n<p>&nbsp;<\/p>\n<p>&nbsp;<\/p>\n<p>&nbsp;<\/p>\n<p>&nbsp;<\/p>\n<p>&nbsp;<\/p>\n<p>&nbsp;<\/p>\n<p>&nbsp;<\/p>\n<p>&nbsp;<\/p>\n<p>&nbsp;<\/p>\n<p style=\"text-align: justify;\"><strong>LLISTATS DE MATERIAL\u00a0<\/strong><\/p>\n<p><a href=\"https:\/\/agora.xtec.cat\/escsantamaria\/wp-content\/uploads\/usu1256\/2025\/06\/Material-1r-25-26.pdf\" target=\"_blank\" rel=\"noopener\">MATERIAL 1r 25-26<\/a><\/p>\n<p><a href=\"https:\/\/agora.xtec.cat\/escsantamaria\/wp-content\/uploads\/usu1256\/2025\/06\/Material-2n-25-26.pdf\" target=\"_blank\" rel=\"noopener\">MATERIAL 2n 25-26<\/a><\/p>\n<p><a href=\"https:\/\/agora.xtec.cat\/escsantamaria\/wp-content\/uploads\/usu1256\/2025\/06\/Material-3r-25-26.pdf\" target=\"_blank\" rel=\"noopener\">MATERIAL 3r 25-26<\/a><\/p>\n<p><a href=\"https:\/\/agora.xtec.cat\/escsantamaria\/wp-content\/uploads\/usu1256\/2025\/06\/Material-4t-25-26.pdf\" target=\"_blank\" rel=\"noopener\">MATERIAL 4t 25-26<\/a><\/p>\n<p><a href=\"https:\/\/agora.xtec.cat\/escsantamaria\/wp-content\/uploads\/usu1256\/2025\/06\/Material-5e-25-26.pdf\" target=\"_blank\" rel=\"noopener\">MATERIAL 5\u00e8 25-26<\/a><\/p>\n<p><a href=\"https:\/\/agora.xtec.cat\/escsantamaria\/wp-content\/uploads\/usu1256\/2025\/06\/Material-6e-25-26.pdf\" target=\"_blank\" rel=\"noopener\">MATERIAL 6\u00e8 25-26<\/a><\/p>\n<p>&nbsp;<\/p>\n<p>&nbsp;<\/p>\n","protected":false},"excerpt":{"rendered":"<p>QUADERN I MATERIAL EDUCACI\u00d3 INFANTIL<br \/>\n&nbsp;<\/p>\n<p><a href=\"https:\/\/agora.xtec.cat\/escsantamaria\/wp-content\/uploads\/usu1256\/2025\/06\/Material-i-llibre-I3-25-26.pdf\" target=\"_blank\" rel=\"noopener\">QUADERN I MATERIAL I3 2025-26<\/a><br \/>\n<a href=\"https:\/\/agora.xtec.cat\/escsantamaria\/wp-content\/uploads\/usu1256\/2025\/06\/Material-i-llibre-I4-25-26.pdf\" target=\"_blank\" rel=\"noopener\">QUADERN I MATERIAL I4 2025-26<\/a><br \/>\n<a href=\"https:\/\/agora.xtec.cat\/escsantamaria\/wp-content\/uploads\/usu1256\/2025\/06\/Material-i-llibre-I5-25-26.pdf\" target=\"_blank\" rel=\"noopener\">QUADERN I MATERIAL I5 2025-26<\/a><br \/>\n&nbsp;<br \/>\nLLIBRES EDUCACI\u00d3 PRIM\u00c0RIA<br \/>\n&nbsp;<br \/>\n*Els alumnes que tinguin adaptacions curriculars i\/o metodol\u00f2giques, tindran un llistat de llibres personalitzat. Aquest llistat no es&hellip;  <a href=\"https:\/\/agora.xtec.cat\/escsantamaria\/secretaria\/llistat-de-llibres-i-material\/\" title=\"Read Llistat de llibres i material 2025-26\">Llegeix m\u00e9s\u00bb<\/a><\/p>\n","protected":false},"author":3,"featured_media":0,"parent":2124,"menu_order":1,"comment_status":"closed","ping_status":"closed","template":"page-templates\/side-menu.php","meta":{"_bbp_topic_count":0,"_bbp_reply_count":0,"_bbp_total_topic_count":0,"_bbp_total_reply_count":0,"_bbp_voice_count":0,"_bbp_anonymous_reply_count":0,"_bbp_topic_count_hidden":0,"_bbp_reply_count_hidden":0,"_bbp_forum_subforum_count":0,"footnotes":""},"class_list":["post-2127","page","type-page","status-publish","hentry"],"post_mailing_queue_ids":[],"_links":{"self":[{"href":"https:\/\/agora.xtec.cat\/escsantamaria\/wp-json\/wp\/v2\/pages\/2127","targetHints":{"allow":["GET"]}}],"collection":[{"href":"https:\/\/agora.xtec.cat\/escsantamaria\/wp-json\/wp\/v2\/pages"}],"about":[{"href":"https:\/\/agora.xtec.cat\/escsantamaria\/wp-json\/wp\/v2\/types\/page"}],"author":[{"embeddable":true,"href":"https:\/\/agora.xtec.cat\/escsantamaria\/wp-json\/wp\/v2\/users\/3"}],"replies":[{"embeddable":true,"href":"https:\/\/agora.xtec.cat\/escsantamaria\/wp-json\/wp\/v2\/comments?post=2127"}],"version-history":[{"count":6,"href":"https:\/\/agora.xtec.cat\/escsantamaria\/wp-json\/wp\/v2\/pages\/2127\/revisions"}],"predecessor-version":[{"id":17294,"href":"https:\/\/agora.xtec.cat\/escsantamaria\/wp-json\/wp\/v2\/pages\/2127\/revisions\/17294"}],"up":[{"embeddable":true,"href":"https:\/\/agora.xtec.cat\/escsantamaria\/wp-json\/wp\/v2\/pages\/2124"}],"wp:attachment":[{"href":"https:\/\/agora.xtec.cat\/escsantamaria\/wp-json\/wp\/v2\/media?parent=2127"}],"curies":[{"name":"wp","href":"https:\/\/api.w.org\/{rel}","templated":true}]}}