{"id":1517,"date":"2017-02-16T20:24:46","date_gmt":"2017-02-16T19:24:46","guid":{"rendered":"http:\/\/agora.xtec.cat\/escsantamaria\/?page_id=1517"},"modified":"2019-07-08T10:30:08","modified_gmt":"2019-07-08T08:30:08","slug":"certamen-de-lectura-en-veu-alta","status":"publish","type":"page","link":"https:\/\/agora.xtec.cat\/escsantamaria\/jornades-i-concursos\/certamen-de-lectura-en-veu-alta\/","title":{"rendered":"Certamen de Lectura en Veu Alta"},"content":{"rendered":"<p style=\"text-align: justify;\">La Fundaci\u00f3 Enciclop\u00e8dia Catalana i el Departament d\u2019Ensenyament de la Generalitat de Catalunya, en el marc del \u00a0<strong><a href=\"http:\/\/www20.gencat.cat\/portal\/site\/ensenyament\/menuitem.75e1c94eb5dd9e184ed22010b0c0e1a0\/?vgnextoid=88c5b5bb8fee3310VgnVCM1000008d0c1e0aRCRD\" target=\"_blank\" rel=\"noopener noreferrer\">Pla Nacional de Lectura<\/a><\/strong>,\u00a0han arribat a un acord de col\u00b7laboraci\u00f3 per a l\u2019organitzaci\u00f3 del Certamen Nacional Infantil i Juvenil de Lectura en Veu Alta.\u00a0Aquest acord neix de l\u2019inter\u00e8s d\u2019ambdues entitats per la promoci\u00f3 de la lectura.<\/p>\n<p style=\"text-align: justify;\">Les categories de Grumets Vermells (3r i 4t) i Grumets Verds (5\u00e8 i 6\u00e8) compten cada any amb representaci\u00f3 d&#8217;alumnes del nostre centre.<\/p>\n<p style=\"text-align: justify;\">Podeu trobar m\u00e9s informaci\u00f3 sobre el XIII Certamen Nacional Infantil i Juvenil de Lectura en Veu Alta a la web:<\/p>\n<p><a href=\"http:\/\/www.lecturaenveualta.cat\/\"><img loading=\"lazy\" decoding=\"async\" class=\"aligncenter wp-image-11135\" src=\"https:\/\/agora.xtec.cat\/escsantamaria\/wp-content\/uploads\/usu1256\/2019\/07\/Certamen-Lectura-Veu-Alta-2018-1024x1009.jpg\" alt=\"\" width=\"432\" height=\"426\" srcset=\"https:\/\/agora.xtec.cat\/escsantamaria\/wp-content\/uploads\/usu1256\/2019\/07\/Certamen-Lectura-Veu-Alta-2018-1024x1009.jpg 1024w, https:\/\/agora.xtec.cat\/escsantamaria\/wp-content\/uploads\/usu1256\/2019\/07\/Certamen-Lectura-Veu-Alta-2018-300x296.jpg 300w, https:\/\/agora.xtec.cat\/escsantamaria\/wp-content\/uploads\/usu1256\/2019\/07\/Certamen-Lectura-Veu-Alta-2018-768x757.jpg 768w, https:\/\/agora.xtec.cat\/escsantamaria\/wp-content\/uploads\/usu1256\/2019\/07\/Certamen-Lectura-Veu-Alta-2018.jpg 1200w\" sizes=\"auto, (max-width: 432px) 100vw, 432px\" \/><\/a><\/p>\n<p style=\"text-align: center;\"><a href=\"http:\/\/www.lecturaenveualta.cat\/\">http:\/\/www.lecturaenveualta.cat\/<\/a><\/p>\n","protected":false},"excerpt":{"rendered":"<p>La Fundaci\u00f3 Enciclop\u00e8dia Catalana i el Departament d\u2019Ensenyament de la Generalitat de Catalunya, en el marc del \u00a0Pla Nacional de Lectura,\u00a0han arribat a un acord de col\u00b7laboraci\u00f3 per a l\u2019organitzaci\u00f3 del Certamen Nacional Infantil i Juvenil de Lectura en Veu Alta.\u00a0Aquest acord neix de l\u2019inter\u00e8s d\u2019ambdues entitats per la promoci\u00f3 de la lectura. Les categories [&hellip;]<\/p>\n","protected":false},"author":3,"featured_media":0,"parent":1503,"menu_order":5,"comment_status":"closed","ping_status":"closed","template":"page-templates\/side-menu.php","meta":{"_bbp_topic_count":0,"_bbp_reply_count":0,"_bbp_total_topic_count":0,"_bbp_total_reply_count":0,"_bbp_voice_count":0,"_bbp_anonymous_reply_count":0,"_bbp_topic_count_hidden":0,"_bbp_reply_count_hidden":0,"_bbp_forum_subforum_count":0,"site-sidebar-layout":"default","site-content-layout":"","ast-site-content-layout":"","site-content-style":"default","site-sidebar-style":"default","ast-global-header-display":"","ast-banner-title-visibility":"","ast-main-header-display":"","ast-hfb-above-header-display":"","ast-hfb-below-header-display":"","ast-hfb-mobile-header-display":"","site-post-title":"","ast-breadcrumbs-content":"","ast-featured-img":"","footer-sml-layout":"","theme-transparent-header-meta":"","adv-header-id-meta":"","stick-header-meta":"","header-above-stick-meta":"","header-main-stick-meta":"","header-below-stick-meta":"","astra-migrate-meta-layouts":"default","ast-page-background-enabled":"default","ast-page-background-meta":{"desktop":{"background-color":"var(--ast-global-color-4)","background-image":"","background-repeat":"repeat","background-position":"center center","background-size":"auto","background-attachment":"scroll","background-type":"","background-media":"","overlay-type":"","overlay-color":"","overlay-opacity":"","overlay-gradient":""},"tablet":{"background-color":"","background-image":"","background-repeat":"repeat","background-position":"center center","background-size":"auto","background-attachment":"scroll","background-type":"","background-media":"","overlay-type":"","overlay-color":"","overlay-opacity":"","overlay-gradient":""},"mobile":{"background-color":"","background-image":"","background-repeat":"repeat","background-position":"center center","background-size":"auto","background-attachment":"scroll","background-type":"","background-media":"","overlay-type":"","overlay-color":"","overlay-opacity":"","overlay-gradient":""}},"ast-content-background-meta":{"desktop":{"background-color":"var(--ast-global-color-5)","background-image":"","background-repeat":"repeat","background-position":"center center","background-size":"auto","background-attachment":"scroll","background-type":"","background-media":"","overlay-type":"","overlay-color":"","overlay-opacity":"","overlay-gradient":""},"tablet":{"background-color":"var(--ast-global-color-5)","background-image":"","background-repeat":"repeat","background-position":"center center","background-size":"auto","background-attachment":"scroll","background-type":"","background-media":"","overlay-type":"","overlay-color":"","overlay-opacity":"","overlay-gradient":""},"mobile":{"background-color":"var(--ast-global-color-5)","background-image":"","background-repeat":"repeat","background-position":"center center","background-size":"auto","background-attachment":"scroll","background-type":"","background-media":"","overlay-type":"","overlay-color":"","overlay-opacity":"","overlay-gradient":""}},"footnotes":""},"class_list":["post-1517","page","type-page","status-publish","hentry"],"post_mailing_queue_ids":[],"_links":{"self":[{"href":"https:\/\/agora.xtec.cat\/escsantamaria\/wp-json\/wp\/v2\/pages\/1517","targetHints":{"allow":["GET"]}}],"collection":[{"href":"https:\/\/agora.xtec.cat\/escsantamaria\/wp-json\/wp\/v2\/pages"}],"about":[{"href":"https:\/\/agora.xtec.cat\/escsantamaria\/wp-json\/wp\/v2\/types\/page"}],"author":[{"embeddable":true,"href":"https:\/\/agora.xtec.cat\/escsantamaria\/wp-json\/wp\/v2\/users\/3"}],"replies":[{"embeddable":true,"href":"https:\/\/agora.xtec.cat\/escsantamaria\/wp-json\/wp\/v2\/comments?post=1517"}],"version-history":[{"count":4,"href":"https:\/\/agora.xtec.cat\/escsantamaria\/wp-json\/wp\/v2\/pages\/1517\/revisions"}],"predecessor-version":[{"id":11136,"href":"https:\/\/agora.xtec.cat\/escsantamaria\/wp-json\/wp\/v2\/pages\/1517\/revisions\/11136"}],"up":[{"embeddable":true,"href":"https:\/\/agora.xtec.cat\/escsantamaria\/wp-json\/wp\/v2\/pages\/1503"}],"wp:attachment":[{"href":"https:\/\/agora.xtec.cat\/escsantamaria\/wp-json\/wp\/v2\/media?parent=1517"}],"curies":[{"name":"wp","href":"https:\/\/api.w.org\/{rel}","templated":true}]}}

<p style="text-align: justify;">La Fundació Enciclopèdia Catalana i el Departament d’Ensenyament de la Generalitat de Catalunya, en el marc del  <strong><a href="http://www20.gencat.cat/portal/site/ensenyament/menuitem.75e1c94eb5dd9e184ed22010b0c0e1a0/?vgnextoid=88c5b5bb8fee3310VgnVCM1000008d0c1e0aRCRD" target="_blank" rel="noopener noreferrer">Pla Nacional de Lectura</a></strong>, han arribat a un acord de col·laboració per a l’organització del Certamen Nacional Infantil i Juvenil de Lectura en Veu Alta. Aquest acord neix de l’interès d’ambdues entitats per la promoció de la lectura.</p>
<p style="text-align: justify;">Les categories de Grumets Vermells (3r i 4t) i Grumets Verds (5è i 6è) compten cada any amb representació d&#8217;alumnes del nostre centre.</p>
<p style="text-align: justify;">Podeu trobar més informació sobre el XIII Certamen Nacional Infantil i Juvenil de Lectura en Veu Alta a la web:</p>
<p><a href="http://www.lecturaenveualta.cat/"><img loading="lazy" decoding="async" class="aligncenter wp-image-11135" src="https://agora.xtec.cat/escsantamaria/wp-content/uploads/usu1256/2019/07/Certamen-Lectura-Veu-Alta-2018-1024x1009.jpg" alt="" width="432" height="426" srcset="https://agora.xtec.cat/escsantamaria/wp-content/uploads/usu1256/2019/07/Certamen-Lectura-Veu-Alta-2018-1024x1009.jpg 1024w, https://agora.xtec.cat/escsantamaria/wp-content/uploads/usu1256/2019/07/Certamen-Lectura-Veu-Alta-2018-300x296.jpg 300w, https://agora.xtec.cat/escsantamaria/wp-content/uploads/usu1256/2019/07/Certamen-Lectura-Veu-Alta-2018-768x757.jpg 768w, https://agora.xtec.cat/escsantamaria/wp-content/uploads/usu1256/2019/07/Certamen-Lectura-Veu-Alta-2018.jpg 1200w" sizes="auto, (max-width: 432px) 100vw, 432px" /></a></p>
<p style="text-align: center;"><a href="http://www.lecturaenveualta.cat/">http://www.lecturaenveualta.cat/</a></p>

<p>La Fundació Enciclopèdia Catalana i el Departament d’Ensenyament de la Generalitat de Catalunya, en el marc del  Pla Nacional de Lectura, han arribat a un acord de col·laboració per a l’organització del Certamen Nacional Infantil i Juvenil de Lectura en Veu Alta. Aquest acord neix de l’interès d’ambdues entitats per la promoció de la lectura. Les categories [&hellip;]</p>
