{"id":11935,"date":"2020-03-26T13:56:58","date_gmt":"2020-03-26T12:56:58","guid":{"rendered":"http:\/\/agora.xtec.cat\/escsantamaria\/?page_id=11935"},"modified":"2020-05-08T16:58:13","modified_gmt":"2020-05-08T14:58:13","slug":"receptes","status":"publish","type":"page","link":"https:\/\/agora.xtec.cat\/escsantamaria\/activitats-joemquedoacasa\/receptes\/","title":{"rendered":"Receptes"},"content":{"rendered":"<p>Estrenem nou apartat de receptes! Us deixem les que ens han enviat els alumnes de 1r:<\/p>\n<p><a href=\"https:\/\/agora.xtec.cat\/escsantamaria\/wp-content\/uploads\/usu1256\/2020\/03\/VLAD-LUCA.png\"><img loading=\"lazy\" decoding=\"async\" class=\"aligncenter size-large wp-image-11938\" src=\"https:\/\/agora.xtec.cat\/escsantamaria\/wp-content\/uploads\/usu1256\/2020\/03\/VLAD-LUCA-1024x764.png\" alt=\"\" width=\"1024\" height=\"764\" srcset=\"https:\/\/agora.xtec.cat\/escsantamaria\/wp-content\/uploads\/usu1256\/2020\/03\/VLAD-LUCA-1024x764.png 1024w, https:\/\/agora.xtec.cat\/escsantamaria\/wp-content\/uploads\/usu1256\/2020\/03\/VLAD-LUCA-300x224.png 300w, https:\/\/agora.xtec.cat\/escsantamaria\/wp-content\/uploads\/usu1256\/2020\/03\/VLAD-LUCA-768x573.png 768w, https:\/\/agora.xtec.cat\/escsantamaria\/wp-content\/uploads\/usu1256\/2020\/03\/VLAD-LUCA-200x150.png 200w, https:\/\/agora.xtec.cat\/escsantamaria\/wp-content\/uploads\/usu1256\/2020\/03\/VLAD-LUCA.png 1686w\" sizes=\"auto, (max-width: 1024px) 100vw, 1024px\" \/><\/a><\/p>\n<p><a href=\"https:\/\/agora.xtec.cat\/escsantamaria\/wp-content\/uploads\/usu1256\/2020\/03\/MARCELA1-min.png\"><img loading=\"lazy\" decoding=\"async\" class=\"aligncenter size-large wp-image-11939\" src=\"https:\/\/agora.xtec.cat\/escsantamaria\/wp-content\/uploads\/usu1256\/2020\/03\/MARCELA1-min-1024x566.png\" alt=\"\" width=\"1024\" height=\"566\" srcset=\"https:\/\/agora.xtec.cat\/escsantamaria\/wp-content\/uploads\/usu1256\/2020\/03\/MARCELA1-min-1024x566.png 1024w, https:\/\/agora.xtec.cat\/escsantamaria\/wp-content\/uploads\/usu1256\/2020\/03\/MARCELA1-min-300x166.png 300w, https:\/\/agora.xtec.cat\/escsantamaria\/wp-content\/uploads\/usu1256\/2020\/03\/MARCELA1-min-768x425.png 768w\" sizes=\"auto, (max-width: 1024px) 100vw, 1024px\" \/><\/a><\/p>\n<p><a href=\"https:\/\/agora.xtec.cat\/escsantamaria\/wp-content\/uploads\/usu1256\/2020\/03\/LAILA-min.png\"><img loading=\"lazy\" decoding=\"async\" class=\"aligncenter size-large wp-image-11940\" src=\"https:\/\/agora.xtec.cat\/escsantamaria\/wp-content\/uploads\/usu1256\/2020\/03\/LAILA-min-1024x698.png\" alt=\"\" width=\"1024\" height=\"698\" srcset=\"https:\/\/agora.xtec.cat\/escsantamaria\/wp-content\/uploads\/usu1256\/2020\/03\/LAILA-min-1024x698.png 1024w, https:\/\/agora.xtec.cat\/escsantamaria\/wp-content\/uploads\/usu1256\/2020\/03\/LAILA-min-300x205.png 300w, https:\/\/agora.xtec.cat\/escsantamaria\/wp-content\/uploads\/usu1256\/2020\/03\/LAILA-min-768x524.png 768w\" sizes=\"auto, (max-width: 1024px) 100vw, 1024px\" \/><\/a><\/p>\n<p><a href=\"https:\/\/agora.xtec.cat\/escsantamaria\/wp-content\/uploads\/usu1256\/2020\/03\/raiden1-min.png\"><img loading=\"lazy\" decoding=\"async\" class=\"aligncenter size-large wp-image-11942\" src=\"https:\/\/agora.xtec.cat\/escsantamaria\/wp-content\/uploads\/usu1256\/2020\/03\/raiden1-min-1024x703.png\" alt=\"\" width=\"1024\" height=\"703\" srcset=\"https:\/\/agora.xtec.cat\/escsantamaria\/wp-content\/uploads\/usu1256\/2020\/03\/raiden1-min-1024x703.png 1024w, https:\/\/agora.xtec.cat\/escsantamaria\/wp-content\/uploads\/usu1256\/2020\/03\/raiden1-min-300x206.png 300w, https:\/\/agora.xtec.cat\/escsantamaria\/wp-content\/uploads\/usu1256\/2020\/03\/raiden1-min-768x527.png 768w\" sizes=\"auto, (max-width: 1024px) 100vw, 1024px\" \/><\/a><\/p>\n<p><a href=\"https:\/\/agora.xtec.cat\/escsantamaria\/wp-content\/uploads\/usu1256\/2020\/03\/ARNAU.jpg\"><img loading=\"lazy\" decoding=\"async\" class=\"aligncenter size-large wp-image-11955\" src=\"https:\/\/agora.xtec.cat\/escsantamaria\/wp-content\/uploads\/usu1256\/2020\/03\/ARNAU-1024x885.jpg\" alt=\"\" width=\"1024\" height=\"885\" srcset=\"https:\/\/agora.xtec.cat\/escsantamaria\/wp-content\/uploads\/usu1256\/2020\/03\/ARNAU-1024x885.jpg 1024w, https:\/\/agora.xtec.cat\/escsantamaria\/wp-content\/uploads\/usu1256\/2020\/03\/ARNAU-300x259.jpg 300w, https:\/\/agora.xtec.cat\/escsantamaria\/wp-content\/uploads\/usu1256\/2020\/03\/ARNAU-768x664.jpg 768w, https:\/\/agora.xtec.cat\/escsantamaria\/wp-content\/uploads\/usu1256\/2020\/03\/ARNAU.jpg 1648w\" sizes=\"auto, (max-width: 1024px) 100vw, 1024px\" \/><\/a><\/p>\n<p><a href=\"https:\/\/agora.xtec.cat\/escsantamaria\/wp-content\/uploads\/usu1256\/2020\/03\/GERARD.png\"><img loading=\"lazy\" decoding=\"async\" class=\"aligncenter size-large wp-image-11956\" src=\"https:\/\/agora.xtec.cat\/escsantamaria\/wp-content\/uploads\/usu1256\/2020\/03\/GERARD-1024x523.png\" alt=\"\" width=\"1024\" height=\"523\" srcset=\"https:\/\/agora.xtec.cat\/escsantamaria\/wp-content\/uploads\/usu1256\/2020\/03\/GERARD-1024x523.png 1024w, https:\/\/agora.xtec.cat\/escsantamaria\/wp-content\/uploads\/usu1256\/2020\/03\/GERARD-300x153.png 300w, https:\/\/agora.xtec.cat\/escsantamaria\/wp-content\/uploads\/usu1256\/2020\/03\/GERARD-768x392.png 768w\" sizes=\"auto, (max-width: 1024px) 100vw, 1024px\" \/><\/a><\/p>\n<p><a href=\"https:\/\/agora.xtec.cat\/escsantamaria\/wp-content\/uploads\/usu1256\/2020\/03\/SAIDA.jpg\"><img loading=\"lazy\" decoding=\"async\" class=\"aligncenter size-large wp-image-11957\" src=\"https:\/\/agora.xtec.cat\/escsantamaria\/wp-content\/uploads\/usu1256\/2020\/03\/SAIDA-1024x647.jpg\" alt=\"\" width=\"1024\" height=\"647\" srcset=\"https:\/\/agora.xtec.cat\/escsantamaria\/wp-content\/uploads\/usu1256\/2020\/03\/SAIDA-1024x647.jpg 1024w, https:\/\/agora.xtec.cat\/escsantamaria\/wp-content\/uploads\/usu1256\/2020\/03\/SAIDA-300x190.jpg 300w, https:\/\/agora.xtec.cat\/escsantamaria\/wp-content\/uploads\/usu1256\/2020\/03\/SAIDA-768x485.jpg 768w\" sizes=\"auto, (max-width: 1024px) 100vw, 1024px\" \/><\/a><\/p>\n<p><a href=\"https:\/\/agora.xtec.cat\/escsantamaria\/wp-content\/uploads\/usu1256\/2020\/03\/VIRGILIO.jpg\"><img loading=\"lazy\" decoding=\"async\" class=\"aligncenter size-large wp-image-11958\" src=\"https:\/\/agora.xtec.cat\/escsantamaria\/wp-content\/uploads\/usu1256\/2020\/03\/VIRGILIO-1024x622.jpg\" alt=\"\" width=\"1024\" height=\"622\" srcset=\"https:\/\/agora.xtec.cat\/escsantamaria\/wp-content\/uploads\/usu1256\/2020\/03\/VIRGILIO-1024x622.jpg 1024w, https:\/\/agora.xtec.cat\/escsantamaria\/wp-content\/uploads\/usu1256\/2020\/03\/VIRGILIO-300x182.jpg 300w, https:\/\/agora.xtec.cat\/escsantamaria\/wp-content\/uploads\/usu1256\/2020\/03\/VIRGILIO-768x467.jpg 768w, https:\/\/agora.xtec.cat\/escsantamaria\/wp-content\/uploads\/usu1256\/2020\/03\/VIRGILIO.jpg 1952w\" sizes=\"auto, (max-width: 1024px) 100vw, 1024px\" \/><\/a><\/p>\n<p><a href=\"https:\/\/agora.xtec.cat\/escsantamaria\/wp-content\/uploads\/usu1256\/2020\/03\/IV-min.png\"><img loading=\"lazy\" decoding=\"async\" class=\"aligncenter size-large wp-image-11960\" src=\"https:\/\/agora.xtec.cat\/escsantamaria\/wp-content\/uploads\/usu1256\/2020\/03\/IV-min-1024x499.png\" alt=\"\" width=\"1024\" height=\"499\" srcset=\"https:\/\/agora.xtec.cat\/escsantamaria\/wp-content\/uploads\/usu1256\/2020\/03\/IV-min-1024x499.png 1024w, https:\/\/agora.xtec.cat\/escsantamaria\/wp-content\/uploads\/usu1256\/2020\/03\/IV-min-300x146.png 300w, https:\/\/agora.xtec.cat\/escsantamaria\/wp-content\/uploads\/usu1256\/2020\/03\/IV-min-768x374.png 768w\" sizes=\"auto, (max-width: 1024px) 100vw, 1024px\" \/><\/a><\/p>\n<p><a href=\"https:\/\/agora.xtec.cat\/escsantamaria\/wp-content\/uploads\/usu1256\/2020\/04\/NAYARA-min.png\"><img loading=\"lazy\" decoding=\"async\" class=\"aligncenter size-large wp-image-11998\" src=\"https:\/\/agora.xtec.cat\/escsantamaria\/wp-content\/uploads\/usu1256\/2020\/04\/NAYARA-min-1024x652.png\" alt=\"\" width=\"1024\" height=\"652\" srcset=\"https:\/\/agora.xtec.cat\/escsantamaria\/wp-content\/uploads\/usu1256\/2020\/04\/NAYARA-min-1024x652.png 1024w, https:\/\/agora.xtec.cat\/escsantamaria\/wp-content\/uploads\/usu1256\/2020\/04\/NAYARA-min-300x191.png 300w, https:\/\/agora.xtec.cat\/escsantamaria\/wp-content\/uploads\/usu1256\/2020\/04\/NAYARA-min-768x489.png 768w\" sizes=\"auto, (max-width: 1024px) 100vw, 1024px\" \/><\/a><\/p>\n<p>&nbsp;<\/p>\n<h3>DANIELA 1r<\/h3>\n<p><a href=\"https:\/\/agora.xtec.cat\/escsantamaria\/wp-content\/uploads\/usu1256\/2020\/04\/daniela.jpg\"><img loading=\"lazy\" decoding=\"async\" class=\"aligncenter wp-image-11974\" src=\"https:\/\/agora.xtec.cat\/escsantamaria\/wp-content\/uploads\/usu1256\/2020\/04\/daniela-768x1024.jpg\" alt=\"\" width=\"471\" height=\"628\" srcset=\"https:\/\/agora.xtec.cat\/escsantamaria\/wp-content\/uploads\/usu1256\/2020\/04\/daniela-768x1024.jpg 768w, https:\/\/agora.xtec.cat\/escsantamaria\/wp-content\/uploads\/usu1256\/2020\/04\/daniela-225x300.jpg 225w, https:\/\/agora.xtec.cat\/escsantamaria\/wp-content\/uploads\/usu1256\/2020\/04\/daniela.jpg 1512w\" sizes=\"auto, (max-width: 471px) 100vw, 471px\" \/><\/a><\/p>\n<p>&nbsp;<\/p>\n<h3>DUMITRU 1r<\/h3>\n<p><a href=\"https:\/\/agora.xtec.cat\/escsantamaria\/wp-content\/uploads\/usu1256\/2020\/04\/dumitru.png\"><img loading=\"lazy\" decoding=\"async\" class=\"aligncenter wp-image-11975\" src=\"https:\/\/agora.xtec.cat\/escsantamaria\/wp-content\/uploads\/usu1256\/2020\/04\/dumitru.png\" alt=\"\" width=\"471\" height=\"614\" srcset=\"https:\/\/agora.xtec.cat\/escsantamaria\/wp-content\/uploads\/usu1256\/2020\/04\/dumitru.png 671w, https:\/\/agora.xtec.cat\/escsantamaria\/wp-content\/uploads\/usu1256\/2020\/04\/dumitru-230x300.png 230w\" sizes=\"auto, (max-width: 471px) 100vw, 471px\" \/><\/a><\/p>\n<p>&nbsp;<\/p>\n<h3>JOAO 1r<\/h3>\n<p><a href=\"https:\/\/agora.xtec.cat\/escsantamaria\/wp-content\/uploads\/usu1256\/2020\/04\/Joao-min.jpg\"><img loading=\"lazy\" decoding=\"async\" class=\"aligncenter wp-image-11976\" src=\"https:\/\/agora.xtec.cat\/escsantamaria\/wp-content\/uploads\/usu1256\/2020\/04\/Joao-min-1024x768.jpg\" alt=\"\" width=\"597\" height=\"448\" srcset=\"https:\/\/agora.xtec.cat\/escsantamaria\/wp-content\/uploads\/usu1256\/2020\/04\/Joao-min-1024x768.jpg 1024w, https:\/\/agora.xtec.cat\/escsantamaria\/wp-content\/uploads\/usu1256\/2020\/04\/Joao-min-300x225.jpg 300w, https:\/\/agora.xtec.cat\/escsantamaria\/wp-content\/uploads\/usu1256\/2020\/04\/Joao-min-768x576.jpg 768w, https:\/\/agora.xtec.cat\/escsantamaria\/wp-content\/uploads\/usu1256\/2020\/04\/Joao-min-200x150.jpg 200w\" sizes=\"auto, (max-width: 597px) 100vw, 597px\" \/><\/a><\/p>\n<h3>MANNAN 1r<\/h3>\n<p>&nbsp;<\/p>\n<p><a href=\"https:\/\/agora.xtec.cat\/escsantamaria\/wp-content\/uploads\/usu1256\/2020\/04\/mannan.jpg\"><img loading=\"lazy\" decoding=\"async\" class=\"aligncenter wp-image-11977 \" src=\"https:\/\/agora.xtec.cat\/escsantamaria\/wp-content\/uploads\/usu1256\/2020\/04\/mannan-e1585818735248-576x1024.jpg\" alt=\"\" width=\"470\" height=\"836\" srcset=\"https:\/\/agora.xtec.cat\/escsantamaria\/wp-content\/uploads\/usu1256\/2020\/04\/mannan-e1585818735248-576x1024.jpg 576w, https:\/\/agora.xtec.cat\/escsantamaria\/wp-content\/uploads\/usu1256\/2020\/04\/mannan-e1585818735248-169x300.jpg 169w, https:\/\/agora.xtec.cat\/escsantamaria\/wp-content\/uploads\/usu1256\/2020\/04\/mannan-e1585818735248-768x1365.jpg 768w, https:\/\/agora.xtec.cat\/escsantamaria\/wp-content\/uploads\/usu1256\/2020\/04\/mannan-e1585818735248.jpg 1980w\" sizes=\"auto, (max-width: 470px) 100vw, 470px\" \/><\/a><\/p>\n<p>&nbsp;<\/p>\n<h3>MONICA 1r<\/h3>\n<p><a href=\"https:\/\/agora.xtec.cat\/escsantamaria\/wp-content\/uploads\/usu1256\/2020\/04\/monicarecepta.png\"><img loading=\"lazy\" decoding=\"async\" class=\"aligncenter size-large wp-image-11978\" src=\"https:\/\/agora.xtec.cat\/escsantamaria\/wp-content\/uploads\/usu1256\/2020\/04\/monicarecepta.png\" alt=\"\" width=\"358\" height=\"358\" srcset=\"https:\/\/agora.xtec.cat\/escsantamaria\/wp-content\/uploads\/usu1256\/2020\/04\/monicarecepta.png 358w, https:\/\/agora.xtec.cat\/escsantamaria\/wp-content\/uploads\/usu1256\/2020\/04\/monicarecepta-150x150.png 150w, https:\/\/agora.xtec.cat\/escsantamaria\/wp-content\/uploads\/usu1256\/2020\/04\/monicarecepta-300x300.png 300w\" sizes=\"auto, (max-width: 358px) 100vw, 358px\" \/><\/a><\/p>\n<p>&nbsp;<\/p>\n<h3><\/h3>\n<h3><a href=\"https:\/\/agora.xtec.cat\/escsantamaria\/wp-content\/uploads\/usu1256\/2020\/04\/sara.png\">SARA1r<img loading=\"lazy\" decoding=\"async\" class=\"aligncenter size-large wp-image-11980\" src=\"https:\/\/agora.xtec.cat\/escsantamaria\/wp-content\/uploads\/usu1256\/2020\/04\/sara.png\" alt=\"\" width=\"455\" height=\"646\" srcset=\"https:\/\/agora.xtec.cat\/escsantamaria\/wp-content\/uploads\/usu1256\/2020\/04\/sara.png 455w, https:\/\/agora.xtec.cat\/escsantamaria\/wp-content\/uploads\/usu1256\/2020\/04\/sara-211x300.png 211w\" sizes=\"auto, (max-width: 455px) 100vw, 455px\" \/><\/a><\/h3>\n<h3><\/h3>\n<h3>VEACESLAV 1r<\/h3>\n<h3><a href=\"https:\/\/agora.xtec.cat\/escsantamaria\/wp-content\/uploads\/usu1256\/2020\/04\/veaceslav.png\"><img loading=\"lazy\" decoding=\"async\" class=\"aligncenter size-large wp-image-11981\" src=\"https:\/\/agora.xtec.cat\/escsantamaria\/wp-content\/uploads\/usu1256\/2020\/04\/veaceslav.png\" alt=\"\" width=\"677\" height=\"876\" srcset=\"https:\/\/agora.xtec.cat\/escsantamaria\/wp-content\/uploads\/usu1256\/2020\/04\/veaceslav.png 677w, https:\/\/agora.xtec.cat\/escsantamaria\/wp-content\/uploads\/usu1256\/2020\/04\/veaceslav-232x300.png 232w\" sizes=\"auto, (max-width: 677px) 100vw, 677px\" \/><\/a><\/h3>\n<p>&nbsp;<\/p>\n<p>L&#8217;Iker i el Biel han aprofitat aquests dies per fer un past\u00eds de xocolata amb maduixes&#8230; Segur que est\u00e0 bon\u00edssim!<\/p>\n<p><a href=\"https:\/\/agora.xtec.cat\/escsantamaria\/wp-content\/uploads\/usu1256\/2020\/04\/Iker-i-Biel-min.jpg\"><img loading=\"lazy\" decoding=\"async\" class=\"aligncenter size-large wp-image-11985\" src=\"https:\/\/agora.xtec.cat\/escsantamaria\/wp-content\/uploads\/usu1256\/2020\/04\/Iker-i-Biel-min-1024x768.jpg\" alt=\"\" width=\"1024\" height=\"768\" srcset=\"https:\/\/agora.xtec.cat\/escsantamaria\/wp-content\/uploads\/usu1256\/2020\/04\/Iker-i-Biel-min-1024x768.jpg 1024w, https:\/\/agora.xtec.cat\/escsantamaria\/wp-content\/uploads\/usu1256\/2020\/04\/Iker-i-Biel-min-300x225.jpg 300w, https:\/\/agora.xtec.cat\/escsantamaria\/wp-content\/uploads\/usu1256\/2020\/04\/Iker-i-Biel-min-768x576.jpg 768w, https:\/\/agora.xtec.cat\/escsantamaria\/wp-content\/uploads\/usu1256\/2020\/04\/Iker-i-Biel-min-200x150.jpg 200w\" sizes=\"auto, (max-width: 1024px) 100vw, 1024px\" \/><\/a><\/p>\n<p>L&#8217;Anais (P4) ha preparat un past\u00eds bon\u00edssim. Moltes gr\u00e0cies per compartir-ho amb nosaltres Anais!<\/p>\n<p><a href=\"https:\/\/agora.xtec.cat\/escsantamaria\/wp-content\/uploads\/usu1256\/2020\/04\/anais-past\u00eds.jpg\"><img loading=\"lazy\" decoding=\"async\" class=\"aligncenter wp-image-12011\" src=\"https:\/\/agora.xtec.cat\/escsantamaria\/wp-content\/uploads\/usu1256\/2020\/04\/anais-past\u00eds.jpg\" alt=\"\" width=\"473\" height=\"635\" srcset=\"https:\/\/agora.xtec.cat\/escsantamaria\/wp-content\/uploads\/usu1256\/2020\/04\/anais-past\u00eds.jpg 480w, https:\/\/agora.xtec.cat\/escsantamaria\/wp-content\/uploads\/usu1256\/2020\/04\/anais-past\u00eds-224x300.jpg 224w\" sizes=\"auto, (max-width: 473px) 100vw, 473px\" \/><\/a><\/p>\n<p>El Walid (2n)ha preparat unes creps bon\u00edssimes! Ets un gran xef Walid!<\/p>\n<p><a href=\"https:\/\/agora.xtec.cat\/escsantamaria\/wp-content\/uploads\/usu1256\/2020\/04\/walid.jpg\"><img loading=\"lazy\" decoding=\"async\" class=\"aligncenter wp-image-12064\" src=\"https:\/\/agora.xtec.cat\/escsantamaria\/wp-content\/uploads\/usu1256\/2020\/04\/walid-767x1024.jpg\" alt=\"\" width=\"472\" height=\"630\" srcset=\"https:\/\/agora.xtec.cat\/escsantamaria\/wp-content\/uploads\/usu1256\/2020\/04\/walid-767x1024.jpg 767w, https:\/\/agora.xtec.cat\/escsantamaria\/wp-content\/uploads\/usu1256\/2020\/04\/walid-225x300.jpg 225w, https:\/\/agora.xtec.cat\/escsantamaria\/wp-content\/uploads\/usu1256\/2020\/04\/walid-768x1026.jpg 768w\" sizes=\"auto, (max-width: 472px) 100vw, 472px\" \/><\/a><\/p>\n<p>&nbsp;<\/p>\n<p>L&#8217;Amir (5\u00e8) i la Layan (P4) han fet unes galetes bon\u00edssimes!<\/p>\n<p><a href=\"https:\/\/agora.xtec.cat\/escsantamaria\/wp-content\/uploads\/usu1256\/2020\/04\/IMG_20200413_130915_714.jpg\"><img loading=\"lazy\" decoding=\"async\" class=\"aligncenter wp-image-12091\" src=\"https:\/\/agora.xtec.cat\/escsantamaria\/wp-content\/uploads\/usu1256\/2020\/04\/IMG_20200413_130915_714-768x1024.jpg\" alt=\"\" width=\"470\" height=\"626\" srcset=\"https:\/\/agora.xtec.cat\/escsantamaria\/wp-content\/uploads\/usu1256\/2020\/04\/IMG_20200413_130915_714-768x1024.jpg 768w, https:\/\/agora.xtec.cat\/escsantamaria\/wp-content\/uploads\/usu1256\/2020\/04\/IMG_20200413_130915_714-225x300.jpg 225w, https:\/\/agora.xtec.cat\/escsantamaria\/wp-content\/uploads\/usu1256\/2020\/04\/IMG_20200413_130915_714.jpg 1080w\" sizes=\"auto, (max-width: 470px) 100vw, 470px\" \/><\/a><\/p>\n<p>&nbsp;<\/p>\n<p><a href=\"https:\/\/agora.xtec.cat\/escsantamaria\/wp-content\/uploads\/usu1256\/2020\/04\/IMG_20200413_130919_123.jpg\"><img loading=\"lazy\" decoding=\"async\" class=\"aligncenter wp-image-12092\" src=\"https:\/\/agora.xtec.cat\/escsantamaria\/wp-content\/uploads\/usu1256\/2020\/04\/IMG_20200413_130919_123-768x1024.jpg\" alt=\"\" width=\"470\" height=\"626\" srcset=\"https:\/\/agora.xtec.cat\/escsantamaria\/wp-content\/uploads\/usu1256\/2020\/04\/IMG_20200413_130919_123-768x1024.jpg 768w, https:\/\/agora.xtec.cat\/escsantamaria\/wp-content\/uploads\/usu1256\/2020\/04\/IMG_20200413_130919_123-225x300.jpg 225w, https:\/\/agora.xtec.cat\/escsantamaria\/wp-content\/uploads\/usu1256\/2020\/04\/IMG_20200413_130919_123.jpg 1080w\" sizes=\"auto, (max-width: 470px) 100vw, 470px\" \/><\/a><\/p>\n<p>&nbsp;<\/p>\n<p>JUNIOR JOS\u00c9 (4t)<\/p>\n<p>https:\/\/youtu.be\/MCwP8Driut4<\/p>\n<p>&nbsp;<\/p>\n<p>La Lina (3r) avui ha fet cupcakes! Quina bona pinta tenen!<\/p>\n<p><a href=\"https:\/\/agora.xtec.cat\/escsantamaria\/wp-content\/uploads\/usu1256\/2020\/04\/IMG_20200415_195429-1.jpg\"><img loading=\"lazy\" decoding=\"async\" class=\"aligncenter wp-image-12168\" src=\"https:\/\/agora.xtec.cat\/escsantamaria\/wp-content\/uploads\/usu1256\/2020\/04\/IMG_20200415_195429-1-1024x1024.jpg\" alt=\"\" width=\"541\" height=\"541\" srcset=\"https:\/\/agora.xtec.cat\/escsantamaria\/wp-content\/uploads\/usu1256\/2020\/04\/IMG_20200415_195429-1-1024x1024.jpg 1024w, https:\/\/agora.xtec.cat\/escsantamaria\/wp-content\/uploads\/usu1256\/2020\/04\/IMG_20200415_195429-1-150x150.jpg 150w, https:\/\/agora.xtec.cat\/escsantamaria\/wp-content\/uploads\/usu1256\/2020\/04\/IMG_20200415_195429-1-300x300.jpg 300w, https:\/\/agora.xtec.cat\/escsantamaria\/wp-content\/uploads\/usu1256\/2020\/04\/IMG_20200415_195429-1-768x768.jpg 768w, https:\/\/agora.xtec.cat\/escsantamaria\/wp-content\/uploads\/usu1256\/2020\/04\/IMG_20200415_195429-1.jpg 1440w\" sizes=\"auto, (max-width: 541px) 100vw, 541px\" \/><\/a><\/p>\n<p>L&#8217;Ayoub (5\u00e8) avui ha preparat carn a la planxa per a tota la fam\u00edlia! Bon profit Ayoub!<\/p>\n<p><a href=\"https:\/\/agora.xtec.cat\/escsantamaria\/wp-content\/uploads\/usu1256\/2020\/04\/20200415_190603.jpg\"><img loading=\"lazy\" decoding=\"async\" class=\"aligncenter wp-image-12170\" src=\"https:\/\/agora.xtec.cat\/escsantamaria\/wp-content\/uploads\/usu1256\/2020\/04\/20200415_190603-1024x1009.jpg\" alt=\"\" width=\"470\" height=\"463\" srcset=\"https:\/\/agora.xtec.cat\/escsantamaria\/wp-content\/uploads\/usu1256\/2020\/04\/20200415_190603-1024x1009.jpg 1024w, https:\/\/agora.xtec.cat\/escsantamaria\/wp-content\/uploads\/usu1256\/2020\/04\/20200415_190603-300x296.jpg 300w, https:\/\/agora.xtec.cat\/escsantamaria\/wp-content\/uploads\/usu1256\/2020\/04\/20200415_190603-768x757.jpg 768w, https:\/\/agora.xtec.cat\/escsantamaria\/wp-content\/uploads\/usu1256\/2020\/04\/20200415_190603.jpg 1080w\" sizes=\"auto, (max-width: 470px) 100vw, 470px\" \/><\/a><\/p>\n<p>&nbsp;<\/p>\n<p>L&#8217;Helena (5\u00e8) est\u00e0 fent unes receptes bon\u00edssimes! Xurros, espaguetis a la carbonara&#8230; Bon\u00edssim!<\/p>\n<p><a href=\"https:\/\/agora.xtec.cat\/escsantamaria\/wp-content\/uploads\/usu1256\/2020\/04\/IMG_9658.jpg\"><img loading=\"lazy\" decoding=\"async\" class=\"aligncenter wp-image-12189\" src=\"https:\/\/agora.xtec.cat\/escsantamaria\/wp-content\/uploads\/usu1256\/2020\/04\/IMG_9658.jpg\" alt=\"\" width=\"465\" height=\"620\" \/><\/a><\/p>\n<p>&nbsp;<\/p>\n<p><a href=\"https:\/\/agora.xtec.cat\/escsantamaria\/wp-content\/uploads\/usu1256\/2020\/04\/IMG_9665.jpg\"><img loading=\"lazy\" decoding=\"async\" class=\"aligncenter wp-image-12190\" src=\"https:\/\/agora.xtec.cat\/escsantamaria\/wp-content\/uploads\/usu1256\/2020\/04\/IMG_9665.jpg\" alt=\"\" width=\"465\" height=\"620\" \/><\/a><\/p>\n<p>&nbsp;<\/p>\n<p>L&#8217;Iker (3r) ha fet un fant\u00e0stic past\u00eds de xocolata! T\u00e9 molt bona pinta Iker!<\/p>\n<p><a href=\"https:\/\/agora.xtec.cat\/escsantamaria\/wp-content\/uploads\/usu1256\/2020\/04\/Iker.jpg\"><img loading=\"lazy\" decoding=\"async\" class=\"aligncenter wp-image-12311\" src=\"https:\/\/agora.xtec.cat\/escsantamaria\/wp-content\/uploads\/usu1256\/2020\/04\/Iker-608x1024.jpg\" alt=\"\" width=\"461\" height=\"777\" srcset=\"https:\/\/agora.xtec.cat\/escsantamaria\/wp-content\/uploads\/usu1256\/2020\/04\/Iker-608x1024.jpg 608w, https:\/\/agora.xtec.cat\/escsantamaria\/wp-content\/uploads\/usu1256\/2020\/04\/Iker-178x300.jpg 178w, https:\/\/agora.xtec.cat\/escsantamaria\/wp-content\/uploads\/usu1256\/2020\/04\/Iker-768x1294.jpg 768w, https:\/\/agora.xtec.cat\/escsantamaria\/wp-content\/uploads\/usu1256\/2020\/04\/Iker.jpg 1080w\" sizes=\"auto, (max-width: 461px) 100vw, 461px\" \/><\/a><\/p>\n<p>L&#8217;Aatika i la Fatima (2n) s\u00f3n unes gran cuineres! Mireu quina bona pinta!<\/p>\n<p><img loading=\"lazy\" decoding=\"async\" class=\"aligncenter wp-image-12404\" src=\"https:\/\/agora.xtec.cat\/escsantamaria\/wp-content\/uploads\/usu1256\/2020\/04\/atika-1024x1024.jpg\" alt=\"\" width=\"624\" height=\"624\" srcset=\"https:\/\/agora.xtec.cat\/escsantamaria\/wp-content\/uploads\/usu1256\/2020\/04\/atika-1024x1024.jpg 1024w, https:\/\/agora.xtec.cat\/escsantamaria\/wp-content\/uploads\/usu1256\/2020\/04\/atika-150x150.jpg 150w, https:\/\/agora.xtec.cat\/escsantamaria\/wp-content\/uploads\/usu1256\/2020\/04\/atika-300x300.jpg 300w, https:\/\/agora.xtec.cat\/escsantamaria\/wp-content\/uploads\/usu1256\/2020\/04\/atika-768x768.jpg 768w, https:\/\/agora.xtec.cat\/escsantamaria\/wp-content\/uploads\/usu1256\/2020\/04\/atika.jpg 1600w\" sizes=\"auto, (max-width: 624px) 100vw, 624px\" \/><\/p>\n<p>Molts dels nostres alumnes estan aprofitant aquests dies per cuinar. Com la Mar (4t), mireu que b\u00e9 ho fa!<\/p>\n<p><img loading=\"lazy\" decoding=\"async\" class=\"aligncenter wp-image-12446\" src=\"https:\/\/agora.xtec.cat\/escsantamaria\/wp-content\/uploads\/usu1256\/2020\/05\/Mar-cuina-min-766x1024.jpg\" alt=\"\" width=\"470\" height=\"629\" srcset=\"https:\/\/agora.xtec.cat\/escsantamaria\/wp-content\/uploads\/usu1256\/2020\/05\/Mar-cuina-min-766x1024.jpg 766w, https:\/\/agora.xtec.cat\/escsantamaria\/wp-content\/uploads\/usu1256\/2020\/05\/Mar-cuina-min-224x300.jpg 224w, https:\/\/agora.xtec.cat\/escsantamaria\/wp-content\/uploads\/usu1256\/2020\/05\/Mar-cuina-min-768x1027.jpg 768w\" sizes=\"auto, (max-width: 470px) 100vw, 470px\" \/><\/p>\n<p>&nbsp;<\/p>\n","protected":false},"excerpt":{"rendered":"<p>Estrenem nou apartat de receptes! Us deixem les que ens han enviat els alumnes de 1r:<br \/>\n<a href=\"https:\/\/agora.xtec.cat\/escsantamaria\/wp-content\/uploads\/usu1256\/2020\/03\/VLAD-LUCA.png\"><\/a><br \/>\n<a href=\"https:\/\/agora.xtec.cat\/escsantamaria\/wp-content\/uploads\/usu1256\/2020\/03\/MARCELA1-min.png\"><\/a><br \/>\n<a href=\"https:\/\/agora.xtec.cat\/escsantamaria\/wp-content\/uploads\/usu1256\/2020\/03\/LAILA-min.png\"><\/a><br \/>\n<a href=\"https:\/\/agora.xtec.cat\/escsantamaria\/wp-content\/uploads\/usu1256\/2020\/03\/raiden1-min.png\"><\/a><br \/>\n<a href=\"https:\/\/agora.xtec.cat\/escsantamaria\/wp-content\/uploads\/usu1256\/2020\/03\/ARNAU.jpg\"><\/a><br \/>\n<a href=\"https:\/\/agora.xtec.cat\/escsantamaria\/wp-content\/uploads\/usu1256\/2020\/03\/GERARD.png\"><\/a><br \/>\n<a href=\"https:\/\/agora.xtec.cat\/escsantamaria\/wp-content\/uploads\/usu1256\/2020\/03\/SAIDA.jpg\"><\/a><br \/>\n<a href=\"https:\/\/agora.xtec.cat\/escsantamaria\/wp-content\/uploads\/usu1256\/2020\/03\/VIRGILIO.jpg\"><\/a><br \/>\n<a href=\"https:\/\/agora.xtec.cat\/escsantamaria\/wp-content\/uploads\/usu1256\/2020\/03\/IV-min.png\"><\/a><br \/>\n<a href=\"https:\/\/agora.xtec.cat\/escsantamaria\/wp-content\/uploads\/usu1256\/2020\/04\/NAYARA-min.png\"><\/a><br \/>\n&nbsp;<br \/>\nDANIELA 1r<br \/>\n<a href=\"https:\/\/agora.xtec.cat\/escsantamaria\/wp-content\/uploads\/usu1256\/2020\/04\/daniela.jpg\"><\/a><br \/>\n&nbsp;<br \/>\nDUMITRU 1r<br \/>\n<a href=\"https:\/\/agora.xtec.cat\/escsantamaria\/wp-content\/uploads\/usu1256\/2020\/04\/dumitru.png\"><\/a><br \/>\n&nbsp;<br \/>\nJOAO 1r<br \/>\n<a href=\"https:\/\/agora.xtec.cat\/escsantamaria\/wp-content\/uploads\/usu1256\/2020\/04\/Joao-min.jpg\"><\/a><br \/>\nMANNAN 1r<br \/>\n&nbsp;<br \/>\n<a href=\"https:\/\/agora.xtec.cat\/escsantamaria\/wp-content\/uploads\/usu1256\/2020\/04\/mannan.jpg\"><\/a><br \/>\n&nbsp;<br \/>\nMONICA 1r<br \/>\n<a href=\"https:\/\/agora.xtec.cat\/escsantamaria\/wp-content\/uploads\/usu1256\/2020\/04\/monicarecepta.png\"><\/a><br \/>\n&nbsp;<\/p>\n<p><a href=\"https:\/\/agora.xtec.cat\/escsantamaria\/wp-content\/uploads\/usu1256\/2020\/04\/sara.png\">SARA1r<\/a><\/p>\n<p>VEACESLAV 1r<br \/>\n<a href=\"https:\/\/agora.xtec.cat\/escsantamaria\/wp-content\/uploads\/usu1256\/2020\/04\/veaceslav.png\"><\/a><br \/>\n&nbsp;<br \/>\nL&#8217;Iker i el Biel han aprofitat aquests&hellip;  <a href=\"https:\/\/agora.xtec.cat\/escsantamaria\/activitats-joemquedoacasa\/receptes\/\" title=\"Read Receptes\">Llegeix m\u00e9s\u00bb<\/a><\/p>\n","protected":false},"author":3,"featured_media":0,"parent":11724,"menu_order":11,"comment_status":"closed","ping_status":"closed","template":"page-templates\/side-menu.php","meta":{"_bbp_topic_count":0,"_bbp_reply_count":0,"_bbp_total_topic_count":0,"_bbp_total_reply_count":0,"_bbp_voice_count":0,"_bbp_anonymous_reply_count":0,"_bbp_topic_count_hidden":0,"_bbp_reply_count_hidden":0,"_bbp_forum_subforum_count":0,"footnotes":""},"class_list":["post-11935","page","type-page","status-publish","hentry"],"post_mailing_queue_ids":[],"_links":{"self":[{"href":"https:\/\/agora.xtec.cat\/escsantamaria\/wp-json\/wp\/v2\/pages\/11935","targetHints":{"allow":["GET"]}}],"collection":[{"href":"https:\/\/agora.xtec.cat\/escsantamaria\/wp-json\/wp\/v2\/pages"}],"about":[{"href":"https:\/\/agora.xtec.cat\/escsantamaria\/wp-json\/wp\/v2\/types\/page"}],"author":[{"embeddable":true,"href":"https:\/\/agora.xtec.cat\/escsantamaria\/wp-json\/wp\/v2\/users\/3"}],"replies":[{"embeddable":true,"href":"https:\/\/agora.xtec.cat\/escsantamaria\/wp-json\/wp\/v2\/comments?post=11935"}],"version-history":[{"count":4,"href":"https:\/\/agora.xtec.cat\/escsantamaria\/wp-json\/wp\/v2\/pages\/11935\/revisions"}],"predecessor-version":[{"id":12447,"href":"https:\/\/agora.xtec.cat\/escsantamaria\/wp-json\/wp\/v2\/pages\/11935\/revisions\/12447"}],"up":[{"embeddable":true,"href":"https:\/\/agora.xtec.cat\/escsantamaria\/wp-json\/wp\/v2\/pages\/11724"}],"wp:attachment":[{"href":"https:\/\/agora.xtec.cat\/escsantamaria\/wp-json\/wp\/v2\/media?parent=11935"}],"curies":[{"name":"wp","href":"https:\/\/api.w.org\/{rel}","templated":true}]}}