{"id":22,"date":"2014-09-18T12:19:57","date_gmt":"2014-09-18T11:19:57","guid":{"rendered":"http:\/\/agora.xtec.cat\/escsantacolomager\/?page_id=22"},"modified":"2015-11-30T16:32:25","modified_gmt":"2015-11-30T15:32:25","slug":"lescola","status":"publish","type":"page","link":"https:\/\/agora.xtec.cat\/escsantacolomager\/lescola\/","title":{"rendered":"L&#8217;escola"},"content":{"rendered":"<p style=\"text-align: center;\"><img loading=\"lazy\" decoding=\"async\" class=\"alignnone\" src=\"https:\/\/lh3.googleusercontent.com\/-oF9-44EJO4c\/Vff4zc7SPhI\/AAAAAAAACVI\/QU415dklZSg\/s800-Ic42\/20150914_085749.jpg\" alt=\"\" width=\"498\" height=\"280\" \/><\/p>\n<p style=\"text-align: center;\">Benvingudes i benvinguts a la nostra escola!<\/p>\n<p style=\"text-align: justify;\">Aqu\u00ed trobareu tota la informaci\u00f3 sobre el nostre centre escolar: on som, la nostra hist\u00f2ria, les instal\u00b7lacions, calendari, etc&#8230;<\/p>\n<p style=\"text-align: justify;\">Esperem que tota la informaci\u00f3 que trobeu aqu\u00ed us faci servei.<\/p>\n<p style=\"text-align: justify;\">Escola Santa Coloma<\/p>\n<p style=\"text-align: justify;\">\n","protected":false},"excerpt":{"rendered":"<p>Benvingudes i benvinguts a la nostra escola!<br \/>\nAqu\u00ed trobareu tota la informaci\u00f3 sobre el nostre centre escolar: on som, la nostra hist\u00f2ria, les instal\u00b7lacions, calendari, etc&#8230;<br \/>\nEsperem que tota la informaci\u00f3 que trobeu aqu\u00ed us faci servei.<br \/>\nEscola Santa Coloma<\/p>\n","protected":false},"author":1,"featured_media":0,"parent":0,"menu_order":0,"comment_status":"closed","ping_status":"closed","template":"page-templates\/side-menu.php","meta":{"_bbp_topic_count":0,"_bbp_reply_count":0,"_bbp_total_topic_count":0,"_bbp_total_reply_count":0,"_bbp_voice_count":0,"_bbp_anonymous_reply_count":0,"_bbp_topic_count_hidden":0,"_bbp_reply_count_hidden":0,"_bbp_forum_subforum_count":0,"footnotes":""},"class_list":["post-22","page","type-page","status-publish","hentry"],"post_mailing_queue_ids":[],"_links":{"self":[{"href":"https:\/\/agora.xtec.cat\/escsantacolomager\/wp-json\/wp\/v2\/pages\/22","targetHints":{"allow":["GET"]}}],"collection":[{"href":"https:\/\/agora.xtec.cat\/escsantacolomager\/wp-json\/wp\/v2\/pages"}],"about":[{"href":"https:\/\/agora.xtec.cat\/escsantacolomager\/wp-json\/wp\/v2\/types\/page"}],"author":[{"embeddable":true,"href":"https:\/\/agora.xtec.cat\/escsantacolomager\/wp-json\/wp\/v2\/users\/1"}],"replies":[{"embeddable":true,"href":"https:\/\/agora.xtec.cat\/escsantacolomager\/wp-json\/wp\/v2\/comments?post=22"}],"version-history":[{"count":3,"href":"https:\/\/agora.xtec.cat\/escsantacolomager\/wp-json\/wp\/v2\/pages\/22\/revisions"}],"predecessor-version":[{"id":183,"href":"https:\/\/agora.xtec.cat\/escsantacolomager\/wp-json\/wp\/v2\/pages\/22\/revisions\/183"}],"wp:attachment":[{"href":"https:\/\/agora.xtec.cat\/escsantacolomager\/wp-json\/wp\/v2\/media?parent=22"}],"curies":[{"name":"wp","href":"https:\/\/api.w.org\/{rel}","templated":true}]}}