{"id":77,"date":"2014-09-18T14:05:08","date_gmt":"2014-09-18T13:05:08","guid":{"rendered":"http:\/\/agora.xtec.cat\/escsantaceciliabolvir\/?page_id=77"},"modified":"2025-09-16T22:17:28","modified_gmt":"2025-09-16T20:17:28","slug":"acollida","status":"publish","type":"page","link":"https:\/\/agora.xtec.cat\/escsantaceciliabolvir\/serveis\/acollida\/","title":{"rendered":"Acollida"},"content":{"rendered":"<p>Des de l&#8217;escola Santa Cec\u00edlia, es d\u00f3na el servei de perman\u00e8ncies<\/p>\n<p>El servei de perman\u00e8ncies s&#8217;ofereix des de la Llar d&#8217;infants l&#8217;Oreneta. El preus dels quals s\u00f3n:<\/p>\n<ul>\n<li><strong>Perman\u00e8ncies espor\u00e0diques:\u00a0<\/strong><\/li>\n<\/ul>\n<p>&#8211; Matins (8h &#8211; 9h): 3\u20ac<\/p>\n<p>&#8211; Tarda (17h &#8211; 18h): 3\u20ac<\/p>\n<ul>\n<li><strong>Perman\u00e8ncies mensual:<\/strong><\/li>\n<\/ul>\n<p>&#8211; Matins: 21\u20ac<\/p>\n<p>&#8211; Tardes: 21\u20ac<\/p>\n<p>Recordem que en cas d&#8217;utilitzar el servei espor\u00e0dicament cal abonar la quantitat estipulada en efectiu a la Llar, el mateix dia que es fa \u00fas del servei.<\/p>\n<p>En cas d&#8217;utilitzar el servei de manera m\u00e9s continuada i fer \u00fas de la quota mensual, cal realitzar una inst\u00e0ncia a l&#8217;ajuntament de Bolvir facilitant el compte bancari on es vol que es giri el rebut.<\/p>\n<p>L&#8217;horari del servei \u00e9s de <strong>8h a 9h<\/strong> del mat\u00ed i de <strong>17h a 18h <\/strong>de la tarda, per les fam\u00edlies que ho necessitin.<\/p>\n<p>&nbsp;<\/p>\n","protected":false},"excerpt":{"rendered":"<p>Des de l&#8217;escola Santa Cec\u00edlia, es d\u00f3na el servei de perman\u00e8ncies<br \/>\nEl servei de perman\u00e8ncies s&#8217;ofereix des de la Llar d&#8217;infants l&#8217;Oreneta. El preus dels quals s\u00f3n:<\/p>\n<ul>\n<li>Perman\u00e8ncies espor\u00e0diques:\u00a0<\/li>\n<\/ul>\n<p>&#8211; Matins (8h &#8211; 9h): 3\u20ac<br \/>\n&#8211; Tarda (17h &#8211; 18h): 3\u20ac<\/p>\n<ul>\n<li>Perman\u00e8ncies mensual:<\/li>\n<\/ul>\n<p>&#8211; Matins: 21\u20ac<br \/>\n&#8211; Tardes: 21\u20ac<br \/>\nRecordem que en cas&hellip;  <a href=\"https:\/\/agora.xtec.cat\/escsantaceciliabolvir\/serveis\/acollida\/\" title=\"Read Acollida\">Llegeix m\u00e9s\u00bb<\/a><\/p>\n","protected":false},"author":1,"featured_media":0,"parent":66,"menu_order":20,"comment_status":"closed","ping_status":"closed","template":"page-templates\/side-menu.php","meta":{"_bbp_topic_count":0,"_bbp_reply_count":0,"_bbp_total_topic_count":0,"_bbp_total_reply_count":0,"_bbp_voice_count":0,"_bbp_anonymous_reply_count":0,"_bbp_topic_count_hidden":0,"_bbp_reply_count_hidden":0,"_bbp_forum_subforum_count":0,"footnotes":""},"class_list":["post-77","page","type-page","status-publish","hentry"],"post_mailing_queue_ids":[],"_links":{"self":[{"href":"https:\/\/agora.xtec.cat\/escsantaceciliabolvir\/wp-json\/wp\/v2\/pages\/77","targetHints":{"allow":["GET"]}}],"collection":[{"href":"https:\/\/agora.xtec.cat\/escsantaceciliabolvir\/wp-json\/wp\/v2\/pages"}],"about":[{"href":"https:\/\/agora.xtec.cat\/escsantaceciliabolvir\/wp-json\/wp\/v2\/types\/page"}],"author":[{"embeddable":true,"href":"https:\/\/agora.xtec.cat\/escsantaceciliabolvir\/wp-json\/wp\/v2\/users\/1"}],"replies":[{"embeddable":true,"href":"https:\/\/agora.xtec.cat\/escsantaceciliabolvir\/wp-json\/wp\/v2\/comments?post=77"}],"version-history":[{"count":5,"href":"https:\/\/agora.xtec.cat\/escsantaceciliabolvir\/wp-json\/wp\/v2\/pages\/77\/revisions"}],"predecessor-version":[{"id":2812,"href":"https:\/\/agora.xtec.cat\/escsantaceciliabolvir\/wp-json\/wp\/v2\/pages\/77\/revisions\/2812"}],"up":[{"embeddable":true,"href":"https:\/\/agora.xtec.cat\/escsantaceciliabolvir\/wp-json\/wp\/v2\/pages\/66"}],"wp:attachment":[{"href":"https:\/\/agora.xtec.cat\/escsantaceciliabolvir\/wp-json\/wp\/v2\/media?parent=77"}],"curies":[{"name":"wp","href":"https:\/\/api.w.org\/{rel}","templated":true}]}}