{"id":604,"date":"2017-02-24T10:46:22","date_gmt":"2017-02-24T09:46:22","guid":{"rendered":"http:\/\/agora.xtec.cat\/escsantaceciliabolvir\/?page_id=604"},"modified":"2020-05-13T16:47:46","modified_gmt":"2020-05-13T14:47:46","slug":"la-rostita","status":"publish","type":"page","link":"https:\/\/agora.xtec.cat\/escsantaceciliabolvir\/lescola\/la-rostita\/","title":{"rendered":"La Rostita"},"content":{"rendered":"<p style=\"text-align: justify;\">Us explicarem la tradici\u00f3 de Carnestoltes de l\u2019<strong>escola Santa Cec\u00edlia<\/strong> i la <strong>llar d\u2019infants l\u2019Oreneta de Bolvir<\/strong>. L\u2019escola i la llar celebrem junts algunes festes tradicionals.<\/p>\n<p style=\"text-align: justify;\">Quan arriba el mes de febrer tamb\u00e9 arriba el <strong>REI CARNESTOLTES<\/strong> amb les seves <strong>ORDRES<\/strong>. Cada dia de la setmana ens fa fer una cosa divertida&#8230; Venir amb pijama a l\u2019escola, una altre dia portar un pentinat divertit, un lla\u00e7, un mitj\u00f3 de cada manera&#8230; Cada any \u00e9s diferent!<\/p>\n<p style=\"text-align: justify;\">Cal dir que el REI CARNESTOLTES el tenim a l\u2019entrada del centre cada dia recordant les ORDRES\u00a0BOGES, perqu\u00e8 tothom les compleixi, si algun nen\/a o mestre no les segueix, aquell dia ha de pagar\u00a0una penyora!<\/p>\n<p style=\"text-align: justify;\"><strong>DIJOUS GRAS<\/strong> que tots ens disfressem. Ens preparem i sortim cantant pels carrers del poble per demanar ROSTITA!<\/p>\n<p style=\"text-align: justify;\">Sortim plegats a passejar per Bolvir i <strong>piquem a les porte<\/strong>s de les diferents cases, restaurants, botigues i tamb\u00e9 a l\u2019 Ajuntament. A cada lloc <strong>cantem una can\u00e7\u00f3<\/strong> i si els ha agradat, sabeu qu\u00e8? Ens donen alguna cosa que rebem amb molta il\u00b7lusi\u00f3!<\/p>\n<p style=\"text-align: justify;\">Tots els nens i nenes esperen aquest dia, aix\u00f2 d\u2019anar a trucar a totes les cases, ELS ENCANTA! Aquesta tradici\u00f3 \u00e9s molt antiga, abans ens donaven ous i botifarra, perqu\u00e8 \u00e9s DIJOUS GRAS, i ara rebem m\u00e9s galetes, caramels, llet, bosses de patates fregides, coca, magdalenes, fuets&#8230; De vegades ens trobem que alguna casa ens deixa una <strong>NOTA<\/strong>. Entre tots la llegim i aquests ve\u00efns expliquen que no hi s\u00f3n i que ens ho portaran a l\u2019escola!<\/p>\n<p style=\"text-align: justify;\">El divendres a la tarda amb l&#8217;ajuda de l&#8217;AMPA fem un berenar, on hi estan convidades totes les fam\u00edlies de l&#8217;escola, la llar d&#8217;infants i els veins i ve\u00efnes del poble.<\/p>\n<p style=\"text-align: justify;\">Cal dir que quan s\u2019acaba la ROSTITA, es prepara un <strong>JUDICI<\/strong> acusant al Rei Carnestoltes de fer \u00a0seguir Ordres Boges a tothom. El dimecres de CENDRA, tota l\u2019escola i la llar d\u2019infants, celebren el Judici del Rei Carnestoltes, cada nen t\u00e9 un paper assignat.. Hi ha un jutge, dos advocats, el jurat popular&#8230; Si se\u2019l declara culpable se\u2019l crema, si se\u2019l declara innocent, li donem llibertat perqu\u00e8 pugui marxar i tornar l\u2019any que ve.<\/p>\n<p style=\"text-align: justify;\">L\u2019Any passat es va declarar culpable al Rei Carnestoltes i se\u2019l va cremar!<\/p>\n<p style=\"text-align: justify;\">Aquest any arribar\u00e0 el Rei Carnestoltes, el Rei dels Poca-soltes, i com l\u2019any passat seguirem les seves ordres. El Dijous Gras ens disfressarem, la nostra disfressa ser\u00e0 sorpresa, ja que cadasc\u00fa es pot disfressar del que m\u00e9s li agradi i sortirem a demanar ROSTITA pels carrers de Bolvir i cantant:<\/p>\n<p style=\"text-align: center;\"><strong>&#8220;Som gent petita i no ens agrada cridar,<\/strong><\/p>\n<p style=\"text-align: center;\"><strong>ous i botifarra ens heu de donar!<\/strong><\/p>\n<p style=\"text-align: center;\"><strong>Volem rostita, volem rostita!!<\/strong><\/p>\n<p style=\"text-align: justify;\"><span style=\"color: #000080;\"><strong>Des de l\u2019escola i la Llar d\u2019infants donem les GR\u00c0CIES a tots els ve\u00efns i establiments del poble, per ajudar-nos a mantenir viva aquesta tradici\u00f3 tan arrelada a Bolvir!<\/strong><\/span><\/p>\n<p>&nbsp;<\/p>\n","protected":false},"excerpt":{"rendered":"<p>Us explicarem la tradici\u00f3 de Carnestoltes de l\u2019escola Santa Cec\u00edlia i la llar d\u2019infants l\u2019Oreneta de Bolvir. L\u2019escola i la llar celebrem junts algunes festes tradicionals.<br \/>\nQuan arriba el mes de febrer tamb\u00e9 arriba el REI CARNESTOLTES amb les seves ORDRES. Cada dia de la setmana&hellip;  <a href=\"https:\/\/agora.xtec.cat\/escsantaceciliabolvir\/lescola\/la-rostita\/\" title=\"Read La Rostita\">Llegeix m\u00e9s\u00bb<\/a><\/p>\n","protected":false},"author":1,"featured_media":0,"parent":22,"menu_order":3,"comment_status":"closed","ping_status":"closed","template":"","meta":{"_bbp_topic_count":0,"_bbp_reply_count":0,"_bbp_total_topic_count":0,"_bbp_total_reply_count":0,"_bbp_voice_count":0,"_bbp_anonymous_reply_count":0,"_bbp_topic_count_hidden":0,"_bbp_reply_count_hidden":0,"_bbp_forum_subforum_count":0,"footnotes":""},"class_list":["post-604","page","type-page","status-publish","hentry"],"post_mailing_queue_ids":[],"_links":{"self":[{"href":"https:\/\/agora.xtec.cat\/escsantaceciliabolvir\/wp-json\/wp\/v2\/pages\/604","targetHints":{"allow":["GET"]}}],"collection":[{"href":"https:\/\/agora.xtec.cat\/escsantaceciliabolvir\/wp-json\/wp\/v2\/pages"}],"about":[{"href":"https:\/\/agora.xtec.cat\/escsantaceciliabolvir\/wp-json\/wp\/v2\/types\/page"}],"author":[{"embeddable":true,"href":"https:\/\/agora.xtec.cat\/escsantaceciliabolvir\/wp-json\/wp\/v2\/users\/1"}],"replies":[{"embeddable":true,"href":"https:\/\/agora.xtec.cat\/escsantaceciliabolvir\/wp-json\/wp\/v2\/comments?post=604"}],"version-history":[{"count":3,"href":"https:\/\/agora.xtec.cat\/escsantaceciliabolvir\/wp-json\/wp\/v2\/pages\/604\/revisions"}],"predecessor-version":[{"id":1579,"href":"https:\/\/agora.xtec.cat\/escsantaceciliabolvir\/wp-json\/wp\/v2\/pages\/604\/revisions\/1579"}],"up":[{"embeddable":true,"href":"https:\/\/agora.xtec.cat\/escsantaceciliabolvir\/wp-json\/wp\/v2\/pages\/22"}],"wp:attachment":[{"href":"https:\/\/agora.xtec.cat\/escsantaceciliabolvir\/wp-json\/wp\/v2\/media?parent=604"}],"curies":[{"name":"wp","href":"https:\/\/api.w.org\/{rel}","templated":true}]}}