{"id":738,"date":"2025-02-21T11:10:08","date_gmt":"2025-02-21T10:10:08","guid":{"rendered":"https:\/\/agora.xtec.cat\/escsalvat-scg\/?page_id=738"},"modified":"2025-02-21T11:52:51","modified_gmt":"2025-02-21T10:52:51","slug":"informacio-de-lescola","status":"publish","type":"page","link":"https:\/\/agora.xtec.cat\/escsalvat-scg\/informacio-de-lescola\/","title":{"rendered":"Informaci\u00f3 de l&#8217;escola"},"content":{"rendered":"\n<p>L&#8217;escola Joan Salvat Papasseit est\u00e0 situada a Santa Coloma de Gramenet (Barcelona) i \u00e9s una escola p\u00fablica de doble l\u00ednia situada al barri del Fondo. \u00c9s una escola&nbsp;aconfessional que respecta les diferents maneres de pensar i \u00e9s oberta a tothom. Educa per a la llibertat, la responsabilitat i per l&#8217;adquisici\u00f3 d&#8217;h\u00e0bits i conductes que fan dels seus membres persones socials dignes de la comunitat on viuen.<\/p>\n\n\n\n<p>Treballem exhaustivament la compet\u00e8ncia comunicativa amb l\u2019alumat, \u00e9s per aquesta ra\u00f3 que comptem amb una programaci\u00f3 pr\u00f2pia per desenvolupar l\u2019expressi\u00f3 escrita i l\u2019expressi\u00f3 oral de manera exitosa. D\u2019altra banda, fem un treball intensiu per fomentar el benestar emocional amb l\u2019alumnat i professorat. A part, fem d\u2019altres projectes singulars com s\u00f3n:<\/p>\n\n\n\n<ul class=\"wp-block-list\">\n<li>Treball d\u2019acollida i col\u00b7laboraci\u00f3 amb les fam\u00edlies.<\/li>\n\n\n\n<li>Col\u00b7laboraci\u00f3 amb entitats externes (donaci\u00f3 d\u2019aliments i de roba, resid\u00e8ncia d\u2019avis, donaci\u00f3 de sang\u2026).<\/li>\n\n\n\n<li>Expertesa en avaluaci\u00f3 com a proc\u00e9s d\u2019autoregulaci\u00f3 de l\u2019alumnat i com a part inseparable del proc\u00e9s mateix d\u2019aprendre.<\/li>\n\n\n\n<li>Seguiment exhaustiu de l\u2019evoluci\u00f3 de l&#8217;alumne amb entrevistes personalitzades.<\/li>\n\n\n\n<li>Compartir objectius amb l\u2019alumnat com a element clau de la consci\u00e8ncia de l\u2019aprenentatge.\u00a0<\/li>\n\n\n\n<li>Treball per projectes.\u00a0<\/li>\n\n\n\n<li>Treball cooperatiu.\u00a0<\/li>\n\n\n\n<li>Formaci\u00f3 de la Xarxa de Compet\u00e8ncies del Departament d\u2019Educaci\u00f3 (pr\u00e0ctiques innovadores).<\/li>\n\n\n\n<li>Integrem el joc d\u2019escacs dins les aules (formaci\u00f3 permanent del professorat).<\/li>\n\n\n\n<li>Activitat de piscina a 2n d\u2019Educaci\u00f3 Prim\u00e0ria.<\/li>\n\n\n\n<li>Sortides escolars.<\/li>\n\n\n\n<li>Col\u00f2nies a 4t i 6\u00e8 d\u2019Educaci\u00f3 Prim\u00e0ria.<\/li>\n\n\n\n<li>Participem al Certamen anual de lectura en veu alta.<\/li>\n\n\n\n<li>Som Centre de Pr\u00e0ctiques col\u00b7laborant amb la Facultat d\u2019Educaci\u00f3 en la formaci\u00f3 de futurs mestres.<\/li>\n<\/ul>\n\n\n\n<p>\u00c9s una escola de refer\u00e8ncia d\u2019agrupament d\u2019alumnat amb defici\u00e8ncia auditiva i \u00e9s per aquesta ra\u00f3 que comptem amb professionals de suport d\u2019audici\u00f3 i llenguatge i logopedes del CREDA (Centre de Recursos Educatius per a Deficients Auditius).<\/p>\n\n\n\n<p>Com a serveis complementaris trobem:<\/p>\n\n\n\n<p>Recursos materials:<\/p>\n\n\n\n<ul class=\"wp-block-list\">\n<li>Pista poliesportiva coberta i sorral.<\/li>\n\n\n\n<li>Sal\u00f3 d\u2019actes.<\/li>\n\n\n\n<li>Sala de gimn\u00e0s.<\/li>\n\n\n\n<li>Roc\u00f2drom horitzontal.<\/li>\n\n\n\n<li>Aula de m\u00fasica.\u00a0<\/li>\n\n\n\n<li>Pissarres i pantalles digitals a totes les aules.\u00a0<\/li>\n\n\n\n<li>Biblioteca escolar activa.<\/li>\n\n\n\n<li>Aula d\u2019angl\u00e8s i de ci\u00e8ncies.<\/li>\n\n\n\n<li>Aula d\u2019expressi\u00f3 oral.<\/li>\n\n\n\n<li>Servei de menjador amb cuina pr\u00f2pia.<\/li>\n<\/ul>\n\n\n\n<p>Recursos humans:<\/p>\n\n\n\n<ul class=\"wp-block-list\">\n<li>Un equip compacte de mestres amb experi\u00e8ncia i ganes de portar a terme un projecte com\u00fa.\u00a0<\/li>\n\n\n\n<li>Integradora social.<\/li>\n\n\n\n<li>Mediadors\/es culturals.<\/li>\n\n\n\n<li>Vetlladores.<\/li>\n\n\n\n<li>T\u00e8cnica d&#8217;Educaci\u00f3 Infantil a les aula d\u2019I3.<\/li>\n\n\n\n<li>AFA.\u00a0<\/li>\n<\/ul>\n","protected":false},"excerpt":{"rendered":"<p>L&#8217;escola Joan Salvat Papasseit est\u00e0 situada a Santa Coloma de Gramenet (Barcelona) i \u00e9s una escola p\u00fablica de doble l\u00ednia [&hellip;]<\/p>\n","protected":false},"author":1,"featured_media":0,"parent":0,"menu_order":0,"comment_status":"closed","ping_status":"close","template":"","meta":{"site-sidebar-layout":"default","site-content-layout":"","ast-site-content-layout":"default","site-content-style":"default","site-sidebar-style":"default","ast-global-header-display":"","ast-banner-title-visibility":"","ast-main-header-display":"","ast-hfb-above-header-display":"","ast-hfb-below-header-display":"","ast-hfb-mobile-header-display":"","site-post-title":"","ast-breadcrumbs-content":"","ast-featured-img":"","footer-sml-layout":"","theme-transparent-header-meta":"","adv-header-id-meta":"","stick-header-meta":"","header-above-stick-meta":"","header-main-stick-meta":"","header-below-stick-meta":"","astra-migrate-meta-layouts":"set","ast-page-background-enabled":"default","ast-page-background-meta":{"desktop":{"background-color":"var(--ast-global-color-4)","background-image":"","background-repeat":"repeat","background-position":"center center","background-size":"auto","background-attachment":"scroll","background-type":"","background-media":"","overlay-type":"","overlay-color":"","overlay-opacity":"","overlay-gradient":""},"tablet":{"background-color":"","background-image":"","background-repeat":"repeat","background-position":"center center","background-size":"auto","background-attachment":"scroll","background-type":"","background-media":"","overlay-type":"","overlay-color":"","overlay-opacity":"","overlay-gradient":""},"mobile":{"background-color":"","background-image":"","background-repeat":"repeat","background-position":"center center","background-size":"auto","background-attachment":"scroll","background-type":"","background-media":"","overlay-type":"","overlay-color":"","overlay-opacity":"","overlay-gradient":""}},"ast-content-background-meta":{"desktop":{"background-color":"var(--ast-global-color-5)","background-image":"","background-repeat":"repeat","background-position":"center center","background-size":"auto","background-attachment":"scroll","background-type":"","background-media":"","overlay-type":"","overlay-color":"","overlay-opacity":"","overlay-gradient":""},"tablet":{"background-color":"var(--ast-global-color-5)","background-image":"","background-repeat":"repeat","background-position":"center center","background-size":"auto","background-attachment":"scroll","background-type":"","background-media":"","overlay-type":"","overlay-color":"","overlay-opacity":"","overlay-gradient":""},"mobile":{"background-color":"var(--ast-global-color-5)","background-image":"","background-repeat":"repeat","background-position":"center center","background-size":"auto","background-attachment":"scroll","background-type":"","background-media":"","overlay-type":"","overlay-color":"","overlay-opacity":"","overlay-gradient":""}},"footnotes":""},"class_list":["post-738","page","type-page","status-publish","hentry"],"post_mailing_queue_ids":[],"_links":{"self":[{"href":"https:\/\/agora.xtec.cat\/escsalvat-scg\/wp-json\/wp\/v2\/pages\/738","targetHints":{"allow":["GET"]}}],"collection":[{"href":"https:\/\/agora.xtec.cat\/escsalvat-scg\/wp-json\/wp\/v2\/pages"}],"about":[{"href":"https:\/\/agora.xtec.cat\/escsalvat-scg\/wp-json\/wp\/v2\/types\/page"}],"author":[{"embeddable":true,"href":"https:\/\/agora.xtec.cat\/escsalvat-scg\/wp-json\/wp\/v2\/users\/1"}],"replies":[{"embeddable":true,"href":"https:\/\/agora.xtec.cat\/escsalvat-scg\/wp-json\/wp\/v2\/comments?post=738"}],"version-history":[{"count":1,"href":"https:\/\/agora.xtec.cat\/escsalvat-scg\/wp-json\/wp\/v2\/pages\/738\/revisions"}],"predecessor-version":[{"id":739,"href":"https:\/\/agora.xtec.cat\/escsalvat-scg\/wp-json\/wp\/v2\/pages\/738\/revisions\/739"}],"wp:attachment":[{"href":"https:\/\/agora.xtec.cat\/escsalvat-scg\/wp-json\/wp\/v2\/media?parent=738"}],"curies":[{"name":"wp","href":"https:\/\/api.w.org\/{rel}","templated":true}]}}

Informació de l&#8217;escola

<p>L&#8217;escola Joan Salvat Papasseit està situada a Santa Coloma de Gramenet (Barcelona) i és una escola pública de doble línia situada al barri del Fondo. És una escola&nbsp;aconfessional que respecta les diferents maneres de pensar i és oberta a tothom. Educa per a la llibertat, la responsabilitat i per l&#8217;adquisició d&#8217;hàbits i conductes que fan dels seus membres persones socials dignes de la comunitat on viuen.</p>



<p>Treballem exhaustivament la competència comunicativa amb l’alumat, és per aquesta raó que comptem amb una programació pròpia per desenvolupar l’expressió escrita i l’expressió oral de manera exitosa. D’altra banda, fem un treball intensiu per fomentar el benestar emocional amb l’alumnat i professorat. A part, fem d’altres projectes singulars com són:</p>



<ul class="wp-block-list">
<li>Treball d’acollida i col·laboració amb les famílies.</li>



<li>Col·laboració amb entitats externes (donació d’aliments i de roba, residència d’avis, donació de sang…).</li>



<li>Expertesa en avaluació com a procés d’autoregulació de l’alumnat i com a part inseparable del procés mateix d’aprendre.</li>



<li>Seguiment exhaustiu de l’evolució de l&#8217;alumne amb entrevistes personalitzades.</li>



<li>Compartir objectius amb l’alumnat com a element clau de la consciència de l’aprenentatge. </li>



<li>Treball per projectes. </li>



<li>Treball cooperatiu. </li>



<li>Formació de la Xarxa de Competències del Departament d’Educació (pràctiques innovadores).</li>



<li>Integrem el joc d’escacs dins les aules (formació permanent del professorat).</li>



<li>Activitat de piscina a 2n d’Educació Primària.</li>



<li>Sortides escolars.</li>



<li>Colònies a 4t i 6è d’Educació Primària.</li>



<li>Participem al Certamen anual de lectura en veu alta.</li>



<li>Som Centre de Pràctiques col·laborant amb la Facultat d’Educació en la formació de futurs mestres.</li>
</ul>



<p>És una escola de referència d’agrupament d’alumnat amb deficiència auditiva i és per aquesta raó que comptem amb professionals de suport d’audició i llenguatge i logopedes del CREDA (Centre de Recursos Educatius per a Deficients Auditius).</p>



<p>Com a serveis complementaris trobem:</p>



<p>Recursos materials:</p>



<ul class="wp-block-list">
<li>Pista poliesportiva coberta i sorral.</li>



<li>Saló d’actes.</li>



<li>Sala de gimnàs.</li>



<li>Rocòdrom horitzontal.</li>



<li>Aula de música. </li>



<li>Pissarres i pantalles digitals a totes les aules. </li>



<li>Biblioteca escolar activa.</li>



<li>Aula d’anglès i de ciències.</li>



<li>Aula d’expressió oral.</li>



<li>Servei de menjador amb cuina pròpia.</li>
</ul>



<p>Recursos humans:</p>



<ul class="wp-block-list">
<li>Un equip compacte de mestres amb experiència i ganes de portar a terme un projecte comú. </li>



<li>Integradora social.</li>



<li>Mediadors/es culturals.</li>



<li>Vetlladores.</li>



<li>Tècnica d&#8217;Educació Infantil a les aula d’I3.</li>



<li>AFA. </li>
</ul>

<p>L&#8217;escola Joan Salvat Papasseit està situada a Santa Coloma de Gramenet (Barcelona) i és una escola pública de doble línia [&hellip;]</p>
