{"id":584,"date":"2024-05-08T11:25:15","date_gmt":"2024-05-08T09:25:15","guid":{"rendered":"https:\/\/agora.xtec.cat\/escsalvat-scg\/?page_id=584"},"modified":"2024-05-09T09:36:38","modified_gmt":"2024-05-09T07:36:38","slug":"projecte-amb-oportunitats-dexit-educatiu-a-favor-de-lalumnat","status":"publish","type":"page","link":"https:\/\/agora.xtec.cat\/escsalvat-scg\/projectes\/projecte-amb-oportunitats-dexit-educatiu-a-favor-de-lalumnat\/","title":{"rendered":"Projecte amb Oportunitats d\u2019\u00e8xit Educatiu a Favor de l\u2019Alumnat"},"content":{"rendered":"<section id=\"comp-kkzjfgzp\" class=\"comp-kkzjfgzp CohWsy wixui-column-strip\">\n<div class=\"V5AUxf\" data-testid=\"columns\">\n<div id=\"comp-kkzjfh0q\" class=\"comp-kkzjfh0q YzqVVZ wixui-column-strip__column\">\n<div id=\"bgLayers_comp-kkzjfh0q\" class=\"MW5IWV\" data-hook=\"bgLayers\" data-motion-part=\"BG_LAYER\">\n<div id=\"bgMedia_comp-kkzjfh0q\" class=\"VgO9Yg\" data-motion-part=\"BG_MEDIA\"><\/div>\n<\/div>\n<div class=\"\" data-mesh-id=\"comp-kkzjfh0qinlineContent\" data-testid=\"inline-content\">\n<div data-mesh-id=\"comp-kkzjfh0qinlineContent-gridContainer\" data-testid=\"mesh-container-content\">\n<div id=\"comp-kkzjfh0v1\" class=\"HcOXKn c9GqVL QxJLC3 comp-kkzjfh0v1 wixui-rich-text\" data-testid=\"richTextElement\">\n<p class=\"font_0 wixui-rich-text__text\" style=\"text-align: center;\"><span class=\"wixui-rich-text__text\">PROA+<\/span><\/p>\n<\/div>\n<div id=\"comp-kkzjfh13\" class=\"comp-kkzjfh13 aVng1S wixui-horizontal-line\" data-angle=\"0\" data-angle-style-location=\"style\" data-screen-in-hide=\"done\"><\/div>\n<\/div>\n<\/div>\n<\/div>\n<\/div>\n<\/section>\n<div id=\"comp-kkzjwwjq\" class=\"HcOXKn SxM0TO QxJLC3 comp-kkzjwwjq wixui-rich-text\" data-testid=\"richTextElement\" data-angle=\"0\" data-angle-style-location=\"style\" data-screen-in-hide=\"done\">\n<p class=\"font_8 wixui-rich-text__text\"><span class=\"wixui-rich-text__text\">ACOMPANYEM ELS INFANTS!<\/span><\/p>\n<p class=\"font_8 wixui-rich-text__text\"><span class=\"wixui-rich-text__text\">La nostra escola aquest curs forma part del projecte POEFA (Projecte amb Oportunitats d\u2019\u00e8xit Educatiu a Favor de l\u2019Alumnat) ; programa finan\u00e7at\u00a0 pel Ministeri d\u2019Educaci\u00f3\u00a0 i Formaci\u00f3 Professional\u00a0 essent\u00a0 cofinan\u00e7at\u00a0 pel Fons Social Europeu (FSE).\u00a0<\/span><\/p>\n<p class=\"font_8 wixui-rich-text__text\"><span class=\"wixui-rich-text__text\">Aquest projecte t\u00e9 globalment\u00a0 entre d\u2019altres fites desenvolupar:\u00a0<\/span><\/p>\n<ul class=\"font_8 wixui-rich-text__text\">\n<li class=\"wixui-rich-text__text\">\n<p class=\"font_8 wixui-rich-text__text\"><span class=\"wixui-rich-text__text\">L\u2019aprenentatge competencial<\/span><\/p>\n<\/li>\n<li class=\"wixui-rich-text__text\">\n<p class=\"font_8 wixui-rich-text__text\"><span class=\"wixui-rich-text__text\">Oferir ajuts a la cohesi\u00f3 social<\/span><\/p>\n<\/li>\n<li class=\"wixui-rich-text__text\">\n<p class=\"font_8 wixui-rich-text__text\"><span class=\"wixui-rich-text__text\">Orientar i donar suport al docent<\/span><\/p>\n<\/li>\n<li class=\"wixui-rich-text__text\">\n<p class=\"font_8 wixui-rich-text__text\"><span class=\"wixui-rich-text__text\">Promoure l\u2019autonomia de centre<\/span><\/p>\n<\/li>\n<\/ul>\n<p class=\"font_8 wixui-rich-text__text\"><span class=\"wixui-rich-text__text\">amb el prop\u00f2sit d\u2019oferir a infants i joves l\u2019acc\u00e9s a una educaci\u00f3 de qualitat, refor\u00e7ant les compet\u00e8ncies b\u00e0siques per tal d\u2019afavorir l\u2019\u00e8xit educatiu, la inclusi\u00f3 de l\u2019alumnat i promoure la cohesi\u00f3 de tota la comunitat educativa.<\/span><\/p>\n<p class=\"font_8 wixui-rich-text__text\"><span class=\"wixui-rich-text__text\">La voluntat del nostre centre \u00e9s en concret\u00a0 ampliar les compet\u00e8ncies d\u2019autonomia, autoestima, autoconfian\u00e7a, metodologies\u00a0 d\u2019estudi\u00a0 entre d\u2019altres,\u00a0 a part de l\u2019alumnat del cicle superior per a\u00a0 refor\u00e7ar les compet\u00e8ncies intra personals que\u00a0 faciliten\u00a0 la millora educativa per a continuar desenvolupant-les i aplicant-les a l\u2019etapa de l\u2019ESO, \u00e9s a dir,\u00a0 per empoderar\u00a0 i promoure la compet\u00e8ncia d\u2019aprendre al llarg de tota la vida tan necess\u00e0ria en el m\u00f3n canviant en el que actualment vivim.\u00a0<\/span><\/p>\n<\/div>\n","protected":false},"excerpt":{"rendered":"<p>PROA+ ACOMPANYEM ELS INFANTS! La nostra escola aquest curs forma part del projecte POEFA (Projecte amb Oportunitats d\u2019\u00e8xit Educatiu a [&hellip;]<\/p>\n","protected":false},"author":1,"featured_media":0,"parent":571,"menu_order":0,"comment_status":"closed","ping_status":"closed","template":"","meta":{"site-sidebar-layout":"default","site-content-layout":"","ast-site-content-layout":"","site-content-style":"default","site-sidebar-style":"default","ast-global-header-display":"","ast-banner-title-visibility":"","ast-main-header-display":"","ast-hfb-above-header-display":"","ast-hfb-below-header-display":"","ast-hfb-mobile-header-display":"","site-post-title":"","ast-breadcrumbs-content":"","ast-featured-img":"","footer-sml-layout":"","theme-transparent-header-meta":"","adv-header-id-meta":"","stick-header-meta":"","header-above-stick-meta":"","header-main-stick-meta":"","header-below-stick-meta":"","astra-migrate-meta-layouts":"default","ast-page-background-enabled":"default","ast-page-background-meta":{"desktop":{"background-color":"var(--ast-global-color-4)","background-image":"","background-repeat":"repeat","background-position":"center center","background-size":"auto","background-attachment":"scroll","background-type":"","background-media":"","overlay-type":"","overlay-color":"","overlay-opacity":"","overlay-gradient":""},"tablet":{"background-color":"","background-image":"","background-repeat":"repeat","background-position":"center center","background-size":"auto","background-attachment":"scroll","background-type":"","background-media":"","overlay-type":"","overlay-color":"","overlay-opacity":"","overlay-gradient":""},"mobile":{"background-color":"","background-image":"","background-repeat":"repeat","background-position":"center center","background-size":"auto","background-attachment":"scroll","background-type":"","background-media":"","overlay-type":"","overlay-color":"","overlay-opacity":"","overlay-gradient":""}},"ast-content-background-meta":{"desktop":{"background-color":"var(--ast-global-color-5)","background-image":"","background-repeat":"repeat","background-position":"center center","background-size":"auto","background-attachment":"scroll","background-type":"","background-media":"","overlay-type":"","overlay-color":"","overlay-opacity":"","overlay-gradient":""},"tablet":{"background-color":"var(--ast-global-color-5)","background-image":"","background-repeat":"repeat","background-position":"center center","background-size":"auto","background-attachment":"scroll","background-type":"","background-media":"","overlay-type":"","overlay-color":"","overlay-opacity":"","overlay-gradient":""},"mobile":{"background-color":"var(--ast-global-color-5)","background-image":"","background-repeat":"repeat","background-position":"center center","background-size":"auto","background-attachment":"scroll","background-type":"","background-media":"","overlay-type":"","overlay-color":"","overlay-opacity":"","overlay-gradient":""}},"footnotes":""},"class_list":["post-584","page","type-page","status-publish","hentry"],"post_mailing_queue_ids":[],"_links":{"self":[{"href":"https:\/\/agora.xtec.cat\/escsalvat-scg\/wp-json\/wp\/v2\/pages\/584","targetHints":{"allow":["GET"]}}],"collection":[{"href":"https:\/\/agora.xtec.cat\/escsalvat-scg\/wp-json\/wp\/v2\/pages"}],"about":[{"href":"https:\/\/agora.xtec.cat\/escsalvat-scg\/wp-json\/wp\/v2\/types\/page"}],"author":[{"embeddable":true,"href":"https:\/\/agora.xtec.cat\/escsalvat-scg\/wp-json\/wp\/v2\/users\/1"}],"replies":[{"embeddable":true,"href":"https:\/\/agora.xtec.cat\/escsalvat-scg\/wp-json\/wp\/v2\/comments?post=584"}],"version-history":[{"count":2,"href":"https:\/\/agora.xtec.cat\/escsalvat-scg\/wp-json\/wp\/v2\/pages\/584\/revisions"}],"predecessor-version":[{"id":611,"href":"https:\/\/agora.xtec.cat\/escsalvat-scg\/wp-json\/wp\/v2\/pages\/584\/revisions\/611"}],"up":[{"embeddable":true,"href":"https:\/\/agora.xtec.cat\/escsalvat-scg\/wp-json\/wp\/v2\/pages\/571"}],"wp:attachment":[{"href":"https:\/\/agora.xtec.cat\/escsalvat-scg\/wp-json\/wp\/v2\/media?parent=584"}],"curies":[{"name":"wp","href":"https:\/\/api.w.org\/{rel}","templated":true}]}}

Projecte amb Oportunitats d’èxit Educatiu a Favor de l’Alumnat

<section id="comp-kkzjfgzp" class="comp-kkzjfgzp CohWsy wixui-column-strip">
<div class="V5AUxf" data-testid="columns">
<div id="comp-kkzjfh0q" class="comp-kkzjfh0q YzqVVZ wixui-column-strip__column">
<div id="bgLayers_comp-kkzjfh0q" class="MW5IWV" data-hook="bgLayers" data-motion-part="BG_LAYER">
<div id="bgMedia_comp-kkzjfh0q" class="VgO9Yg" data-motion-part="BG_MEDIA"></div>
</div>
<div class="" data-mesh-id="comp-kkzjfh0qinlineContent" data-testid="inline-content">
<div data-mesh-id="comp-kkzjfh0qinlineContent-gridContainer" data-testid="mesh-container-content">
<div id="comp-kkzjfh0v1" class="HcOXKn c9GqVL QxJLC3 comp-kkzjfh0v1 wixui-rich-text" data-testid="richTextElement">
<p class="font_0 wixui-rich-text__text" style="text-align: center;"><span class="wixui-rich-text__text">PROA+</span></p>
</div>
<div id="comp-kkzjfh13" class="comp-kkzjfh13 aVng1S wixui-horizontal-line" data-angle="0" data-angle-style-location="style" data-screen-in-hide="done"></div>
</div>
</div>
</div>
</div>
</section>
<div id="comp-kkzjwwjq" class="HcOXKn SxM0TO QxJLC3 comp-kkzjwwjq wixui-rich-text" data-testid="richTextElement" data-angle="0" data-angle-style-location="style" data-screen-in-hide="done">
<p class="font_8 wixui-rich-text__text"><span class="wixui-rich-text__text">ACOMPANYEM ELS INFANTS!</span></p>
<p class="font_8 wixui-rich-text__text"><span class="wixui-rich-text__text">La nostra escola aquest curs forma part del projecte POEFA (Projecte amb Oportunitats d’èxit Educatiu a Favor de l’Alumnat) ; programa finançat  pel Ministeri d’Educació  i Formació Professional  essent  cofinançat  pel Fons Social Europeu (FSE). </span></p>
<p class="font_8 wixui-rich-text__text"><span class="wixui-rich-text__text">Aquest projecte té globalment  entre d’altres fites desenvolupar: </span></p>
<ul class="font_8 wixui-rich-text__text">
<li class="wixui-rich-text__text">
<p class="font_8 wixui-rich-text__text"><span class="wixui-rich-text__text">L’aprenentatge competencial</span></p>
</li>
<li class="wixui-rich-text__text">
<p class="font_8 wixui-rich-text__text"><span class="wixui-rich-text__text">Oferir ajuts a la cohesió social</span></p>
</li>
<li class="wixui-rich-text__text">
<p class="font_8 wixui-rich-text__text"><span class="wixui-rich-text__text">Orientar i donar suport al docent</span></p>
</li>
<li class="wixui-rich-text__text">
<p class="font_8 wixui-rich-text__text"><span class="wixui-rich-text__text">Promoure l’autonomia de centre</span></p>
</li>
</ul>
<p class="font_8 wixui-rich-text__text"><span class="wixui-rich-text__text">amb el propòsit d’oferir a infants i joves l’accés a una educació de qualitat, reforçant les competències bàsiques per tal d’afavorir l’èxit educatiu, la inclusió de l’alumnat i promoure la cohesió de tota la comunitat educativa.</span></p>
<p class="font_8 wixui-rich-text__text"><span class="wixui-rich-text__text">La voluntat del nostre centre és en concret  ampliar les competències d’autonomia, autoestima, autoconfiança, metodologies  d’estudi  entre d’altres,  a part de l’alumnat del cicle superior per a  reforçar les competències intra personals que  faciliten  la millora educativa per a continuar desenvolupant-les i aplicant-les a l’etapa de l’ESO, és a dir,  per empoderar  i promoure la competència d’aprendre al llarg de tota la vida tan necessària en el món canviant en el que actualment vivim. </span></p>
</div>

<p>PROA+ ACOMPANYEM ELS INFANTS! La nostra escola aquest curs forma part del projecte POEFA (Projecte amb Oportunitats d’èxit Educatiu a [&hellip;]</p>
